{"id":8946,"date":"2018-09-17T09:32:34","date_gmt":"2018-09-17T09:32:34","guid":{"rendered":"http:\/\/www.muntdemots.org\/2018\/?page_id=8946"},"modified":"2018-09-19T09:26:23","modified_gmt":"2018-09-19T09:26:23","slug":"xerrades-taller","status":"publish","type":"page","link":"https:\/\/www.muntdemots.org\/2018\/xerrades-taller\/","title":{"rendered":"Xerrades-Taller"},"content":{"rendered":"<p>&nbsp;<\/p>\n<h2>dimarts 16 d\u2019octubre, 2018<\/h2>\n<ul>\n<li style=\"margin-bottom:10px\"> 18:00 \u2013 19:00 \u2013 <a href=\"http:\/\/www.muntdemots.org\/2018\/events\/paraules-des-del-bressol\/\">Paraules des del bressol<\/a> \u2013 Judith Navarro (Catalunya)        Un espai de trobada amb mares i pares de nadons, en el qual abordar la import\u00e0ncia que els llibres i la literatura oral tenen des del primer dia de vida.                Adults \/ Catal\u00e0        Activitat gratu\u00efta        \u2013 <a href=\"http:\/\/www.muntdemots.org\/2018\/locations\/centre-civic-la-teixonera\/\">Centre C\u00edvic La Teixonera<\/a> <\/li>\n<li style=\"margin-bottom:10px\"> 19:00 \u2013 20:00 \u2013 <a href=\"http:\/\/www.muntdemots.org\/2018\/events\/lhora-del-conte-a-les-biblioteques\/\">L\u2019hora del conte a les biblioteques<\/a> \u2013 <strong>Joan Boher (Catalunya)<\/strong>        L\u00b4Hora del Conte s\u2019ha convertit per m\u00e8rits propis en una de les activitats de dinamitzaci\u00f3 lectora m\u00e9s exitoses de les biblioteques i centres culturals. Quines s\u00f3n les claus d\u2019aquest \u00e8xit? Com podem millorar-ne el funcionament?        \u2013 <a href=\"http:\/\/www.muntdemots.org\/2018\/locations\/biblioteca-vila-de-gracia\/\">Biblioteca Vila de Gr\u00e0cia<\/a> <\/li>\n<\/ul>\n<p>&nbsp;<\/p>\n<h2>dimecres 17 d\u2019octubre, 2018<\/h2>\n<ul>\n<li style=\"margin-bottom:10px\"> 19:00 \u2013 20:00 \u2013 <a href=\"http:\/\/www.muntdemots.org\/2018\/events\/la-memoria-como-fuente-creadora\/\">La memoria como fuente creadora<\/a> \u2013 <strong>Victoria Siedlecki (Argentiga)<\/strong>        La mem\u00f2ria pr\u00f2pia, familiar i col\u00b7lectiva com a material de treball. Parlarem de com convertir els nostres records i viv\u00e8ncies en hist\u00f2ries que mereixin ser explicades i escoltades.        \u2013 <a href=\"http:\/\/www.muntdemots.org\/2018\/locations\/biblioteca-vila-de-gracia\/\">Biblioteca Vila de Gr\u00e0cia<\/a> <\/li>\n<\/ul>\n<p>&nbsp;<\/p>\n<h2>dijous 18 d\u2019octubre, 2018<\/h2>\n<ul>\n<li style=\"margin-bottom:10px\"> 18:00 \u2013 20:00 \u2013 <a href=\"http:\/\/www.muntdemots.org\/2018\/events\/espectacle-conferencia\/\">Espectacle + Confer\u00e8ncia<\/a> \u2013 <strong>Irma Borges (Vene<\/strong><strong>\u00e7<\/strong><strong>uela) <\/strong>        Demostraci\u00f3 pr\u00e0ctica de l\u2019animaci\u00f3 d\u2019objectes en un espectacle infantil de contes i confer\u00e8ncia posterior.                <strong>CONTES TOUS (Espectacle) \u2013 18&nbsp;<\/strong><strong>.<\/strong><strong>00 h<\/strong>        Per als m\u00e9s petits de la casa, contes i paraules que es poden tocar.        <strong>QU\u00c8 ENS EXPLIQUEN ELS OBJECTES? (Confer<\/strong><strong>\u00e8<\/strong><strong>ncia) <\/strong><strong>\u2013 <\/strong><strong>&nbsp;19:00 h<\/strong>        Descobrir el car\u00e0cter l\u00fadic i narratiu dels objectes \u00e9s tan senzill com deixar-se portar pel que ells mateixos narren. Una vegada coneguts podem re-significar-los, animar-los i comen\u00e7ar a explicar-los.        \u2013 <a href=\"http:\/\/www.muntdemots.org\/2018\/locations\/biblioteca-vila-de-gracia\/\">Biblioteca Vila de Gr\u00e0cia<\/a> <\/li>\n<\/ul>\n<p>&nbsp;<\/p>\n<h2>dissabte 20 d\u2019octubre, 2018<\/h2>\n<ul>\n<li style=\"margin-bottom:10px\"> 11:00 \u2013 12:30 \u2013 <a href=\"http:\/\/www.muntdemots.org\/2018\/events\/actividades-ludicas-para-la-construccion-de-ciudadania\/\">Actividades l\u00fadicas  para la construcci\u00f3n de ciudadan\u00eda<\/a> \u2013 <strong>Linsabel Noguera (Vene\u00e7uela)<\/strong>        Taller teoricopr\u00e0ctic per al desenvolupament de compet\u00e8ncies que facin possible, en les activitats amb infants i joves, construir i reconstruir espais per a la conviv\u00e8ncia, generar sentit de pertinen\u00e7a, consci\u00e8ncia de ciutadania i visi\u00f3 de cultura de pau.        \u2013 <a href=\"http:\/\/www.muntdemots.org\/2018\/locations\/biblioteca-vila-de-gracia\/\">Biblioteca Vila de Gr\u00e0cia<\/a> <\/li>\n<\/ul>\n","protected":false},"excerpt":{"rendered":"<p>&nbsp; dimarts 16 d\u2019octubre, 2018 18:00 \u2013 19:00 \u2013 Paraules des del bressol \u2013 Judith Navarro (Catalunya) Un espai de trobada amb mares i pares de nadons, en el qual abordar la import\u00e0ncia que els llibres i la literatura oral tenen des del primer dia de vida. Adults \/ Catal\u00e0 Activitat gratu\u00efta \u2013 Centre C\u00edvic [&hellip;]<\/p>\n","protected":false},"author":1,"featured_media":0,"parent":0,"menu_order":0,"comment_status":"closed","ping_status":"closed","template":"","meta":{"_mi_skip_tracking":false},"_links":{"self":[{"href":"https:\/\/www.muntdemots.org\/2018\/wp-json\/wp\/v2\/pages\/8946"}],"collection":[{"href":"https:\/\/www.muntdemots.org\/2018\/wp-json\/wp\/v2\/pages"}],"about":[{"href":"https:\/\/www.muntdemots.org\/2018\/wp-json\/wp\/v2\/types\/page"}],"author":[{"embeddable":true,"href":"https:\/\/www.muntdemots.org\/2018\/wp-json\/wp\/v2\/users\/1"}],"replies":[{"embeddable":true,"href":"https:\/\/www.muntdemots.org\/2018\/wp-json\/wp\/v2\/comments?post=8946"}],"version-history":[{"count":4,"href":"https:\/\/www.muntdemots.org\/2018\/wp-json\/wp\/v2\/pages\/8946\/revisions"}],"predecessor-version":[{"id":8997,"href":"https:\/\/www.muntdemots.org\/2018\/wp-json\/wp\/v2\/pages\/8946\/revisions\/8997"}],"wp:attachment":[{"href":"https:\/\/www.muntdemots.org\/2018\/wp-json\/wp\/v2\/media?parent=8946"}],"curies":[{"name":"wp","href":"https:\/\/api.w.org\/{rel}","templated":true}]}}

<p>&nbsp;</p>
<h2>dimarts 16 d’octubre, 2018</h2>
<ul>
<li style="margin-bottom:10px"> 18:00 – 19:00 – <a href="http://www.muntdemots.org/2018/events/paraules-des-del-bressol/">Paraules des del bressol</a> – Judith Navarro (Catalunya)        Un espai de trobada amb mares i pares de nadons, en el qual abordar la importància que els llibres i la literatura oral tenen des del primer dia de vida.                Adults / Català        Activitat gratuïta        – <a href="http://www.muntdemots.org/2018/locations/centre-civic-la-teixonera/">Centre Cívic La Teixonera</a> </li>
<li style="margin-bottom:10px"> 19:00 – 20:00 – <a href="http://www.muntdemots.org/2018/events/lhora-del-conte-a-les-biblioteques/">L’hora del conte a les biblioteques</a> – <strong>Joan Boher (Catalunya)</strong>        L´Hora del Conte s’ha convertit per mèrits propis en una de les activitats de dinamització lectora més exitoses de les biblioteques i centres culturals. Quines són les claus d’aquest èxit? Com podem millorar-ne el funcionament?        – <a href="http://www.muntdemots.org/2018/locations/biblioteca-vila-de-gracia/">Biblioteca Vila de Gràcia</a> </li>
</ul>
<p>&nbsp;</p>
<h2>dimecres 17 d’octubre, 2018</h2>
<ul>
<li style="margin-bottom:10px"> 19:00 – 20:00 – <a href="http://www.muntdemots.org/2018/events/la-memoria-como-fuente-creadora/">La memoria como fuente creadora</a> – <strong>Victoria Siedlecki (Argentiga)</strong>        La memòria pròpia, familiar i col·lectiva com a material de treball. Parlarem de com convertir els nostres records i vivències en històries que mereixin ser explicades i escoltades.        – <a href="http://www.muntdemots.org/2018/locations/biblioteca-vila-de-gracia/">Biblioteca Vila de Gràcia</a> </li>
</ul>
<p>&nbsp;</p>
<h2>dijous 18 d’octubre, 2018</h2>
<ul>
<li style="margin-bottom:10px"> 18:00 – 20:00 – <a href="http://www.muntdemots.org/2018/events/espectacle-conferencia/">Espectacle + Conferència</a> – <strong>Irma Borges (Vene</strong><strong>ç</strong><strong>uela) </strong>        Demostració pràctica de l’animació d’objectes en un espectacle infantil de contes i conferència posterior.                <strong>CONTES TOUS (Espectacle) – 18&nbsp;</strong><strong>.</strong><strong>00 h</strong>        Per als més petits de la casa, contes i paraules que es poden tocar.        <strong>QUÈ ENS EXPLIQUEN ELS OBJECTES? (Confer</strong><strong>è</strong><strong>ncia) </strong><strong>– </strong><strong>&nbsp;19:00 h</strong>        Descobrir el caràcter lúdic i narratiu dels objectes és tan senzill com deixar-se portar pel que ells mateixos narren. Una vegada coneguts podem re-significar-los, animar-los i començar a explicar-los.        – <a href="http://www.muntdemots.org/2018/locations/biblioteca-vila-de-gracia/">Biblioteca Vila de Gràcia</a> </li>
</ul>
<p>&nbsp;</p>
<h2>dissabte 20 d’octubre, 2018</h2>
<ul>
<li style="margin-bottom:10px"> 11:00 – 12:30 – <a href="http://www.muntdemots.org/2018/events/actividades-ludicas-para-la-construccion-de-ciudadania/">Actividades lúdicas  para la construcción de ciudadanía</a> – <strong>Linsabel Noguera (Veneçuela)</strong>        Taller teoricopràctic per al desenvolupament de competències que facin possible, en les activitats amb infants i joves, construir i reconstruir espais per a la convivència, generar sentit de pertinença, consciència de ciutadania i visió de cultura de pau.        – <a href="http://www.muntdemots.org/2018/locations/biblioteca-vila-de-gracia/">Biblioteca Vila de Gràcia</a> </li>
</ul>

<p>&nbsp; dimarts 16 d’octubre, 2018 18:00 – 19:00 – Paraules des del bressol – Judith Navarro (Catalunya) Un espai de trobada amb mares i pares de nadons, en el qual abordar la importància que els llibres i la literatura oral tenen des del primer dia de vida. Adults / Català Activitat gratuïta – Centre Cívic [&hellip;]</p>
