{"id":8822,"date":"2018-09-13T10:04:45","date_gmt":"2018-09-13T10:04:45","guid":{"rendered":"http:\/\/www.muntdemots.org\/2018\/?page_id=8822"},"modified":"2018-09-19T07:37:15","modified_gmt":"2018-09-19T07:37:15","slug":"eugenia-manzanera","status":"publish","type":"page","link":"https:\/\/www.muntdemots.org\/2018\/participants\/eugenia-manzanera\/","title":{"rendered":"Eugenia Manzanera"},"content":{"rendered":"<p><img decoding=\"async\" loading=\"lazy\" class=\"alignright size-medium wp-image-8796\" src=\"http:\/\/www.muntdemots.org\/2018\/wp-content\/uploads\/2018\/09\/3-300x300.png\" alt=\"\" width=\"300\" height=\"300\" srcset=\"https:\/\/www.muntdemots.org\/2018\/wp-content\/uploads\/2018\/09\/3-300x300.png 300w, https:\/\/www.muntdemots.org\/2018\/wp-content\/uploads\/2018\/09\/3-150x150.png 150w, https:\/\/www.muntdemots.org\/2018\/wp-content\/uploads\/2018\/09\/3-768x768.png 768w, https:\/\/www.muntdemots.org\/2018\/wp-content\/uploads\/2018\/09\/3.png 800w\" sizes=\"(max-width: 300px) 100vw, 300px\" \/>Va aprendre l\u2019ofici com els d\u2019abans, sobre l\u2019escenari, el mestre Tablosvki \u00e9s el seu mentor. Generosa i energ\u00e8tica sobre l\u2019escena, sent el p\u00fablic com una prenyada sent el seu fill. Respecta i alhora se\u2019n burla, com una bufona sense rei, de la seva condici\u00f3 humana&#8230;<br \/>\nGaudeix del seu ofici com a peix en el cel i au en l\u2019aigua. M\u00e9s que artista, se sent artesana, potser perqu\u00e8 li agrada, a m\u00e9s de trepitjar l\u2019escenari, cosir, dissenyar, enganxar-hi coses, punxar-se amb l\u2019agulla, escriure, redecorar, reinventar-se el m\u00f3n, jugar amb les paraules&#8230;<br \/>\nhttp:\/\/www.eugeniamanzanera.com\/#pg-bio<\/p>\n","protected":false},"excerpt":{"rendered":"<p>Va aprendre l\u2019ofici com els d\u2019abans, sobre l\u2019escenari, el mestre Tablosvki \u00e9s el seu mentor. Generosa i energ\u00e8tica sobre l\u2019escena, sent el p\u00fablic com una prenyada sent el seu fill. Respecta i alhora se\u2019n burla, com una bufona sense rei, de la seva condici\u00f3 humana&#8230; Gaudeix del seu ofici com a peix en el cel [&hellip;]<\/p>\n","protected":false},"author":1,"featured_media":0,"parent":4,"menu_order":0,"comment_status":"closed","ping_status":"closed","template":"","meta":{"_mi_skip_tracking":false},"_links":{"self":[{"href":"https:\/\/www.muntdemots.org\/2018\/wp-json\/wp\/v2\/pages\/8822"}],"collection":[{"href":"https:\/\/www.muntdemots.org\/2018\/wp-json\/wp\/v2\/pages"}],"about":[{"href":"https:\/\/www.muntdemots.org\/2018\/wp-json\/wp\/v2\/types\/page"}],"author":[{"embeddable":true,"href":"https:\/\/www.muntdemots.org\/2018\/wp-json\/wp\/v2\/users\/1"}],"replies":[{"embeddable":true,"href":"https:\/\/www.muntdemots.org\/2018\/wp-json\/wp\/v2\/comments?post=8822"}],"version-history":[{"count":2,"href":"https:\/\/www.muntdemots.org\/2018\/wp-json\/wp\/v2\/pages\/8822\/revisions"}],"predecessor-version":[{"id":8970,"href":"https:\/\/www.muntdemots.org\/2018\/wp-json\/wp\/v2\/pages\/8822\/revisions\/8970"}],"up":[{"embeddable":true,"href":"https:\/\/www.muntdemots.org\/2018\/wp-json\/wp\/v2\/pages\/4"}],"wp:attachment":[{"href":"https:\/\/www.muntdemots.org\/2018\/wp-json\/wp\/v2\/media?parent=8822"}],"curies":[{"name":"wp","href":"https:\/\/api.w.org\/{rel}","templated":true}]}}