{"id":8335,"date":"2016-09-08T14:59:22","date_gmt":"2016-09-08T14:59:22","guid":{"rendered":"http:\/\/www.muntdemots.org\/2016\/?page_id=8335"},"modified":"2016-09-08T14:59:22","modified_gmt":"2016-09-08T14:59:22","slug":"isabela-mendez-venecuela","status":"publish","type":"page","link":"https:\/\/www.muntdemots.org\/2016\/participants\/isabela-mendez-venecuela\/","title":{"rendered":"Isabela M\u00e9ndez (Vene\u00e7uela)"},"content":{"rendered":"<p><img decoding=\"async\" loading=\"lazy\" class=\"alignright size-medium wp-image-8296\" src=\"http:\/\/www.muntdemots.org\/2016\/wp-content\/uploads\/2016\/09\/14-300x251.png\" alt=\"14\" width=\"300\" height=\"251\" srcset=\"https:\/\/www.muntdemots.org\/2016\/wp-content\/uploads\/2016\/09\/14-300x251.png 300w, https:\/\/www.muntdemots.org\/2016\/wp-content\/uploads\/2016\/09\/14-768x644.png 768w, https:\/\/www.muntdemots.org\/2016\/wp-content\/uploads\/2016\/09\/14.png 940w\" sizes=\"(max-width: 300px) 100vw, 300px\" \/>Actriu, cantant, narradora oral i escriptora de s\u00f2lida formaci\u00f3, amb llarga traject\u00f2ria en treatre, cinema i televisi\u00f3. Per la seva versatilitat interpretativa ha estat reconeguda amb importants premis. Ha desenvolupat la seva carrera art\u00edstica entre Vene\u00e7uela, Nova York i Espanya. Viu a Barcelona i porta els seu espectacle de contes arreu del m\u00f3n. <a href=\"http:\/\/www.isabelamendez.com\/\">www.isabelamendez.com<\/a><\/p>\n<p><a href=\"http:\/\/isabelamendez.com\/blog\">http:\/\/isabelamendez.com\/blog<\/a><\/p>\n<p>&nbsp;<\/p>\n<p><strong><u>DIMARTS 18<\/u><\/strong><u><br \/>\n<\/u><strong>POTES <\/strong><br \/>\n<strong>Isabela M\u00e9ndez (Vene\u00e7uela) <\/strong><\/p>\n<p>Hi ha potes que quan avancen, ho fan sense fer soroll. Per\u00f2 el m\u00e9s important: \u00e9s que les potes sempre van enganxades a algun bitxo.<\/p>\n<p><strong>Infantil i familiar \/ Castell\u00e0 <\/strong><br \/>\n<strong>Hora: 17.30 h<\/strong><br \/>\n<strong>CENTRE C\u00cdVIC LA SEDETA <\/strong><br \/>\n<strong>Activitat gratu\u00efta <\/strong><\/p>\n<p><strong>\u00a0<\/strong><\/p>\n<p><strong><u>DIVENCRES 21<\/u><\/strong><u><br \/>\n<\/u><strong>CARIBAY <\/strong><br \/>\n<strong>Isabela M\u00e9ndez (Vene\u00e7uela) <\/strong><\/p>\n<p>Els mites d\u2019origen, la cosmogonia ind\u00edgena a Am\u00e8rica Llatina \u00e9s tan rica com bonica. I s\u00e0via. I divertida. Vine a comprovar-ho&#8230;<\/p>\n<p><strong>Adults \/ Castell\u00e0<\/strong><br \/>\n<strong>Hora: 19.00 h<\/strong><br \/>\n<strong>BIBLIOTECA MONTBAU-ALBERT P\u00c9REZ BAR\u00d3 <\/strong><br \/>\n<strong>Activitat gratu\u00efta <\/strong><\/p>\n","protected":false},"excerpt":{"rendered":"<p>Actriu, cantant, narradora oral i escriptora de s\u00f2lida formaci\u00f3, amb llarga traject\u00f2ria en treatre, cinema i televisi\u00f3. Per la seva versatilitat interpretativa ha estat reconeguda amb importants premis. Ha desenvolupat la seva carrera art\u00edstica entre Vene\u00e7uela, Nova York i Espanya. Viu a Barcelona i porta els seu espectacle de contes arreu del m\u00f3n. www.isabelamendez.com http:\/\/isabelamendez.com\/blog [&hellip;]<\/p>\n","protected":false},"author":1,"featured_media":0,"parent":4,"menu_order":0,"comment_status":"closed","ping_status":"closed","template":"","meta":{"_mi_skip_tracking":false},"yoast_head":"<!-- This site is optimized with the Yoast SEO plugin v20.5 - https:\/\/yoast.com\/wordpress\/plugins\/seo\/ -->\n<title>Isabela M\u00e9ndez (Vene\u00e7uela) - Munt de Mots<\/title>\n<meta name=\"robots\" content=\"index, follow, max-snippet:-1, max-image-preview:large, max-video-preview:-1\" \/>\n<link rel=\"canonical\" href=\"https:\/\/www.muntdemots.org\/2016\/participants\/isabela-mendez-venecuela\/\" \/>\n<meta property=\"og:locale\" content=\"ca_ES\" \/>\n<meta property=\"og:type\" content=\"article\" \/>\n<meta property=\"og:title\" content=\"Isabela M\u00e9ndez (Vene\u00e7uela) - Munt de Mots\" \/>\n<meta property=\"og:description\" content=\"Actriu, cantant, narradora oral i escriptora de s\u00f2lida formaci\u00f3, amb llarga traject\u00f2ria en treatre, cinema i televisi\u00f3. Per la seva versatilitat interpretativa ha estat reconeguda amb importants premis. Ha desenvolupat la seva carrera art\u00edstica entre Vene\u00e7uela, Nova York i Espanya. Viu a Barcelona i porta els seu espectacle de contes arreu del m\u00f3n. www.isabelamendez.com http:\/\/isabelamendez.com\/blog [&hellip;]\" \/>\n<meta property=\"og:url\" content=\"https:\/\/www.muntdemots.org\/2016\/participants\/isabela-mendez-venecuela\/\" \/>\n<meta property=\"og:site_name\" content=\"Munt de Mots\" \/>\n<meta property=\"article:publisher\" content=\"https:\/\/www.facebook.com\/FestivalMuntdeMots\" \/>\n<meta property=\"og:image\" content=\"http:\/\/www.muntdemots.org\/2016\/wp-content\/uploads\/2016\/09\/14-300x251.png\" \/>\n<meta name=\"twitter:card\" content=\"summary_large_image\" \/>\n<meta name=\"twitter:site\" content=\"@muntdemots\" \/>\n<meta name=\"twitter:label1\" content=\"Temps estimat de lectura\" \/>\n\t<meta name=\"twitter:data1\" content=\"1 minut\" \/>\n<script type=\"application\/ld+json\" class=\"yoast-schema-graph\">{\"@context\":\"https:\/\/schema.org\",\"@graph\":[{\"@type\":\"WebPage\",\"@id\":\"https:\/\/www.muntdemots.org\/2016\/participants\/isabela-mendez-venecuela\/\",\"url\":\"https:\/\/www.muntdemots.org\/2016\/participants\/isabela-mendez-venecuela\/\",\"name\":\"Isabela M\u00e9ndez (Vene\u00e7uela) - Munt de Mots\",\"isPartOf\":{\"@id\":\"http:\/\/www.muntdemots.org\/2016\/#website\"},\"datePublished\":\"2016-09-08T14:59:22+00:00\",\"dateModified\":\"2016-09-08T14:59:22+00:00\",\"breadcrumb\":{\"@id\":\"https:\/\/www.muntdemots.org\/2016\/participants\/isabela-mendez-venecuela\/#breadcrumb\"},\"inLanguage\":\"ca\",\"potentialAction\":[{\"@type\":\"ReadAction\",\"target\":[\"https:\/\/www.muntdemots.org\/2016\/participants\/isabela-mendez-venecuela\/\"]}]},{\"@type\":\"BreadcrumbList\",\"@id\":\"https:\/\/www.muntdemots.org\/2016\/participants\/isabela-mendez-venecuela\/#breadcrumb\",\"itemListElement\":[{\"@type\":\"ListItem\",\"position\":1,\"name\":\"Inici\",\"item\":\"http:\/\/www.muntdemots.org\/2016\/\"},{\"@type\":\"ListItem\",\"position\":2,\"name\":\"Participants\",\"item\":\"http:\/\/www.muntdemots.org\/2016\/participants\/\"},{\"@type\":\"ListItem\",\"position\":3,\"name\":\"Isabela M\u00e9ndez (Vene\u00e7uela)\"}]},{\"@type\":\"WebSite\",\"@id\":\"http:\/\/www.muntdemots.org\/2016\/#website\",\"url\":\"http:\/\/www.muntdemots.org\/2016\/\",\"name\":\"Munt de Mots\",\"description\":\"\",\"potentialAction\":[{\"@type\":\"SearchAction\",\"target\":{\"@type\":\"EntryPoint\",\"urlTemplate\":\"http:\/\/www.muntdemots.org\/2016\/?s={search_term_string}\"},\"query-input\":\"required name=search_term_string\"}],\"inLanguage\":\"ca\"}]}<\/script>\n<!-- \/ Yoast SEO plugin. -->","yoast_head_json":{"title":"Isabela M\u00e9ndez (Vene\u00e7uela) - Munt de Mots","robots":{"index":"index","follow":"follow","max-snippet":"max-snippet:-1","max-image-preview":"max-image-preview:large","max-video-preview":"max-video-preview:-1"},"canonical":"https:\/\/www.muntdemots.org\/2016\/participants\/isabela-mendez-venecuela\/","og_locale":"ca_ES","og_type":"article","og_title":"Isabela M\u00e9ndez (Vene\u00e7uela) - Munt de Mots","og_description":"Actriu, cantant, narradora oral i escriptora de s\u00f2lida formaci\u00f3, amb llarga traject\u00f2ria en treatre, cinema i televisi\u00f3. Per la seva versatilitat interpretativa ha estat reconeguda amb importants premis. Ha desenvolupat la seva carrera art\u00edstica entre Vene\u00e7uela, Nova York i Espanya. Viu a Barcelona i porta els seu espectacle de contes arreu del m\u00f3n. www.isabelamendez.com http:\/\/isabelamendez.com\/blog [&hellip;]","og_url":"https:\/\/www.muntdemots.org\/2016\/participants\/isabela-mendez-venecuela\/","og_site_name":"Munt de Mots","article_publisher":"https:\/\/www.facebook.com\/FestivalMuntdeMots","og_image":[{"url":"http:\/\/www.muntdemots.org\/2016\/wp-content\/uploads\/2016\/09\/14-300x251.png"}],"twitter_card":"summary_large_image","twitter_site":"@muntdemots","twitter_misc":{"Temps estimat de lectura":"1 minut"},"schema":{"@context":"https:\/\/schema.org","@graph":[{"@type":"WebPage","@id":"https:\/\/www.muntdemots.org\/2016\/participants\/isabela-mendez-venecuela\/","url":"https:\/\/www.muntdemots.org\/2016\/participants\/isabela-mendez-venecuela\/","name":"Isabela M\u00e9ndez (Vene\u00e7uela) - Munt de Mots","isPartOf":{"@id":"http:\/\/www.muntdemots.org\/2016\/#website"},"datePublished":"2016-09-08T14:59:22+00:00","dateModified":"2016-09-08T14:59:22+00:00","breadcrumb":{"@id":"https:\/\/www.muntdemots.org\/2016\/participants\/isabela-mendez-venecuela\/#breadcrumb"},"inLanguage":"ca","potentialAction":[{"@type":"ReadAction","target":["https:\/\/www.muntdemots.org\/2016\/participants\/isabela-mendez-venecuela\/"]}]},{"@type":"BreadcrumbList","@id":"https:\/\/www.muntdemots.org\/2016\/participants\/isabela-mendez-venecuela\/#breadcrumb","itemListElement":[{"@type":"ListItem","position":1,"name":"Inici","item":"http:\/\/www.muntdemots.org\/2016\/"},{"@type":"ListItem","position":2,"name":"Participants","item":"http:\/\/www.muntdemots.org\/2016\/participants\/"},{"@type":"ListItem","position":3,"name":"Isabela M\u00e9ndez (Vene\u00e7uela)"}]},{"@type":"WebSite","@id":"http:\/\/www.muntdemots.org\/2016\/#website","url":"http:\/\/www.muntdemots.org\/2016\/","name":"Munt de Mots","description":"","potentialAction":[{"@type":"SearchAction","target":{"@type":"EntryPoint","urlTemplate":"http:\/\/www.muntdemots.org\/2016\/?s={search_term_string}"},"query-input":"required name=search_term_string"}],"inLanguage":"ca"}]}},"_links":{"self":[{"href":"https:\/\/www.muntdemots.org\/2016\/wp-json\/wp\/v2\/pages\/8335"}],"collection":[{"href":"https:\/\/www.muntdemots.org\/2016\/wp-json\/wp\/v2\/pages"}],"about":[{"href":"https:\/\/www.muntdemots.org\/2016\/wp-json\/wp\/v2\/types\/page"}],"author":[{"embeddable":true,"href":"https:\/\/www.muntdemots.org\/2016\/wp-json\/wp\/v2\/users\/1"}],"replies":[{"embeddable":true,"href":"https:\/\/www.muntdemots.org\/2016\/wp-json\/wp\/v2\/comments?post=8335"}],"version-history":[{"count":1,"href":"https:\/\/www.muntdemots.org\/2016\/wp-json\/wp\/v2\/pages\/8335\/revisions"}],"predecessor-version":[{"id":8336,"href":"https:\/\/www.muntdemots.org\/2016\/wp-json\/wp\/v2\/pages\/8335\/revisions\/8336"}],"up":[{"embeddable":true,"href":"https:\/\/www.muntdemots.org\/2016\/wp-json\/wp\/v2\/pages\/4"}],"wp:attachment":[{"href":"https:\/\/www.muntdemots.org\/2016\/wp-json\/wp\/v2\/media?parent=8335"}],"curies":[{"name":"wp","href":"https:\/\/api.w.org\/{rel}","templated":true}]}}

Isabela Méndez (Veneçuela)

<p><img decoding="async" loading="lazy" class="alignright size-medium wp-image-8296" src="http://www.muntdemots.org/2016/wp-content/uploads/2016/09/14-300x251.png" alt="14" width="300" height="251" srcset="https://www.muntdemots.org/2016/wp-content/uploads/2016/09/14-300x251.png 300w, https://www.muntdemots.org/2016/wp-content/uploads/2016/09/14-768x644.png 768w, https://www.muntdemots.org/2016/wp-content/uploads/2016/09/14.png 940w" sizes="(max-width: 300px) 100vw, 300px" />Actriu, cantant, narradora oral i escriptora de sòlida formació, amb llarga trajectòria en treatre, cinema i televisió. Per la seva versatilitat interpretativa ha estat reconeguda amb importants premis. Ha desenvolupat la seva carrera artística entre Veneçuela, Nova York i Espanya. Viu a Barcelona i porta els seu espectacle de contes arreu del món. <a href="http://www.isabelamendez.com/">www.isabelamendez.com</a></p>
<p><a href="http://isabelamendez.com/blog">http://isabelamendez.com/blog</a></p>
<p>&nbsp;</p>
<p><strong><u>DIMARTS 18</u></strong><u><br />
</u><strong>POTES </strong><br />
<strong>Isabela Méndez (Veneçuela) </strong></p>
<p>Hi ha potes que quan avancen, ho fan sense fer soroll. Però el més important: és que les potes sempre van enganxades a algun bitxo.</p>
<p><strong>Infantil i familiar / Castellà </strong><br />
<strong>Hora: 17.30 h</strong><br />
<strong>CENTRE CÍVIC LA SEDETA </strong><br />
<strong>Activitat gratuïta </strong></p>
<p><strong> </strong></p>
<p><strong><u>DIVENCRES 21</u></strong><u><br />
</u><strong>CARIBAY </strong><br />
<strong>Isabela Méndez (Veneçuela) </strong></p>
<p>Els mites d’origen, la cosmogonia indígena a Amèrica Llatina és tan rica com bonica. I sàvia. I divertida. Vine a comprovar-ho&#8230;</p>
<p><strong>Adults / Castellà</strong><br />
<strong>Hora: 19.00 h</strong><br />
<strong>BIBLIOTECA MONTBAU-ALBERT PÉREZ BARÓ </strong><br />
<strong>Activitat gratuïta </strong></p>

<p>Actriu, cantant, narradora oral i escriptora de sòlida formació, amb llarga trajectòria en treatre, cinema i televisió. Per la seva versatilitat interpretativa ha estat reconeguda amb importants premis. Ha desenvolupat la seva carrera artística entre Veneçuela, Nova York i Espanya. Viu a Barcelona i porta els seu espectacle de contes arreu del món. www.isabelamendez.com http://isabelamendez.com/blog [&hellip;]</p>

<!-- This site is optimized with the Yoast SEO plugin v20.5 - https://yoast.com/wordpress/plugins/seo/ -->
<title>Isabela Méndez (Veneçuela) - Munt de Mots</title>
<meta name="robots" content="index, follow, max-snippet:-1, max-image-preview:large, max-video-preview:-1" />
<link rel="canonical" href="https://www.muntdemots.org/2016/participants/isabela-mendez-venecuela/" />
<meta property="og:locale" content="ca_ES" />
<meta property="og:type" content="article" />
<meta property="og:title" content="Isabela Méndez (Veneçuela) - Munt de Mots" />
<meta property="og:description" content="Actriu, cantant, narradora oral i escriptora de sòlida formació, amb llarga trajectòria en treatre, cinema i televisió. Per la seva versatilitat interpretativa ha estat reconeguda amb importants premis. Ha desenvolupat la seva carrera artística entre Veneçuela, Nova York i Espanya. Viu a Barcelona i porta els seu espectacle de contes arreu del món. www.isabelamendez.com http://isabelamendez.com/blog [&hellip;]" />
<meta property="og:url" content="https://www.muntdemots.org/2016/participants/isabela-mendez-venecuela/" />
<meta property="og:site_name" content="Munt de Mots" />
<meta property="article:publisher" content="https://www.facebook.com/FestivalMuntdeMots" />
<meta property="og:image" content="http://www.muntdemots.org/2016/wp-content/uploads/2016/09/14-300x251.png" />
<meta name="twitter:card" content="summary_large_image" />
<meta name="twitter:site" content="@muntdemots" />
<meta name="twitter:label1" content="Temps estimat de lectura" />
	<meta name="twitter:data1" content="1 minut" />
<script type="application/ld+json" class="yoast-schema-graph">{"@context":"https://schema.org","@graph":[{"@type":"WebPage","@id":"https://www.muntdemots.org/2016/participants/isabela-mendez-venecuela/","url":"https://www.muntdemots.org/2016/participants/isabela-mendez-venecuela/","name":"Isabela Méndez (Veneçuela) - Munt de Mots","isPartOf":{"@id":"http://www.muntdemots.org/2016/#website"},"datePublished":"2016-09-08T14:59:22+00:00","dateModified":"2016-09-08T14:59:22+00:00","breadcrumb":{"@id":"https://www.muntdemots.org/2016/participants/isabela-mendez-venecuela/#breadcrumb"},"inLanguage":"ca","potentialAction":[{"@type":"ReadAction","target":["https://www.muntdemots.org/2016/participants/isabela-mendez-venecuela/"]}]},{"@type":"BreadcrumbList","@id":"https://www.muntdemots.org/2016/participants/isabela-mendez-venecuela/#breadcrumb","itemListElement":[{"@type":"ListItem","position":1,"name":"Inici","item":"http://www.muntdemots.org/2016/"},{"@type":"ListItem","position":2,"name":"Participants","item":"http://www.muntdemots.org/2016/participants/"},{"@type":"ListItem","position":3,"name":"Isabela Méndez (Veneçuela)"}]},{"@type":"WebSite","@id":"http://www.muntdemots.org/2016/#website","url":"http://www.muntdemots.org/2016/","name":"Munt de Mots","description":"","potentialAction":[{"@type":"SearchAction","target":{"@type":"EntryPoint","urlTemplate":"http://www.muntdemots.org/2016/?s={search_term_string}"},"query-input":"required name=search_term_string"}],"inLanguage":"ca"}]}</script>
<!-- / Yoast SEO plugin. -->

Isabela Méndez (Veneçuela) - Munt de Mots

Actriu, cantant, narradora oral i escriptora de sòlida formació, amb llarga trajectòria en treatre, cinema i televisió. Per la seva versatilitat interpretativa ha estat reconeguda amb importants premis. Ha desenvolupat la seva carrera artística entre Veneçuela, Nova York i Espanya. Viu a Barcelona i porta els seu espectacle de contes arreu del món. www.isabelamendez.com http://isabelamendez.com/blog [&hellip;]
