{"id":7907,"date":"2015-09-15T11:32:44","date_gmt":"2015-09-15T11:32:44","guid":{"rendered":"http:\/\/www.muntdemots.org\/2015\/?page_id=7907"},"modified":"2015-09-21T09:45:42","modified_gmt":"2015-09-21T09:45:42","slug":"pablo-albo-alacant","status":"publish","type":"page","link":"https:\/\/www.muntdemots.org\/2015\/participants\/pablo-albo-alacant\/","title":{"rendered":"Pablo Albo (Alacant)"},"content":{"rendered":"<p><a href=\"http:\/\/www.muntdemots.org\/2015\/wp-content\/uploads\/2015\/09\/fotopablo11G.jpg\"><img decoding=\"async\" loading=\"lazy\" class=\"size-medium wp-image-7909 alignright\" src=\"http:\/\/www.muntdemots.org\/2015\/wp-content\/uploads\/2015\/09\/fotopablo11G-300x200.jpg\" alt=\"FOTOS: MARCOS DE RADA CREADA EL 31\/05\/08 BIBLIOTECA INSULAR DE GRAN CANARIA, CONSEJERIA DE CULTURA DEL CABILDO DE GRAN CUENTA CUENTOS EN EL CICCA, PABLO ALBO I MUESTRA DE NARRACION ORAL.\" width=\"300\" height=\"200\" srcset=\"https:\/\/www.muntdemots.org\/2015\/wp-content\/uploads\/2015\/09\/fotopablo11G-300x200.jpg 300w, https:\/\/www.muntdemots.org\/2015\/wp-content\/uploads\/2015\/09\/fotopablo11G-1024x683.jpg 1024w, https:\/\/www.muntdemots.org\/2015\/wp-content\/uploads\/2015\/09\/fotopablo11G-420x280.jpg 420w\" sizes=\"(max-width: 300px) 100vw, 300px\" \/><\/a><\/p>\n<p>\u00c9s contista de professi\u00f3. Ha participat en quasi tots els festivals de narraci\u00f3 oral i ha explicat contes en aquest pa\u00eds i en alguns altres, com ara Cuba, Su\u00efssa, It\u00e0lia, Gr\u00e8cia, Austr\u00e0lia, Brasil, M\u00e8xic, Vene\u00e7uela, B\u00e8lgica i Fran\u00e7a. Ha publicat trenta-sis llibres infantils i ha participat en llibres de contes per a adults. Ha estat tradu\u00eft a diverses lleng\u00fces i guardonat en m\u00e9s d\u2019una ocasi\u00f3. Alguns dels seus llibres han format part de la llista dels 250 millors del m\u00f3n que selecciona cada any la Biblioteca Internacional de la Joventut, amb seu a Munic.<\/p>\n<p>&nbsp;<\/p>\n<hr \/>\n<p><strong>CUENTOS DE MIEDO QUE DAN RISA <\/strong><\/p>\n<p>Pablo Albo, l\u2019incre\u00efble home parlant. Passin que veuran el piset. Una persona capa\u00e7 de fer apar\u00e8ixer monstres dins la nostra imaginaci\u00f3, \u00fanicament amb la seva veu i la seva mirada. Tot i que siguin aut\u00e8ntics esguerros irreals, no s\u2019alarmin, ning\u00fa no en sortir\u00e0 malparat.<\/p>\n<p>Infantil \/ Castell\u00e0<br \/>\nDIMARTS 20<br \/>\nHora: 17.30 h<br \/>\n<a href=\"http:\/\/www.muntdemots.org\/2015\/locations\/biblioteca-josep-soler-vidal-gava\/\">BIBLIOTECA JOSEP SOLER VILAR<\/a> (GAV\u00c0)<br \/>\nActivitat gratu\u00efta<\/p>\n<p>&nbsp;<\/p>\n<hr \/>\n<p><strong>CUENTOS DE MIEDO QUE DAN RISA <\/strong><\/p>\n<p>Pablo Albo, l\u2019incre\u00efble home parlant. Passin que veuran el piset. Una persona capa\u00e7 de fer apar\u00e8ixer monstres dins la nostra imaginaci\u00f3, \u00fanicament amb la seva veu i la seva mirada. Tot i que siguin aut\u00e8ntics esguerros irreals, no s\u2019alarmin, ning\u00fa no en sortir\u00e0 malparat.<\/p>\n<p>Infantil \/ Castell\u00e0<br \/>\nDIMECRES 21<br \/>\nHora: 18.00 h<br \/>\n<a href=\"http:\/\/www.muntdemots.org\/2015\/locations\/biblioteca-el-carmel-juan-marse\/\">BIBLIOTECA EL CARMEL \u2013 JUAN MARS\u00c9<\/a><br \/>\nActivitat gratu\u00efta<\/p>\n<p>&nbsp;<\/p>\n<hr \/>\n<p><strong>HUMITATS <\/strong><\/p>\n<p>Alg\u00fa mor i de cam\u00ed al cementiri s\u2019adona que ha oblidat veure passar la seva vida en un segon. S\u2019hi posa, per\u00f2 tots els records que li v\u00e9nen al cap estaran marcats per la humitat&#8230; per les humitats. A aquest fil argumental, s\u2019hi van enfilant contes molt diferents, amb moments d\u2019humor absurd, evocadors, juganers i fins i tot un p\u00e8l picants en algun moment.<\/p>\n<p>Adults \/ Castell\u00e0<br \/>\nDIMECRES 21<br \/>\nHora: 20.30 h<br \/>\n<a href=\"http:\/\/www.muntdemots.org\/2015\/locations\/bar-pla-de-la-calma-cardedeu\/\">BAR PLA DE LA CALMA<\/a> (CARDEDEU)<br \/>\nEntrada: 5\u20ac<\/p>\n<p>&nbsp;<\/p>\n<hr \/>\n<p><strong>HUMITATS <\/strong><\/p>\n<p>Alg\u00fa mor i de cam\u00ed al cementiri s\u2019adona que ha oblidat veure passar la seva vida en un segon. S\u2019hi posa, per\u00f2 tots els records que li v\u00e9nen al cap estaran marcats per la humitat&#8230; per les humitats. A aquest fil argumental, s\u2019hi van enfilant contes molt diferents, amb moments d\u2019humor absurd, evocadors, juganers i fins i tot un p\u00e8l picants en algun moment.<\/p>\n<p>Adults \/ Castell\u00e0<br \/>\nDIJOUS 22<br \/>\nHora: 19.30 h<br \/>\n<a href=\"http:\/\/www.muntdemots.org\/2015\/locations\/centre-civic-vil%c2%b7la-florida\/\">CENTRE C\u00cdVIC VIL\u00b7LA FLORIDA<\/a><br \/>\nActivitat gratu\u00efta<\/p>\n<p>&nbsp;<\/p>\n<p>&nbsp;<\/p>\n<p>&nbsp;<\/p>\n<p>&nbsp;<\/p>\n","protected":false},"excerpt":{"rendered":"<p>\u00c9s contista de professi\u00f3. Ha participat en quasi tots els festivals de narraci\u00f3 oral i ha explicat contes en aquest pa\u00eds i en alguns altres, com ara Cuba, Su\u00efssa, It\u00e0lia, Gr\u00e8cia, Austr\u00e0lia, Brasil, M\u00e8xic, Vene\u00e7uela, B\u00e8lgica i Fran\u00e7a. Ha publicat trenta-sis llibres infantils i ha participat en llibres de contes per a adults. Ha estat [&hellip;]<\/p>\n","protected":false},"author":28,"featured_media":0,"parent":4,"menu_order":0,"comment_status":"closed","ping_status":"closed","template":"","meta":{"_mi_skip_tracking":false},"yoast_head":"<!-- This site is optimized with the Yoast SEO plugin v20.5 - https:\/\/yoast.com\/wordpress\/plugins\/seo\/ -->\n<title>Pablo Albo (Alacant) - Munt de Mots<\/title>\n<meta name=\"robots\" content=\"index, follow, max-snippet:-1, max-image-preview:large, max-video-preview:-1\" \/>\n<link rel=\"canonical\" href=\"http:\/\/www.muntdemots.org\/2015\/participants\/pablo-albo-alacant\/\" \/>\n<meta property=\"og:locale\" content=\"ca_ES\" \/>\n<meta property=\"og:type\" content=\"article\" \/>\n<meta property=\"og:title\" content=\"Pablo Albo (Alacant) - Munt de Mots\" \/>\n<meta property=\"og:description\" content=\"\u00c9s contista de professi\u00f3. Ha participat en quasi tots els festivals de narraci\u00f3 oral i ha explicat contes en aquest pa\u00eds i en alguns altres, com ara Cuba, Su\u00efssa, It\u00e0lia, Gr\u00e8cia, Austr\u00e0lia, Brasil, M\u00e8xic, Vene\u00e7uela, B\u00e8lgica i Fran\u00e7a. Ha publicat trenta-sis llibres infantils i ha participat en llibres de contes per a adults. Ha estat [&hellip;]\" \/>\n<meta property=\"og:url\" content=\"http:\/\/www.muntdemots.org\/2015\/participants\/pablo-albo-alacant\/\" \/>\n<meta property=\"og:site_name\" content=\"Munt de Mots\" \/>\n<meta property=\"article:publisher\" content=\"https:\/\/www.facebook.com\/FestivalMuntdeMots\" \/>\n<meta property=\"article:modified_time\" content=\"2015-09-21T09:45:42+00:00\" \/>\n<meta property=\"og:image\" content=\"http:\/\/www.muntdemots.org\/2015\/wp-content\/uploads\/2015\/09\/fotopablo11G-300x200.jpg\" \/>\n<meta name=\"twitter:card\" content=\"summary_large_image\" \/>\n<meta name=\"twitter:site\" content=\"@muntdemots\" \/>\n<meta name=\"twitter:label1\" content=\"Temps estimat de lectura\" \/>\n\t<meta name=\"twitter:data1\" content=\"2 minuts\" \/>\n<script type=\"application\/ld+json\" class=\"yoast-schema-graph\">{\"@context\":\"https:\/\/schema.org\",\"@graph\":[{\"@type\":\"WebPage\",\"@id\":\"http:\/\/www.muntdemots.org\/2015\/participants\/pablo-albo-alacant\/\",\"url\":\"http:\/\/www.muntdemots.org\/2015\/participants\/pablo-albo-alacant\/\",\"name\":\"Pablo Albo (Alacant) - Munt de Mots\",\"isPartOf\":{\"@id\":\"http:\/\/www.muntdemots.org\/2015\/#website\"},\"datePublished\":\"2015-09-15T11:32:44+00:00\",\"dateModified\":\"2015-09-21T09:45:42+00:00\",\"breadcrumb\":{\"@id\":\"http:\/\/www.muntdemots.org\/2015\/participants\/pablo-albo-alacant\/#breadcrumb\"},\"inLanguage\":\"ca\",\"potentialAction\":[{\"@type\":\"ReadAction\",\"target\":[\"http:\/\/www.muntdemots.org\/2015\/participants\/pablo-albo-alacant\/\"]}]},{\"@type\":\"BreadcrumbList\",\"@id\":\"http:\/\/www.muntdemots.org\/2015\/participants\/pablo-albo-alacant\/#breadcrumb\",\"itemListElement\":[{\"@type\":\"ListItem\",\"position\":1,\"name\":\"Inici\",\"item\":\"http:\/\/www.muntdemots.org\/2015\/\"},{\"@type\":\"ListItem\",\"position\":2,\"name\":\"Participants\",\"item\":\"https:\/\/www.muntdemots.org\/2015\/participants\/\"},{\"@type\":\"ListItem\",\"position\":3,\"name\":\"Pablo Albo (Alacant)\"}]},{\"@type\":\"WebSite\",\"@id\":\"http:\/\/www.muntdemots.org\/2015\/#website\",\"url\":\"http:\/\/www.muntdemots.org\/2015\/\",\"name\":\"Munt de Mots\",\"description\":\"\",\"potentialAction\":[{\"@type\":\"SearchAction\",\"target\":{\"@type\":\"EntryPoint\",\"urlTemplate\":\"http:\/\/www.muntdemots.org\/2015\/?s={search_term_string}\"},\"query-input\":\"required name=search_term_string\"}],\"inLanguage\":\"ca\"}]}<\/script>\n<!-- \/ Yoast SEO plugin. -->","yoast_head_json":{"title":"Pablo Albo (Alacant) - Munt de Mots","robots":{"index":"index","follow":"follow","max-snippet":"max-snippet:-1","max-image-preview":"max-image-preview:large","max-video-preview":"max-video-preview:-1"},"canonical":"http:\/\/www.muntdemots.org\/2015\/participants\/pablo-albo-alacant\/","og_locale":"ca_ES","og_type":"article","og_title":"Pablo Albo (Alacant) - Munt de Mots","og_description":"\u00c9s contista de professi\u00f3. Ha participat en quasi tots els festivals de narraci\u00f3 oral i ha explicat contes en aquest pa\u00eds i en alguns altres, com ara Cuba, Su\u00efssa, It\u00e0lia, Gr\u00e8cia, Austr\u00e0lia, Brasil, M\u00e8xic, Vene\u00e7uela, B\u00e8lgica i Fran\u00e7a. Ha publicat trenta-sis llibres infantils i ha participat en llibres de contes per a adults. Ha estat [&hellip;]","og_url":"http:\/\/www.muntdemots.org\/2015\/participants\/pablo-albo-alacant\/","og_site_name":"Munt de Mots","article_publisher":"https:\/\/www.facebook.com\/FestivalMuntdeMots","article_modified_time":"2015-09-21T09:45:42+00:00","og_image":[{"url":"http:\/\/www.muntdemots.org\/2015\/wp-content\/uploads\/2015\/09\/fotopablo11G-300x200.jpg"}],"twitter_card":"summary_large_image","twitter_site":"@muntdemots","twitter_misc":{"Temps estimat de lectura":"2 minuts"},"schema":{"@context":"https:\/\/schema.org","@graph":[{"@type":"WebPage","@id":"http:\/\/www.muntdemots.org\/2015\/participants\/pablo-albo-alacant\/","url":"http:\/\/www.muntdemots.org\/2015\/participants\/pablo-albo-alacant\/","name":"Pablo Albo (Alacant) - Munt de Mots","isPartOf":{"@id":"http:\/\/www.muntdemots.org\/2015\/#website"},"datePublished":"2015-09-15T11:32:44+00:00","dateModified":"2015-09-21T09:45:42+00:00","breadcrumb":{"@id":"http:\/\/www.muntdemots.org\/2015\/participants\/pablo-albo-alacant\/#breadcrumb"},"inLanguage":"ca","potentialAction":[{"@type":"ReadAction","target":["http:\/\/www.muntdemots.org\/2015\/participants\/pablo-albo-alacant\/"]}]},{"@type":"BreadcrumbList","@id":"http:\/\/www.muntdemots.org\/2015\/participants\/pablo-albo-alacant\/#breadcrumb","itemListElement":[{"@type":"ListItem","position":1,"name":"Inici","item":"http:\/\/www.muntdemots.org\/2015\/"},{"@type":"ListItem","position":2,"name":"Participants","item":"https:\/\/www.muntdemots.org\/2015\/participants\/"},{"@type":"ListItem","position":3,"name":"Pablo Albo (Alacant)"}]},{"@type":"WebSite","@id":"http:\/\/www.muntdemots.org\/2015\/#website","url":"http:\/\/www.muntdemots.org\/2015\/","name":"Munt de Mots","description":"","potentialAction":[{"@type":"SearchAction","target":{"@type":"EntryPoint","urlTemplate":"http:\/\/www.muntdemots.org\/2015\/?s={search_term_string}"},"query-input":"required name=search_term_string"}],"inLanguage":"ca"}]}},"_links":{"self":[{"href":"https:\/\/www.muntdemots.org\/2015\/wp-json\/wp\/v2\/pages\/7907"}],"collection":[{"href":"https:\/\/www.muntdemots.org\/2015\/wp-json\/wp\/v2\/pages"}],"about":[{"href":"https:\/\/www.muntdemots.org\/2015\/wp-json\/wp\/v2\/types\/page"}],"author":[{"embeddable":true,"href":"https:\/\/www.muntdemots.org\/2015\/wp-json\/wp\/v2\/users\/28"}],"replies":[{"embeddable":true,"href":"https:\/\/www.muntdemots.org\/2015\/wp-json\/wp\/v2\/comments?post=7907"}],"version-history":[{"count":5,"href":"https:\/\/www.muntdemots.org\/2015\/wp-json\/wp\/v2\/pages\/7907\/revisions"}],"predecessor-version":[{"id":8013,"href":"https:\/\/www.muntdemots.org\/2015\/wp-json\/wp\/v2\/pages\/7907\/revisions\/8013"}],"up":[{"embeddable":true,"href":"https:\/\/www.muntdemots.org\/2015\/wp-json\/wp\/v2\/pages\/4"}],"wp:attachment":[{"href":"https:\/\/www.muntdemots.org\/2015\/wp-json\/wp\/v2\/media?parent=7907"}],"curies":[{"name":"wp","href":"https:\/\/api.w.org\/{rel}","templated":true}]}}