{"id":7877,"date":"2015-09-15T11:05:04","date_gmt":"2015-09-15T11:05:04","guid":{"rendered":"http:\/\/www.muntdemots.org\/2015\/?page_id=7877"},"modified":"2015-09-17T10:44:06","modified_gmt":"2015-09-17T10:44:06","slug":"boni-ofogo-camerun","status":"publish","type":"page","link":"https:\/\/www.muntdemots.org\/2015\/participants\/boni-ofogo-camerun\/","title":{"rendered":"Boni Ofogo (Camerun)"},"content":{"rendered":"<p><a href=\"http:\/\/www.muntdemots.org\/2015\/wp-content\/uploads\/2015\/09\/BONIFACE-OFOGO-1.jpg\"><img decoding=\"async\" loading=\"lazy\" class=\"alignright size-medium wp-image-7880\" src=\"http:\/\/www.muntdemots.org\/2015\/wp-content\/uploads\/2015\/09\/BONIFACE-OFOGO-1-300x200.jpg\" alt=\"BONIFACE OFOGO 1\" width=\"300\" height=\"200\" srcset=\"https:\/\/www.muntdemots.org\/2015\/wp-content\/uploads\/2015\/09\/BONIFACE-OFOGO-1-300x200.jpg 300w, https:\/\/www.muntdemots.org\/2015\/wp-content\/uploads\/2015\/09\/BONIFACE-OFOGO-1-1024x683.jpg 1024w, https:\/\/www.muntdemots.org\/2015\/wp-content\/uploads\/2015\/09\/BONIFACE-OFOGO-1-420x280.jpg 420w\" sizes=\"(max-width: 300px) 100vw, 300px\" \/><\/a>Va n\u00e9ixer al petit llogarret d\u2019Omassa, al centre del Camerun, on de petit escoltava els contes que explicaven els seus germans grans, els pares, els oncles&#8230; L\u2019any 1988 va arribar a Espanya per estudiar Filologia Hisp\u00e0nica i, des del 1994, es dedica a compartir amb els nens i nenes del m\u00f3n els contes que li havien explicat de petit.<\/p>\n<p>&nbsp;<\/p>\n<p>&nbsp;<\/p>\n<hr \/>\n<p><strong>CUENTOS Y LEYENDAS DE \u00c1FRICA <\/strong><\/p>\n<p>Al voltant del foc o sota l\u2019Arbre de la Paraula, nens i grans es lliuren a la seva condici\u00f3 m\u00e9s intr\u00ednseca com a humans: la paraula, la imaginaci\u00f3 i la necessitat de somiar. Durant hores, els africans recorren a la mem\u00f2ria hist\u00f2rica per demanar-se d\u2019on venim, quin \u00e9s l\u2019origen de les coses&#8230;<\/p>\n<p>Infantil \/ Castell\u00e0<br \/>\nDILLUNS 19<br \/>\nHora: 18.00 h<br \/>\n<a href=\"http:\/\/www.muntdemots.org\/2015\/locations\/biblioteca-sant-antoni-joan-oliver\/\">BIBLIOTECA DE SANT ANTONI<\/a><br \/>\nActivitat gratu\u00efta<\/p>\n<p>&nbsp;<\/p>\n<hr \/>\n<p><strong>EL LE\u00d3N KANDINGA <\/strong><\/p>\n<p>Aquesta hist\u00f2ria de Kandinga forma part de la rica i inesgotable tradici\u00f3 oral dels bant\u00fa, que habiten les selves i sabanes africanes des del centre del Camerun fins a Sud-\u00e0frica. La majoria d\u2019aquestes hist\u00f2ries s\u00f3n faules que recreen l\u2019estreta relaci\u00f3 de l\u2019\u00e9sser hum\u00e0 amb la fauna, constitu\u00efda per tot tipus de b\u00e8sties salvatges.<\/p>\n<p>Infantil i familiar \/ Castell\u00e0<br \/>\nDIMARTS 20<br \/>\nHora: 17.30 h<br \/>\n<a href=\"http:\/\/www.muntdemots.org\/2015\/locations\/centre-civic-la-sedeta\/\">CENTRE C\u00cdVIC LA SEDETA<\/a><br \/>\nActivitat gratu\u00efta<\/p>\n<p>&nbsp;<\/p>\n<hr \/>\n<p>PRESENTACI\u00d3 DEL DOCUMENTAL<br \/>\n<strong>EN MEMORIA <\/strong><\/p>\n<p>La major part dels documentals antropol\u00f2gics sobre africans han estat realitzats per investigadors occidentals que ofereixen una mirada des de l\u2019exterior. Jo formo part d\u2019aquesta realitat; vaig beure de la seva font, m\u2019hi identifico, per\u00f2 tinc el gran avantatge de con\u00e8ixer la cultura occidental. La meva obligaci\u00f3 \u00e9s fer de pont entre les dues cultures.<\/p>\n<p>Adults \/ Castell\u00e0<br \/>\nDIMARTS 20<br \/>\nHora: 19.30 h<br \/>\n<a href=\"http:\/\/www.muntdemots.org\/2015\/locations\/biblioteca-vila-de-gracia-3\/\">CENTRE D\u2019INTER\u00c8S EN LA NARRACI\u00d3 ORAL BIBLIOTECA VILA DE GR\u00c0CIA<\/a><br \/>\nActivitat gratu\u00efta<\/p>\n","protected":false},"excerpt":{"rendered":"<p>Va n\u00e9ixer al petit llogarret d\u2019Omassa, al centre del Camerun, on de petit escoltava els contes que explicaven els seus germans grans, els pares, els oncles&#8230; L\u2019any 1988 va arribar a Espanya per estudiar Filologia Hisp\u00e0nica i, des del 1994, es dedica a compartir amb els nens i nenes del m\u00f3n els contes que li [&hellip;]<\/p>\n","protected":false},"author":28,"featured_media":0,"parent":4,"menu_order":0,"comment_status":"closed","ping_status":"closed","template":"","meta":{"_mi_skip_tracking":false},"yoast_head":"<!-- This site is optimized with the Yoast SEO plugin v20.5 - https:\/\/yoast.com\/wordpress\/plugins\/seo\/ -->\n<title>Boni Ofogo (Camerun) - Munt de Mots<\/title>\n<meta name=\"robots\" content=\"index, follow, max-snippet:-1, max-image-preview:large, max-video-preview:-1\" \/>\n<link rel=\"canonical\" href=\"https:\/\/www.muntdemots.org\/2015\/participants\/boni-ofogo-camerun\/\" \/>\n<meta property=\"og:locale\" content=\"ca_ES\" \/>\n<meta property=\"og:type\" content=\"article\" \/>\n<meta property=\"og:title\" content=\"Boni Ofogo (Camerun) - Munt de Mots\" \/>\n<meta property=\"og:description\" content=\"Va n\u00e9ixer al petit llogarret d\u2019Omassa, al centre del Camerun, on de petit escoltava els contes que explicaven els seus germans grans, els pares, els oncles&#8230; L\u2019any 1988 va arribar a Espanya per estudiar Filologia Hisp\u00e0nica i, des del 1994, es dedica a compartir amb els nens i nenes del m\u00f3n els contes que li [&hellip;]\" \/>\n<meta property=\"og:url\" content=\"https:\/\/www.muntdemots.org\/2015\/participants\/boni-ofogo-camerun\/\" \/>\n<meta property=\"og:site_name\" content=\"Munt de Mots\" \/>\n<meta property=\"article:publisher\" content=\"https:\/\/www.facebook.com\/FestivalMuntdeMots\" \/>\n<meta property=\"article:modified_time\" content=\"2015-09-17T10:44:06+00:00\" \/>\n<meta property=\"og:image\" content=\"http:\/\/www.muntdemots.org\/2015\/wp-content\/uploads\/2015\/09\/BONIFACE-OFOGO-1-300x200.jpg\" \/>\n<meta name=\"twitter:card\" content=\"summary_large_image\" \/>\n<meta name=\"twitter:site\" content=\"@muntdemots\" \/>\n<meta name=\"twitter:label1\" content=\"Temps estimat de lectura\" \/>\n\t<meta name=\"twitter:data1\" content=\"2 minuts\" \/>\n<script type=\"application\/ld+json\" class=\"yoast-schema-graph\">{\"@context\":\"https:\/\/schema.org\",\"@graph\":[{\"@type\":\"WebPage\",\"@id\":\"https:\/\/www.muntdemots.org\/2015\/participants\/boni-ofogo-camerun\/\",\"url\":\"https:\/\/www.muntdemots.org\/2015\/participants\/boni-ofogo-camerun\/\",\"name\":\"Boni Ofogo (Camerun) - Munt de Mots\",\"isPartOf\":{\"@id\":\"http:\/\/www.muntdemots.org\/2015\/#website\"},\"datePublished\":\"2015-09-15T11:05:04+00:00\",\"dateModified\":\"2015-09-17T10:44:06+00:00\",\"breadcrumb\":{\"@id\":\"https:\/\/www.muntdemots.org\/2015\/participants\/boni-ofogo-camerun\/#breadcrumb\"},\"inLanguage\":\"ca\",\"potentialAction\":[{\"@type\":\"ReadAction\",\"target\":[\"https:\/\/www.muntdemots.org\/2015\/participants\/boni-ofogo-camerun\/\"]}]},{\"@type\":\"BreadcrumbList\",\"@id\":\"https:\/\/www.muntdemots.org\/2015\/participants\/boni-ofogo-camerun\/#breadcrumb\",\"itemListElement\":[{\"@type\":\"ListItem\",\"position\":1,\"name\":\"Inici\",\"item\":\"http:\/\/www.muntdemots.org\/2015\/\"},{\"@type\":\"ListItem\",\"position\":2,\"name\":\"Participants\",\"item\":\"http:\/\/www.muntdemots.org\/2015\/participants\/\"},{\"@type\":\"ListItem\",\"position\":3,\"name\":\"Boni Ofogo (Camerun)\"}]},{\"@type\":\"WebSite\",\"@id\":\"http:\/\/www.muntdemots.org\/2015\/#website\",\"url\":\"http:\/\/www.muntdemots.org\/2015\/\",\"name\":\"Munt de Mots\",\"description\":\"\",\"potentialAction\":[{\"@type\":\"SearchAction\",\"target\":{\"@type\":\"EntryPoint\",\"urlTemplate\":\"http:\/\/www.muntdemots.org\/2015\/?s={search_term_string}\"},\"query-input\":\"required name=search_term_string\"}],\"inLanguage\":\"ca\"}]}<\/script>\n<!-- \/ Yoast SEO plugin. -->","yoast_head_json":{"title":"Boni Ofogo (Camerun) - Munt de Mots","robots":{"index":"index","follow":"follow","max-snippet":"max-snippet:-1","max-image-preview":"max-image-preview:large","max-video-preview":"max-video-preview:-1"},"canonical":"https:\/\/www.muntdemots.org\/2015\/participants\/boni-ofogo-camerun\/","og_locale":"ca_ES","og_type":"article","og_title":"Boni Ofogo (Camerun) - Munt de Mots","og_description":"Va n\u00e9ixer al petit llogarret d\u2019Omassa, al centre del Camerun, on de petit escoltava els contes que explicaven els seus germans grans, els pares, els oncles&#8230; L\u2019any 1988 va arribar a Espanya per estudiar Filologia Hisp\u00e0nica i, des del 1994, es dedica a compartir amb els nens i nenes del m\u00f3n els contes que li [&hellip;]","og_url":"https:\/\/www.muntdemots.org\/2015\/participants\/boni-ofogo-camerun\/","og_site_name":"Munt de Mots","article_publisher":"https:\/\/www.facebook.com\/FestivalMuntdeMots","article_modified_time":"2015-09-17T10:44:06+00:00","og_image":[{"url":"http:\/\/www.muntdemots.org\/2015\/wp-content\/uploads\/2015\/09\/BONIFACE-OFOGO-1-300x200.jpg"}],"twitter_card":"summary_large_image","twitter_site":"@muntdemots","twitter_misc":{"Temps estimat de lectura":"2 minuts"},"schema":{"@context":"https:\/\/schema.org","@graph":[{"@type":"WebPage","@id":"https:\/\/www.muntdemots.org\/2015\/participants\/boni-ofogo-camerun\/","url":"https:\/\/www.muntdemots.org\/2015\/participants\/boni-ofogo-camerun\/","name":"Boni Ofogo (Camerun) - Munt de Mots","isPartOf":{"@id":"http:\/\/www.muntdemots.org\/2015\/#website"},"datePublished":"2015-09-15T11:05:04+00:00","dateModified":"2015-09-17T10:44:06+00:00","breadcrumb":{"@id":"https:\/\/www.muntdemots.org\/2015\/participants\/boni-ofogo-camerun\/#breadcrumb"},"inLanguage":"ca","potentialAction":[{"@type":"ReadAction","target":["https:\/\/www.muntdemots.org\/2015\/participants\/boni-ofogo-camerun\/"]}]},{"@type":"BreadcrumbList","@id":"https:\/\/www.muntdemots.org\/2015\/participants\/boni-ofogo-camerun\/#breadcrumb","itemListElement":[{"@type":"ListItem","position":1,"name":"Inici","item":"http:\/\/www.muntdemots.org\/2015\/"},{"@type":"ListItem","position":2,"name":"Participants","item":"http:\/\/www.muntdemots.org\/2015\/participants\/"},{"@type":"ListItem","position":3,"name":"Boni Ofogo (Camerun)"}]},{"@type":"WebSite","@id":"http:\/\/www.muntdemots.org\/2015\/#website","url":"http:\/\/www.muntdemots.org\/2015\/","name":"Munt de Mots","description":"","potentialAction":[{"@type":"SearchAction","target":{"@type":"EntryPoint","urlTemplate":"http:\/\/www.muntdemots.org\/2015\/?s={search_term_string}"},"query-input":"required name=search_term_string"}],"inLanguage":"ca"}]}},"_links":{"self":[{"href":"https:\/\/www.muntdemots.org\/2015\/wp-json\/wp\/v2\/pages\/7877"}],"collection":[{"href":"https:\/\/www.muntdemots.org\/2015\/wp-json\/wp\/v2\/pages"}],"about":[{"href":"https:\/\/www.muntdemots.org\/2015\/wp-json\/wp\/v2\/types\/page"}],"author":[{"embeddable":true,"href":"https:\/\/www.muntdemots.org\/2015\/wp-json\/wp\/v2\/users\/28"}],"replies":[{"embeddable":true,"href":"https:\/\/www.muntdemots.org\/2015\/wp-json\/wp\/v2\/comments?post=7877"}],"version-history":[{"count":5,"href":"https:\/\/www.muntdemots.org\/2015\/wp-json\/wp\/v2\/pages\/7877\/revisions"}],"predecessor-version":[{"id":7999,"href":"https:\/\/www.muntdemots.org\/2015\/wp-json\/wp\/v2\/pages\/7877\/revisions\/7999"}],"up":[{"embeddable":true,"href":"https:\/\/www.muntdemots.org\/2015\/wp-json\/wp\/v2\/pages\/4"}],"wp:attachment":[{"href":"https:\/\/www.muntdemots.org\/2015\/wp-json\/wp\/v2\/media?parent=7877"}],"curies":[{"name":"wp","href":"https:\/\/api.w.org\/{rel}","templated":true}]}}