{"id":7322,"date":"2014-09-25T09:42:06","date_gmt":"2014-09-25T09:42:06","guid":{"rendered":"http:\/\/www.muntdemots.org\/2014\/?page_id=7322"},"modified":"2014-09-25T09:42:06","modified_gmt":"2014-09-25T09:42:06","slug":"borja-riquelme","status":"publish","type":"page","link":"https:\/\/www.muntdemots.org\/2014\/participants\/borja-riquelme\/","title":{"rendered":"Borja Riquelme"},"content":{"rendered":"<p><a href=\"http:\/\/www.muntdemots.org\/2014\/wp-content\/uploads\/2014\/09\/IMG-20140908-WA0001.jpg\"><img decoding=\"async\" loading=\"lazy\" class=\"size-medium wp-image-7323 alignright\" src=\"http:\/\/www.muntdemots.org\/2014\/wp-content\/uploads\/2014\/09\/IMG-20140908-WA0001-223x300.jpg\" alt=\"IMG-20140908-WA0001\" width=\"223\" height=\"300\" srcset=\"https:\/\/www.muntdemots.org\/2014\/wp-content\/uploads\/2014\/09\/IMG-20140908-WA0001-223x300.jpg 223w, https:\/\/www.muntdemots.org\/2014\/wp-content\/uploads\/2014\/09\/IMG-20140908-WA0001.jpg 597w\" sizes=\"(max-width: 223px) 100vw, 223px\" \/><\/a><\/p>\n<p>\u00c9s pianista i arquitecte per l&#8217;Escola Superior d&#8217;Arquitectura de Barcelona. Va estudiar m\u00fasica al Conservatori de Majadahonda, Madrid, on va finalitzar els estudis de piano en qu\u00e8 va obtenir el T\u00edtol Professional. Actualment, compagina la seva tasca docent com a professor de batxillerat amb la m\u00fasica i acompanya diversos cantants i narradors en els seus espectacles.<\/p>\n<p>Espectacles: <a href=\"\/2014\/events\/variaciones\/\">Variaciones<\/a><\/p>\n","protected":false},"excerpt":{"rendered":"<p>\u00c9s pianista i arquitecte per l&#8217;Escola Superior d&#8217;Arquitectura de Barcelona. Va estudiar m\u00fasica al Conservatori de Majadahonda, Madrid, on va finalitzar els estudis de piano en qu\u00e8 va obtenir el T\u00edtol Professional. Actualment, compagina la seva tasca docent com a professor de batxillerat amb la m\u00fasica i acompanya diversos cantants i narradors en els seus [&hellip;]<\/p>\n","protected":false},"author":1,"featured_media":0,"parent":4,"menu_order":0,"comment_status":"open","ping_status":"open","template":"","meta":{"_mi_skip_tracking":false},"yoast_head":"<!-- This site is optimized with the Yoast SEO plugin v20.5 - https:\/\/yoast.com\/wordpress\/plugins\/seo\/ -->\n<title>Borja Riquelme - Munt de Mots<\/title>\n<meta name=\"robots\" content=\"index, follow, max-snippet:-1, max-image-preview:large, max-video-preview:-1\" \/>\n<link rel=\"canonical\" href=\"https:\/\/www.muntdemots.org\/2014\/participants\/borja-riquelme\/\" \/>\n<meta property=\"og:locale\" content=\"ca_ES\" \/>\n<meta property=\"og:type\" content=\"article\" \/>\n<meta property=\"og:title\" content=\"Borja Riquelme - Munt de Mots\" \/>\n<meta property=\"og:description\" content=\"\u00c9s pianista i arquitecte per l&#8217;Escola Superior d&#8217;Arquitectura de Barcelona. Va estudiar m\u00fasica al Conservatori de Majadahonda, Madrid, on va finalitzar els estudis de piano en qu\u00e8 va obtenir el T\u00edtol Professional. Actualment, compagina la seva tasca docent com a professor de batxillerat amb la m\u00fasica i acompanya diversos cantants i narradors en els seus [&hellip;]\" \/>\n<meta property=\"og:url\" content=\"https:\/\/www.muntdemots.org\/2014\/participants\/borja-riquelme\/\" \/>\n<meta property=\"og:site_name\" content=\"Munt de Mots\" \/>\n<meta property=\"article:publisher\" content=\"https:\/\/www.facebook.com\/FestivalMuntdeMots\" \/>\n<meta property=\"og:image\" content=\"http:\/\/www.muntdemots.org\/2014\/wp-content\/uploads\/2014\/09\/IMG-20140908-WA0001-223x300.jpg\" \/>\n<meta name=\"twitter:card\" content=\"summary_large_image\" \/>\n<meta name=\"twitter:site\" content=\"@muntdemots\" \/>\n<script type=\"application\/ld+json\" class=\"yoast-schema-graph\">{\"@context\":\"https:\/\/schema.org\",\"@graph\":[{\"@type\":\"WebPage\",\"@id\":\"https:\/\/www.muntdemots.org\/2014\/participants\/borja-riquelme\/\",\"url\":\"https:\/\/www.muntdemots.org\/2014\/participants\/borja-riquelme\/\",\"name\":\"Borja Riquelme - Munt de Mots\",\"isPartOf\":{\"@id\":\"http:\/\/www.muntdemots.org\/2014\/#website\"},\"datePublished\":\"2014-09-25T09:42:06+00:00\",\"dateModified\":\"2014-09-25T09:42:06+00:00\",\"breadcrumb\":{\"@id\":\"https:\/\/www.muntdemots.org\/2014\/participants\/borja-riquelme\/#breadcrumb\"},\"inLanguage\":\"ca\",\"potentialAction\":[{\"@type\":\"ReadAction\",\"target\":[\"https:\/\/www.muntdemots.org\/2014\/participants\/borja-riquelme\/\"]}]},{\"@type\":\"BreadcrumbList\",\"@id\":\"https:\/\/www.muntdemots.org\/2014\/participants\/borja-riquelme\/#breadcrumb\",\"itemListElement\":[{\"@type\":\"ListItem\",\"position\":1,\"name\":\"Inici\",\"item\":\"http:\/\/www.muntdemots.org\/2014\/\"},{\"@type\":\"ListItem\",\"position\":2,\"name\":\"Participants\",\"item\":\"http:\/\/www.muntdemots.org\/2014\/participants\/\"},{\"@type\":\"ListItem\",\"position\":3,\"name\":\"Borja Riquelme\"}]},{\"@type\":\"WebSite\",\"@id\":\"http:\/\/www.muntdemots.org\/2014\/#website\",\"url\":\"http:\/\/www.muntdemots.org\/2014\/\",\"name\":\"Munt de Mots\",\"description\":\"\",\"potentialAction\":[{\"@type\":\"SearchAction\",\"target\":{\"@type\":\"EntryPoint\",\"urlTemplate\":\"http:\/\/www.muntdemots.org\/2014\/?s={search_term_string}\"},\"query-input\":\"required name=search_term_string\"}],\"inLanguage\":\"ca\"}]}<\/script>\n<!-- \/ Yoast SEO plugin. -->","yoast_head_json":{"title":"Borja Riquelme - Munt de Mots","robots":{"index":"index","follow":"follow","max-snippet":"max-snippet:-1","max-image-preview":"max-image-preview:large","max-video-preview":"max-video-preview:-1"},"canonical":"https:\/\/www.muntdemots.org\/2014\/participants\/borja-riquelme\/","og_locale":"ca_ES","og_type":"article","og_title":"Borja Riquelme - Munt de Mots","og_description":"\u00c9s pianista i arquitecte per l&#8217;Escola Superior d&#8217;Arquitectura de Barcelona. Va estudiar m\u00fasica al Conservatori de Majadahonda, Madrid, on va finalitzar els estudis de piano en qu\u00e8 va obtenir el T\u00edtol Professional. Actualment, compagina la seva tasca docent com a professor de batxillerat amb la m\u00fasica i acompanya diversos cantants i narradors en els seus [&hellip;]","og_url":"https:\/\/www.muntdemots.org\/2014\/participants\/borja-riquelme\/","og_site_name":"Munt de Mots","article_publisher":"https:\/\/www.facebook.com\/FestivalMuntdeMots","og_image":[{"url":"http:\/\/www.muntdemots.org\/2014\/wp-content\/uploads\/2014\/09\/IMG-20140908-WA0001-223x300.jpg"}],"twitter_card":"summary_large_image","twitter_site":"@muntdemots","schema":{"@context":"https:\/\/schema.org","@graph":[{"@type":"WebPage","@id":"https:\/\/www.muntdemots.org\/2014\/participants\/borja-riquelme\/","url":"https:\/\/www.muntdemots.org\/2014\/participants\/borja-riquelme\/","name":"Borja Riquelme - Munt de Mots","isPartOf":{"@id":"http:\/\/www.muntdemots.org\/2014\/#website"},"datePublished":"2014-09-25T09:42:06+00:00","dateModified":"2014-09-25T09:42:06+00:00","breadcrumb":{"@id":"https:\/\/www.muntdemots.org\/2014\/participants\/borja-riquelme\/#breadcrumb"},"inLanguage":"ca","potentialAction":[{"@type":"ReadAction","target":["https:\/\/www.muntdemots.org\/2014\/participants\/borja-riquelme\/"]}]},{"@type":"BreadcrumbList","@id":"https:\/\/www.muntdemots.org\/2014\/participants\/borja-riquelme\/#breadcrumb","itemListElement":[{"@type":"ListItem","position":1,"name":"Inici","item":"http:\/\/www.muntdemots.org\/2014\/"},{"@type":"ListItem","position":2,"name":"Participants","item":"http:\/\/www.muntdemots.org\/2014\/participants\/"},{"@type":"ListItem","position":3,"name":"Borja Riquelme"}]},{"@type":"WebSite","@id":"http:\/\/www.muntdemots.org\/2014\/#website","url":"http:\/\/www.muntdemots.org\/2014\/","name":"Munt de Mots","description":"","potentialAction":[{"@type":"SearchAction","target":{"@type":"EntryPoint","urlTemplate":"http:\/\/www.muntdemots.org\/2014\/?s={search_term_string}"},"query-input":"required name=search_term_string"}],"inLanguage":"ca"}]}},"_links":{"self":[{"href":"https:\/\/www.muntdemots.org\/2014\/wp-json\/wp\/v2\/pages\/7322"}],"collection":[{"href":"https:\/\/www.muntdemots.org\/2014\/wp-json\/wp\/v2\/pages"}],"about":[{"href":"https:\/\/www.muntdemots.org\/2014\/wp-json\/wp\/v2\/types\/page"}],"author":[{"embeddable":true,"href":"https:\/\/www.muntdemots.org\/2014\/wp-json\/wp\/v2\/users\/1"}],"replies":[{"embeddable":true,"href":"https:\/\/www.muntdemots.org\/2014\/wp-json\/wp\/v2\/comments?post=7322"}],"version-history":[{"count":1,"href":"https:\/\/www.muntdemots.org\/2014\/wp-json\/wp\/v2\/pages\/7322\/revisions"}],"predecessor-version":[{"id":7325,"href":"https:\/\/www.muntdemots.org\/2014\/wp-json\/wp\/v2\/pages\/7322\/revisions\/7325"}],"up":[{"embeddable":true,"href":"https:\/\/www.muntdemots.org\/2014\/wp-json\/wp\/v2\/pages\/4"}],"wp:attachment":[{"href":"https:\/\/www.muntdemots.org\/2014\/wp-json\/wp\/v2\/media?parent=7322"}],"curies":[{"name":"wp","href":"https:\/\/api.w.org\/{rel}","templated":true}]}}