{"id":6641,"date":"2013-07-25T11:26:12","date_gmt":"2013-07-25T11:26:12","guid":{"rendered":"http:\/\/www.muntdemots.org\/2013\/?page_id=6641"},"modified":"2013-07-26T07:56:19","modified_gmt":"2013-07-26T07:56:19","slug":"pepito-mateo","status":"publish","type":"page","link":"https:\/\/www.muntdemots.org\/2013\/participants\/pepito-mateo\/","title":{"rendered":"PEPITO MATEO"},"content":{"rendered":"<p><a href=\"https:\/\/www.muntdemots.org\/2013\/wp-content\/uploads\/2013\/07\/Pepito-Mat\u00e9o.jpg\"><img decoding=\"async\" loading=\"lazy\" class=\"alignright size-medium wp-image-6643\" title=\"P\u008epito Mat\u008eo\/M\" src=\"https:\/\/www.muntdemots.org\/2013\/wp-content\/uploads\/2013\/07\/Pepito-Mat\u00e9o-300x300.jpg\" alt=\"\" width=\"300\" height=\"300\" srcset=\"https:\/\/www.muntdemots.org\/2013\/wp-content\/uploads\/2013\/07\/Pepito-Mat\u00e9o-300x300.jpg 300w, https:\/\/www.muntdemots.org\/2013\/wp-content\/uploads\/2013\/07\/Pepito-Mat\u00e9o-150x150.jpg 150w, https:\/\/www.muntdemots.org\/2013\/wp-content\/uploads\/2013\/07\/Pepito-Mat\u00e9o.jpg 400w\" sizes=\"(max-width: 300px) 100vw, 300px\" \/><\/a>Nascut a Fran\u00e7a. \u00c9s artista dram\u00e0tic, narrador, autor i formador. Doctorat (M\u00e0ster 3) en teatre. Autor de molts llibres de contes i assaigs com <em>\u201cEl Narrador Oral y su imaginario&#8221;.<\/em><\/p>\n<p><em>Nacido en Francia. Artista dram\u00e1tico, narrador, autor y formador. Doctorado (M\u00e1ster 3) en teatro. Autor de numerosos libros de cuentos y ensayos como <\/em>\u201cEl Narrador Oral y su Imaginario\u201d.<\/p>\n<p>Espectacle: <a title=\"CONFER\u00c8NCIA: EL NARRADOR ORAL I L\u2019IMAGINARI\" href=\"https:\/\/www.muntdemots.org\/2013\/events\/conferencia-el-narrador-oral-i-limaginari\/\">CONFER\u00c8NCIA: EL NARRADOR ORAL I L\u2019IMAGINARI<\/a> \/\/ <a title=\"CLOENDA\" href=\"https:\/\/www.muntdemots.org\/2013\/events\/cloenda\/\">CLOENDA<\/a><\/p>\n<p>&nbsp;<\/p>\n<p>&nbsp;<br \/>\n<em><\/em><\/p>\n","protected":false},"excerpt":{"rendered":"<p>Nascut a Fran\u00e7a. \u00c9s artista dram\u00e0tic, narrador, autor i formador. Doctorat (M\u00e0ster 3) en teatre. Autor de molts llibres de contes i assaigs com \u201cEl Narrador Oral y su imaginario&#8221;. Nacido en Francia. Artista dram\u00e1tico, narrador, autor y formador. Doctorado (M\u00e1ster 3) en teatro. Autor de numerosos libros de cuentos y ensayos como \u201cEl Narrador [&hellip;]<\/p>\n","protected":false},"author":1,"featured_media":0,"parent":4,"menu_order":0,"comment_status":"open","ping_status":"open","template":"","meta":{"_mi_skip_tracking":false},"_links":{"self":[{"href":"https:\/\/www.muntdemots.org\/2013\/wp-json\/wp\/v2\/pages\/6641"}],"collection":[{"href":"https:\/\/www.muntdemots.org\/2013\/wp-json\/wp\/v2\/pages"}],"about":[{"href":"https:\/\/www.muntdemots.org\/2013\/wp-json\/wp\/v2\/types\/page"}],"author":[{"embeddable":true,"href":"https:\/\/www.muntdemots.org\/2013\/wp-json\/wp\/v2\/users\/1"}],"replies":[{"embeddable":true,"href":"https:\/\/www.muntdemots.org\/2013\/wp-json\/wp\/v2\/comments?post=6641"}],"version-history":[{"count":4,"href":"https:\/\/www.muntdemots.org\/2013\/wp-json\/wp\/v2\/pages\/6641\/revisions"}],"predecessor-version":[{"id":6646,"href":"https:\/\/www.muntdemots.org\/2013\/wp-json\/wp\/v2\/pages\/6641\/revisions\/6646"}],"up":[{"embeddable":true,"href":"https:\/\/www.muntdemots.org\/2013\/wp-json\/wp\/v2\/pages\/4"}],"wp:attachment":[{"href":"https:\/\/www.muntdemots.org\/2013\/wp-json\/wp\/v2\/media?parent=6641"}],"curies":[{"name":"wp","href":"https:\/\/api.w.org\/{rel}","templated":true}]}}