{"id":6585,"date":"2013-07-25T09:34:49","date_gmt":"2013-07-25T09:34:49","guid":{"rendered":"http:\/\/www.muntdemots.org\/2013\/?page_id=6585"},"modified":"2013-09-02T16:29:58","modified_gmt":"2013-09-02T16:29:58","slug":"monica-torra","status":"publish","type":"page","link":"https:\/\/www.muntdemots.org\/2013\/participants\/monica-torra\/","title":{"rendered":"M\u00d2NICA TORRA"},"content":{"rendered":"<p><a href=\"https:\/\/www.muntdemots.org\/2013\/wp-content\/uploads\/2013\/07\/DSC02336.jpg\"><img decoding=\"async\" loading=\"lazy\" class=\"alignright size-medium wp-image-6587\" title=\"DSC02336\" src=\"https:\/\/www.muntdemots.org\/2013\/wp-content\/uploads\/2013\/07\/DSC02336-225x300.jpg\" alt=\"\" width=\"225\" height=\"300\" srcset=\"https:\/\/www.muntdemots.org\/2013\/wp-content\/uploads\/2013\/07\/DSC02336-225x300.jpg 225w, https:\/\/www.muntdemots.org\/2013\/wp-content\/uploads\/2013\/07\/DSC02336-768x1024.jpg 768w, https:\/\/www.muntdemots.org\/2013\/wp-content\/uploads\/2013\/07\/DSC02336.jpg 1224w\" sizes=\"(max-width: 225px) 100vw, 225px\" \/><\/a>La seva traject\u00f2ria com a narradora de contes va comen\u00e7ar fa uns quatre anys, a partir d\u2019un curs que va realitzar amb el narrador vene\u00e7ol\u00e0 Rub\u00e9n Mart\u00ednez. Des d\u2019aleshores no ha deixat d\u2019estar en contacte amb el m\u00f3n de la narraci\u00f3 oral, tant per a petits com per a grans. Ha participat en l\u2019activitat \u201cL\u2019Aventura de llegir\u201d de la Diputaci\u00f3 de Barcelona, en \u201chores de conte\u201d de diverses biblioteques, escoles, centres c\u00edvics, bars, galeries d\u2019art&#8230;<\/p>\n<p><em>Hace cuatro a\u00f1os empez\u00f3 su trayectoria como narradora de cuentos a partir de un curso que realiz\u00f3 con el narrador venezolano Rub\u00e9n Mart\u00ednez. Desde entonces no ha dejado de estar en contacto con el mundo de la narraci\u00f3n oral para peque\u00f1os y mayores. Ha participado en \u201cl\u2019Aventura de Llegir\u201dde la Diputaci\u00f3 de Barcelona, en \u201chores de conte\u201d de diverses bibliotecas, escuelas, centros c\u00edvicos, bares, galer\u00edas de arte&#8230;<\/em><\/p>\n<p>Espectacles: <a title=\"CINC CONTEnents. UN ESCENARI\" href=\"https:\/\/www.muntdemots.org\/2013\/events\/cinc-contenents-un-escenari\/\">CINC CONTEnents. UN ESCENARI<\/a> \/\/\u00a0 <a title=\"AL\u00cdCIA PATAPAM (1)\" href=\"https:\/\/www.muntdemots.org\/2013\/events\/alicia-patapam-2\/\">AL\u00cdCIA PATAPAM (1)<\/a> \/\/\u00a0 <a title=\"AL\u00cdCIA PATAPAM (2)\" href=\"https:\/\/www.muntdemots.org\/2013\/events\/alicia-patapam\/\">AL\u00cdCIA PATAPAM (2)<\/a> \/\/ <a title=\"CLOENDA\" href=\"https:\/\/www.muntdemots.org\/2013\/events\/cloenda\/\">CLOENDA<\/a><\/p>\n","protected":false},"excerpt":{"rendered":"<p>La seva traject\u00f2ria com a narradora de contes va comen\u00e7ar fa uns quatre anys, a partir d\u2019un curs que va realitzar amb el narrador vene\u00e7ol\u00e0 Rub\u00e9n Mart\u00ednez. Des d\u2019aleshores no ha deixat d\u2019estar en contacte amb el m\u00f3n de la narraci\u00f3 oral, tant per a petits com per a grans. Ha participat en l\u2019activitat \u201cL\u2019Aventura [&hellip;]<\/p>\n","protected":false},"author":1,"featured_media":0,"parent":4,"menu_order":0,"comment_status":"open","ping_status":"closed","template":"","meta":{"_mi_skip_tracking":false},"_links":{"self":[{"href":"https:\/\/www.muntdemots.org\/2013\/wp-json\/wp\/v2\/pages\/6585"}],"collection":[{"href":"https:\/\/www.muntdemots.org\/2013\/wp-json\/wp\/v2\/pages"}],"about":[{"href":"https:\/\/www.muntdemots.org\/2013\/wp-json\/wp\/v2\/types\/page"}],"author":[{"embeddable":true,"href":"https:\/\/www.muntdemots.org\/2013\/wp-json\/wp\/v2\/users\/1"}],"replies":[{"embeddable":true,"href":"https:\/\/www.muntdemots.org\/2013\/wp-json\/wp\/v2\/comments?post=6585"}],"version-history":[{"count":8,"href":"https:\/\/www.muntdemots.org\/2013\/wp-json\/wp\/v2\/pages\/6585\/revisions"}],"predecessor-version":[{"id":6903,"href":"https:\/\/www.muntdemots.org\/2013\/wp-json\/wp\/v2\/pages\/6585\/revisions\/6903"}],"up":[{"embeddable":true,"href":"https:\/\/www.muntdemots.org\/2013\/wp-json\/wp\/v2\/pages\/4"}],"wp:attachment":[{"href":"https:\/\/www.muntdemots.org\/2013\/wp-json\/wp\/v2\/media?parent=6585"}],"curies":[{"name":"wp","href":"https:\/\/api.w.org\/{rel}","templated":true}]}}

MÒNICA TORRA

<p><a href="https://www.muntdemots.org/2013/wp-content/uploads/2013/07/DSC02336.jpg"><img decoding="async" loading="lazy" class="alignright size-medium wp-image-6587" title="DSC02336" src="https://www.muntdemots.org/2013/wp-content/uploads/2013/07/DSC02336-225x300.jpg" alt="" width="225" height="300" srcset="https://www.muntdemots.org/2013/wp-content/uploads/2013/07/DSC02336-225x300.jpg 225w, https://www.muntdemots.org/2013/wp-content/uploads/2013/07/DSC02336-768x1024.jpg 768w, https://www.muntdemots.org/2013/wp-content/uploads/2013/07/DSC02336.jpg 1224w" sizes="(max-width: 225px) 100vw, 225px" /></a>La seva trajectòria com a narradora de contes va començar fa uns quatre anys, a partir d’un curs que va realitzar amb el narrador veneçolà Rubén Martínez. Des d’aleshores no ha deixat d’estar en contacte amb el món de la narració oral, tant per a petits com per a grans. Ha participat en l’activitat “L’Aventura de llegir” de la Diputació de Barcelona, en “hores de conte” de diverses biblioteques, escoles, centres cívics, bars, galeries d’art&#8230;</p>
<p><em>Hace cuatro años empezó su trayectoria como narradora de cuentos a partir de un curso que realizó con el narrador venezolano Rubén Martínez. Desde entonces no ha dejado de estar en contacto con el mundo de la narración oral para pequeños y mayores. Ha participado en “l’Aventura de Llegir”de la Diputació de Barcelona, en “hores de conte” de diverses bibliotecas, escuelas, centros cívicos, bares, galerías de arte&#8230;</em></p>
<p>Espectacles: <a title="CINC CONTEnents. UN ESCENARI" href="https://www.muntdemots.org/2013/events/cinc-contenents-un-escenari/">CINC CONTEnents. UN ESCENARI</a> //  <a title="ALÍCIA PATAPAM (1)" href="https://www.muntdemots.org/2013/events/alicia-patapam-2/">ALÍCIA PATAPAM (1)</a> //  <a title="ALÍCIA PATAPAM (2)" href="https://www.muntdemots.org/2013/events/alicia-patapam/">ALÍCIA PATAPAM (2)</a> // <a title="CLOENDA" href="https://www.muntdemots.org/2013/events/cloenda/">CLOENDA</a></p>

<p>La seva trajectòria com a narradora de contes va començar fa uns quatre anys, a partir d’un curs que va realitzar amb el narrador veneçolà Rubén Martínez. Des d’aleshores no ha deixat d’estar en contacte amb el món de la narració oral, tant per a petits com per a grans. Ha participat en l’activitat “L’Aventura [&hellip;]</p>
