{"id":6554,"date":"2013-07-25T08:27:41","date_gmt":"2013-07-25T08:27:41","guid":{"rendered":"http:\/\/www.muntdemots.org\/2013\/?page_id=6554"},"modified":"2013-09-02T16:32:17","modified_gmt":"2013-09-02T16:32:17","slug":"narrin-narran","status":"publish","type":"page","link":"https:\/\/www.muntdemots.org\/2013\/participants\/narrin-narran\/","title":{"rendered":"NARR\u00cdN NARRAN"},"content":{"rendered":"<p><a href=\"https:\/\/www.muntdemots.org\/2013\/wp-content\/uploads\/2013\/07\/BELLEZAS....jpg\"><img decoding=\"async\" loading=\"lazy\" class=\"alignright size-medium wp-image-6555\" title=\"BELLEZAS...\" src=\"https:\/\/www.muntdemots.org\/2013\/wp-content\/uploads\/2013\/07\/BELLEZAS...-300x225.jpg\" alt=\"\" width=\"300\" height=\"225\" srcset=\"https:\/\/www.muntdemots.org\/2013\/wp-content\/uploads\/2013\/07\/BELLEZAS...-300x225.jpg 300w, https:\/\/www.muntdemots.org\/2013\/wp-content\/uploads\/2013\/07\/BELLEZAS...-1024x768.jpg 1024w, https:\/\/www.muntdemots.org\/2013\/wp-content\/uploads\/2013\/07\/BELLEZAS....jpg 2048w\" sizes=\"(max-width: 300px) 100vw, 300px\" \/><\/a>\u00c9s un grup de dones que des del 2008 es reuneixen un dijous al mes al Casal Antoni Mir\u00f3 per explicar \u2013i explicar-se a elles mateixes- contes de tota mena al p\u00fablic que, cada vegada m\u00e9s nombr\u00f3s i entusiasta, s\u2019hi apropa per participar-hi. De tant en tant, fan sessions a biblioteques. S\u00f3n amigues i gaudeixen molt d\u2019anar plegades a escoltar altres narradors. Encara que molts diferents quant a formaci\u00f3, experi\u00e8ncia i maneres de contar, tenen en com\u00fa l\u2019amor per les bones hist\u00f2ries i una gran capacitat per fruir de la m\u00e0gia de la narraci\u00f3 oral.<\/p>\n<p><em>Es un grupo de mujeres que desde 2008 se re\u00fanen un jueves de cada mes en el Casal Antoni Mir\u00f3 para explicar \u2013y explicarse a ellas mismas- toda clase de cuentos al p\u00fablico cada vez m\u00e1s numeroso y entusiasta que se acerca para participar. Tambi\u00e9n hacen sesiones en bibliotecas. Son amigas y disfrutan yendo juntas a o\u00edr contar a otros narradores. Diferentes en cuanto a formaci\u00f3n, experiencias y maneras de contar tienen en com\u00fan el amor por las buenas historias y la capacidad de gozar de la magia de la narraci\u00f3n oral.<\/em><\/p>\n<p>Espectacle: <a title=\"JAM DE CONTES AMB NARR\u00cdN NARRAN\" href=\"https:\/\/www.muntdemots.org\/2013\/events\/jam-de-contes-narrin-narran\/\">JAM DE CONTES AMB NARR\u00cdN NARRAN<\/a><\/p>\n","protected":false},"excerpt":{"rendered":"<p>\u00c9s un grup de dones que des del 2008 es reuneixen un dijous al mes al Casal Antoni Mir\u00f3 per explicar \u2013i explicar-se a elles mateixes- contes de tota mena al p\u00fablic que, cada vegada m\u00e9s nombr\u00f3s i entusiasta, s\u2019hi apropa per participar-hi. De tant en tant, fan sessions a biblioteques. S\u00f3n amigues i gaudeixen [&hellip;]<\/p>\n","protected":false},"author":1,"featured_media":0,"parent":4,"menu_order":0,"comment_status":"open","ping_status":"closed","template":"","meta":{"_mi_skip_tracking":false},"_links":{"self":[{"href":"https:\/\/www.muntdemots.org\/2013\/wp-json\/wp\/v2\/pages\/6554"}],"collection":[{"href":"https:\/\/www.muntdemots.org\/2013\/wp-json\/wp\/v2\/pages"}],"about":[{"href":"https:\/\/www.muntdemots.org\/2013\/wp-json\/wp\/v2\/types\/page"}],"author":[{"embeddable":true,"href":"https:\/\/www.muntdemots.org\/2013\/wp-json\/wp\/v2\/users\/1"}],"replies":[{"embeddable":true,"href":"https:\/\/www.muntdemots.org\/2013\/wp-json\/wp\/v2\/comments?post=6554"}],"version-history":[{"count":7,"href":"https:\/\/www.muntdemots.org\/2013\/wp-json\/wp\/v2\/pages\/6554\/revisions"}],"predecessor-version":[{"id":6905,"href":"https:\/\/www.muntdemots.org\/2013\/wp-json\/wp\/v2\/pages\/6554\/revisions\/6905"}],"up":[{"embeddable":true,"href":"https:\/\/www.muntdemots.org\/2013\/wp-json\/wp\/v2\/pages\/4"}],"wp:attachment":[{"href":"https:\/\/www.muntdemots.org\/2013\/wp-json\/wp\/v2\/media?parent=6554"}],"curies":[{"name":"wp","href":"https:\/\/api.w.org\/{rel}","templated":true}]}}

NARRÍN NARRAN

<p><a href="https://www.muntdemots.org/2013/wp-content/uploads/2013/07/BELLEZAS....jpg"><img decoding="async" loading="lazy" class="alignright size-medium wp-image-6555" title="BELLEZAS..." src="https://www.muntdemots.org/2013/wp-content/uploads/2013/07/BELLEZAS...-300x225.jpg" alt="" width="300" height="225" srcset="https://www.muntdemots.org/2013/wp-content/uploads/2013/07/BELLEZAS...-300x225.jpg 300w, https://www.muntdemots.org/2013/wp-content/uploads/2013/07/BELLEZAS...-1024x768.jpg 1024w, https://www.muntdemots.org/2013/wp-content/uploads/2013/07/BELLEZAS....jpg 2048w" sizes="(max-width: 300px) 100vw, 300px" /></a>És un grup de dones que des del 2008 es reuneixen un dijous al mes al Casal Antoni Miró per explicar –i explicar-se a elles mateixes- contes de tota mena al públic que, cada vegada més nombrós i entusiasta, s’hi apropa per participar-hi. De tant en tant, fan sessions a biblioteques. Són amigues i gaudeixen molt d’anar plegades a escoltar altres narradors. Encara que molts diferents quant a formació, experiència i maneres de contar, tenen en comú l’amor per les bones històries i una gran capacitat per fruir de la màgia de la narració oral.</p>
<p><em>Es un grupo de mujeres que desde 2008 se reúnen un jueves de cada mes en el Casal Antoni Miró para explicar –y explicarse a ellas mismas- toda clase de cuentos al público cada vez más numeroso y entusiasta que se acerca para participar. También hacen sesiones en bibliotecas. Son amigas y disfrutan yendo juntas a oír contar a otros narradores. Diferentes en cuanto a formación, experiencias y maneras de contar tienen en común el amor por las buenas historias y la capacidad de gozar de la magia de la narración oral.</em></p>
<p>Espectacle: <a title="JAM DE CONTES AMB NARRÍN NARRAN" href="https://www.muntdemots.org/2013/events/jam-de-contes-narrin-narran/">JAM DE CONTES AMB NARRÍN NARRAN</a></p>

<p>És un grup de dones que des del 2008 es reuneixen un dijous al mes al Casal Antoni Miró per explicar –i explicar-se a elles mateixes- contes de tota mena al públic que, cada vegada més nombrós i entusiasta, s’hi apropa per participar-hi. De tant en tant, fan sessions a biblioteques. Són amigues i gaudeixen [&hellip;]</p>
