{"id":6513,"date":"2013-07-24T11:23:17","date_gmt":"2013-07-24T11:23:17","guid":{"rendered":"http:\/\/www.muntdemots.org\/2013\/?page_id=6513"},"modified":"2013-09-09T15:36:17","modified_gmt":"2013-09-09T15:36:17","slug":"compania-encuentadas","status":"publish","type":"page","link":"https:\/\/www.muntdemots.org\/2013\/participants\/compania-encuentadas\/","title":{"rendered":"COMPA\u00d1\u00cdA ENCUENTADAS"},"content":{"rendered":"<p><a href=\"https:\/\/www.muntdemots.org\/2013\/wp-content\/uploads\/2013\/07\/1017253_10201555937529283_33730099_n.jpg\"><img decoding=\"async\" loading=\"lazy\" class=\"alignright size-medium wp-image-6981\" title=\"1017253_10201555937529283_33730099_n\" src=\"https:\/\/www.muntdemots.org\/2013\/wp-content\/uploads\/2013\/07\/1017253_10201555937529283_33730099_n-300x210.jpg\" alt=\"\" width=\"300\" height=\"210\" srcset=\"https:\/\/www.muntdemots.org\/2013\/wp-content\/uploads\/2013\/07\/1017253_10201555937529283_33730099_n-300x210.jpg 300w, https:\/\/www.muntdemots.org\/2013\/wp-content\/uploads\/2013\/07\/1017253_10201555937529283_33730099_n.jpg 900w\" sizes=\"(max-width: 300px) 100vw, 300px\" \/><\/a>Lucia Lainez y Andrea Ort\u00fazar es van trobar el 2009 i totes dues tenien les mateixes \u00e0nsies per contar. Encantades de con\u00e8ixer-se es van transformar en Encuentadas. Andrea ve de Xile i Lucia, de Fran\u00e7a, amb origen a les Antilles. Des de llavors han creat sessions pr\u00f2pies. Han participat com animadores de la JAM de la Casa de los Cuentos i han col\u00b7laborat en el seus cicles i maratons. Juntament amb un centre terap\u00e8utic, han creat \u201cAdalan Explica\u2026\u201d un espai per contar contes a nens i adults.<\/p>\n<p><em>Lucia Lainez y Andrea Ort\u00fazar se encontraron en 2009 y ambas ten\u00edan las mismas ansias por contar. Encantadas de conocerse se convirtieron en Encuentadas. Andrea viene de Chile y Lucia de Francia, origen Antillas. Desde entonces no han parado creando sesiones propias. Han participado como animadoras de la JAM de la Casa de los Cuentos y han colaborado en sus distintos ciclos de cuentos y maratones. Han creado en conjunto con un centro terap\u00e9utico\u00a0 \u201cAdalan Explica\u2026\u201d, un espacio para narrar cuentos a ni\u00f1os y adultos.<\/em><\/p>\n<p>Espectacle:\u00a0<a href=\"https:\/\/www.muntdemots.org\/2013\/events\/lescola-de-les-fades\/\">L&#8217;ESCOLA DE LES FADES<\/a><\/p>\n","protected":false},"excerpt":{"rendered":"<p>Lucia Lainez y Andrea Ort\u00fazar es van trobar el 2009 i totes dues tenien les mateixes \u00e0nsies per contar. Encantades de con\u00e8ixer-se es van transformar en Encuentadas. Andrea ve de Xile i Lucia, de Fran\u00e7a, amb origen a les Antilles. Des de llavors han creat sessions pr\u00f2pies. Han participat com animadores de la JAM de [&hellip;]<\/p>\n","protected":false},"author":1,"featured_media":0,"parent":4,"menu_order":0,"comment_status":"open","ping_status":"open","template":"","meta":{"_mi_skip_tracking":false},"_links":{"self":[{"href":"https:\/\/www.muntdemots.org\/2013\/wp-json\/wp\/v2\/pages\/6513"}],"collection":[{"href":"https:\/\/www.muntdemots.org\/2013\/wp-json\/wp\/v2\/pages"}],"about":[{"href":"https:\/\/www.muntdemots.org\/2013\/wp-json\/wp\/v2\/types\/page"}],"author":[{"embeddable":true,"href":"https:\/\/www.muntdemots.org\/2013\/wp-json\/wp\/v2\/users\/1"}],"replies":[{"embeddable":true,"href":"https:\/\/www.muntdemots.org\/2013\/wp-json\/wp\/v2\/comments?post=6513"}],"version-history":[{"count":7,"href":"https:\/\/www.muntdemots.org\/2013\/wp-json\/wp\/v2\/pages\/6513\/revisions"}],"predecessor-version":[{"id":6517,"href":"https:\/\/www.muntdemots.org\/2013\/wp-json\/wp\/v2\/pages\/6513\/revisions\/6517"}],"up":[{"embeddable":true,"href":"https:\/\/www.muntdemots.org\/2013\/wp-json\/wp\/v2\/pages\/4"}],"wp:attachment":[{"href":"https:\/\/www.muntdemots.org\/2013\/wp-json\/wp\/v2\/media?parent=6513"}],"curies":[{"name":"wp","href":"https:\/\/api.w.org\/{rel}","templated":true}]}}