{"id":6438,"date":"2013-07-24T08:31:35","date_gmt":"2013-07-24T08:31:35","guid":{"rendered":"http:\/\/www.muntdemots.org\/2013\/?page_id=6438"},"modified":"2013-09-02T16:40:00","modified_gmt":"2013-09-02T16:40:00","slug":"susana-tornero","status":"publish","type":"page","link":"https:\/\/www.muntdemots.org\/2013\/participants\/susana-tornero\/","title":{"rendered":"SUSANA TORNERO"},"content":{"rendered":"<p><a href=\"https:\/\/www.muntdemots.org\/2013\/wp-content\/uploads\/2013\/07\/SUSANA-Y-YERKO-1.jpg\"><img decoding=\"async\" loading=\"lazy\" class=\"alignright size-medium wp-image-6446\" title=\"SUSANA Y YERKO 1\" src=\"https:\/\/www.muntdemots.org\/2013\/wp-content\/uploads\/2013\/07\/SUSANA-Y-YERKO-1-300x300.jpg\" alt=\"\" width=\"300\" height=\"300\" srcset=\"https:\/\/www.muntdemots.org\/2013\/wp-content\/uploads\/2013\/07\/SUSANA-Y-YERKO-1-300x300.jpg 300w, https:\/\/www.muntdemots.org\/2013\/wp-content\/uploads\/2013\/07\/SUSANA-Y-YERKO-1-150x150.jpg 150w, https:\/\/www.muntdemots.org\/2013\/wp-content\/uploads\/2013\/07\/SUSANA-Y-YERKO-1.jpg 876w\" sizes=\"(max-width: 300px) 100vw, 300px\" \/><\/a>Li encanta jugar amb la sonoritat de les lleng\u00fces: japon\u00e8s, tibet\u00e0, urd\u00fa, lakota, bret\u00f3, cherokee, crioll d\u2019Hait\u00ed, uzbek, ioruba&#8230; La seva atracci\u00f3 pels contes est\u00e0 lligada als s\u00edmbols, la gestualitat, els mudres de l\u2019art teatral Kathakalibols, i la dansa kathak que narra hist\u00f2ries mitjan\u00e7ant el ball. Ha participat en diferents Trobades i Festivals de Narraci\u00f3, i actuat amb sessions pr\u00f2pies en espais com Casa del T\u00edbet, Harlem Jazz Club o l&#8217;Ambaixada d\u2019Espanya a<strong> <\/strong>Nouakchott\u00a0(Maurit\u00e0nia) . Forma part del duet de narraci\u00f3\u00a0T\u00e0\u00e1ndem\u00a0i del grup de Nuts Club Quartett.<\/p>\n<p><em>Le encanta jugar con la sonoridad de las lenguas: japon\u00e9s, tibetano, lakota, bret\u00f3n, cherokee, el criollo de Haiti, uzbeko, yoruba&#8230;La atracci\u00f3n por los cuentos viene de la mano de los s\u00edmbolos, la gestualidad y los mudras del arte teatral Kathakalibols, y la danza kathak para narrar historias a trav\u00e9s del baile. Ha participado en diferentes Encuentros y Festivales de Narraci\u00f3n y actuado con sesiones propias en espacios como la Casa del T\u00edbet, Harlem Jazz Club o la Embajada de Espa\u00f1a en<strong> <\/strong>Nouakchott\u00a0(Mauritania). Forma parte del dueto de narraci\u00f3n T\u00e0\u00e1ndem<strong> <\/strong>y del grupo Nuts Club Quartett.<\/em><\/p>\n<p>Espectacle: <a href=\"https:\/\/www.muntdemots.org\/2013\/events\/sabir-sabir\/\">SABIR, SABIR<\/a><\/p>\n","protected":false},"excerpt":{"rendered":"<p>Li encanta jugar amb la sonoritat de les lleng\u00fces: japon\u00e8s, tibet\u00e0, urd\u00fa, lakota, bret\u00f3, cherokee, crioll d\u2019Hait\u00ed, uzbek, ioruba&#8230; La seva atracci\u00f3 pels contes est\u00e0 lligada als s\u00edmbols, la gestualitat, els mudres de l\u2019art teatral Kathakalibols, i la dansa kathak que narra hist\u00f2ries mitjan\u00e7ant el ball. Ha participat en diferents Trobades i Festivals de Narraci\u00f3, [&hellip;]<\/p>\n","protected":false},"author":1,"featured_media":0,"parent":4,"menu_order":0,"comment_status":"open","ping_status":"open","template":"","meta":{"_mi_skip_tracking":false},"_links":{"self":[{"href":"https:\/\/www.muntdemots.org\/2013\/wp-json\/wp\/v2\/pages\/6438"}],"collection":[{"href":"https:\/\/www.muntdemots.org\/2013\/wp-json\/wp\/v2\/pages"}],"about":[{"href":"https:\/\/www.muntdemots.org\/2013\/wp-json\/wp\/v2\/types\/page"}],"author":[{"embeddable":true,"href":"https:\/\/www.muntdemots.org\/2013\/wp-json\/wp\/v2\/users\/1"}],"replies":[{"embeddable":true,"href":"https:\/\/www.muntdemots.org\/2013\/wp-json\/wp\/v2\/comments?post=6438"}],"version-history":[{"count":5,"href":"https:\/\/www.muntdemots.org\/2013\/wp-json\/wp\/v2\/pages\/6438\/revisions"}],"predecessor-version":[{"id":6908,"href":"https:\/\/www.muntdemots.org\/2013\/wp-json\/wp\/v2\/pages\/6438\/revisions\/6908"}],"up":[{"embeddable":true,"href":"https:\/\/www.muntdemots.org\/2013\/wp-json\/wp\/v2\/pages\/4"}],"wp:attachment":[{"href":"https:\/\/www.muntdemots.org\/2013\/wp-json\/wp\/v2\/media?parent=6438"}],"curies":[{"name":"wp","href":"https:\/\/api.w.org\/{rel}","templated":true}]}}