{"id":6426,"date":"2013-07-24T08:03:48","date_gmt":"2013-07-24T08:03:48","guid":{"rendered":"http:\/\/www.muntdemots.org\/2013\/?page_id=6426"},"modified":"2013-09-06T11:11:05","modified_gmt":"2013-09-06T11:11:05","slug":"ana-ly","status":"publish","type":"page","link":"https:\/\/www.muntdemots.org\/2013\/participants\/ana-ly\/","title":{"rendered":"ANNA LY"},"content":{"rendered":"<p><a href=\"https:\/\/www.muntdemots.org\/2013\/wp-content\/uploads\/2013\/07\/AnaLy.jpg\"><img decoding=\"async\" loading=\"lazy\" class=\"alignright size-medium wp-image-6427\" title=\"AnaLy\" src=\"https:\/\/www.muntdemots.org\/2013\/wp-content\/uploads\/2013\/07\/AnaLy-227x300.jpg\" alt=\"\" width=\"227\" height=\"300\" srcset=\"https:\/\/www.muntdemots.org\/2013\/wp-content\/uploads\/2013\/07\/AnaLy-227x300.jpg 227w, https:\/\/www.muntdemots.org\/2013\/wp-content\/uploads\/2013\/07\/AnaLy.jpg 250w\" sizes=\"(max-width: 227px) 100vw, 227px\" \/><\/a><span style=\"font-family: Arial;\">Anna Ly va obtenir una repercussi\u00f3 important del seu treball, tant des d\u2019un \u00e0mbit nacional com internacional, am<\/span><span style=\"font-family: Arial;\">b les peces \u201c<em>Pa<\/em><em>ra te Interpretar<\/em>\u201d i \u201c<em>Quem Somos N\u00f3s<\/em>\u201d, a m\u00e9s del remix que va realitzar de<em> &#8220;Material World 3082<\/em>&#8221; per al CD &#8220;<em>Panapan\u00e1<\/em>&#8220;. Aquestes peces van entrar en la programaci\u00f3 de diverses r\u00e0dios importants de Londres (BBC i Jazz FM), Roma, Amsterdam, Munic i T\u00f2quio. En aquesta ocasi\u00f3 presentar\u00e0 el seu treball dedicat als nens i nenes.<\/span><\/p>\n<p><em><span style=\"font-family: Arial;\">Anna Ly<\/span><span style=\"font-family: Arial;\">\u00a0obtuvo una\u00a0repercusi\u00f3n importante de su trabajo, tanto a nivel nacional como internacional, con las piezas <\/span><\/em><span style=\"font-family: Arial;\">\u201c<\/span><span style=\"font-family: Arial;\">Pa<\/span><span style=\"font-family: Arial;\">ra te Interpretar<\/span><span style=\"font-family: Arial;\">\u201d<\/span><em><span style=\"font-family: Arial;\"> y \u201c<\/span><\/em><span style=\"font-family: Arial;\">Quem Somos N\u00f3s<\/span><em><span style=\"font-family: Arial;\">\u201d, adem\u00e1s del remix que realiz\u00f3 de <\/span><\/em><span style=\"font-family: Arial;\">\u201cMat<\/span><span style=\"font-family: Arial;\">erial World<\/span><span style=\"font-family: Arial;\">\u00a03082<\/span><em><span style=\"font-family: Arial;\">\u201d para el CD\u00a0<\/span><span style=\"font-family: Arial;\">\u201c<\/span><\/em><span style=\"font-family: Arial;\">Panapan\u00e1<\/span><span style=\"font-family: Arial;\">\u201d<\/span><em><span style=\"font-family: Arial;\">. Estas piezas entraron en la programaci\u00f3n de varias radios importantes de Londres (<\/span><span style=\"font-family: Arial;\">BBC y Jazz FM<\/span><span style=\"font-family: Arial;\">), Roma, \u00c1<\/span><\/em><em><span style=\"font-family: Arial;\">msterdam, Munich y Tokio.\u00a0En esta ocasi\u00f3n presentar\u00e1 su trabajo dedicado a los ni\u00f1os y ni\u00f1as.<\/span><span style=\"font-family: Arial;\"><br \/>\n<\/span><\/em><\/p>\n<p>&nbsp;<\/p>\n<p>Espectacle: <a href=\"https:\/\/www.muntdemots.org\/2013\/events\/tertulia-de-contes-i-cancons-al-cat\/\" target=\"_blank\">TERT\u00daLIA DE CONTES I CAN\u00c7ONS AL CAT<\/a><\/p>\n","protected":false},"excerpt":{"rendered":"<p>Anna Ly va obtenir una repercussi\u00f3 important del seu treball, tant des d\u2019un \u00e0mbit nacional com internacional, amb les peces \u201cPara te Interpretar\u201d i \u201cQuem Somos N\u00f3s\u201d, a m\u00e9s del remix que va realitzar de &#8220;Material World 3082&#8221; per al CD &#8220;Panapan\u00e1&#8220;. Aquestes peces van entrar en la programaci\u00f3 de diverses r\u00e0dios importants de Londres [&hellip;]<\/p>\n","protected":false},"author":1,"featured_media":0,"parent":4,"menu_order":0,"comment_status":"open","ping_status":"closed","template":"","meta":{"_mi_skip_tracking":false},"_links":{"self":[{"href":"https:\/\/www.muntdemots.org\/2013\/wp-json\/wp\/v2\/pages\/6426"}],"collection":[{"href":"https:\/\/www.muntdemots.org\/2013\/wp-json\/wp\/v2\/pages"}],"about":[{"href":"https:\/\/www.muntdemots.org\/2013\/wp-json\/wp\/v2\/types\/page"}],"author":[{"embeddable":true,"href":"https:\/\/www.muntdemots.org\/2013\/wp-json\/wp\/v2\/users\/1"}],"replies":[{"embeddable":true,"href":"https:\/\/www.muntdemots.org\/2013\/wp-json\/wp\/v2\/comments?post=6426"}],"version-history":[{"count":12,"href":"https:\/\/www.muntdemots.org\/2013\/wp-json\/wp\/v2\/pages\/6426\/revisions"}],"predecessor-version":[{"id":6430,"href":"https:\/\/www.muntdemots.org\/2013\/wp-json\/wp\/v2\/pages\/6426\/revisions\/6430"}],"up":[{"embeddable":true,"href":"https:\/\/www.muntdemots.org\/2013\/wp-json\/wp\/v2\/pages\/4"}],"wp:attachment":[{"href":"https:\/\/www.muntdemots.org\/2013\/wp-json\/wp\/v2\/media?parent=6426"}],"curies":[{"name":"wp","href":"https:\/\/api.w.org\/{rel}","templated":true}]}}