{"id":255,"date":"2012-07-01T16:30:52","date_gmt":"2012-07-01T16:30:52","guid":{"rendered":"http:\/\/www.muntdemots.org\/"},"modified":"2013-09-25T08:35:08","modified_gmt":"2013-09-25T08:35:08","slug":"credits","status":"publish","type":"page","link":"https:\/\/www.muntdemots.org\/2013\/credits\/","title":{"rendered":"Cr\u00e8dits"},"content":{"rendered":"<p>ORGANITZA:<\/p>\n<p><strong><a href=\"https:\/\/www.muntdemots.org\/2013\/wp-content\/uploads\/2013\/07\/munt-de-paraules.jpg\"><img decoding=\"async\" loading=\"lazy\" class=\"wp-image-6331 alignleft\" title=\"munt de paraules\" alt=\"\" src=\"https:\/\/www.muntdemots.org\/2013\/wp-content\/uploads\/2013\/07\/munt-de-paraules-300x222.jpg\" width=\"191\" height=\"141\" srcset=\"https:\/\/www.muntdemots.org\/2013\/wp-content\/uploads\/2013\/07\/munt-de-paraules-300x222.jpg 300w, https:\/\/www.muntdemots.org\/2013\/wp-content\/uploads\/2013\/07\/munt-de-paraules.jpg 307w\" sizes=\"(max-width: 191px) 100vw, 191px\" \/><\/a><\/strong><\/p>\n<p>&nbsp;<\/p>\n<p>&nbsp;<\/p>\n<p>&nbsp;<\/p>\n<p>&nbsp;<\/p>\n<p>&nbsp;<\/p>\n<p><img decoding=\"async\" loading=\"lazy\" class=\"size-full wp-image-6332 alignleft\" title=\"logopati\" alt=\"\" src=\"https:\/\/www.muntdemots.org\/2013\/wp-content\/uploads\/2013\/07\/logopati.png\" width=\"200\" height=\"106\" \/><\/p>\n<p>&nbsp;<\/p>\n<p>&nbsp;<\/p>\n<p>&nbsp;<\/p>\n<p>&nbsp;<\/p>\n<p>PATROCINA:<\/p>\n<p><a class=\"title\" href=\"http:\/\/www.diba.es\/biblioteques\/\" target=\"_blank\"><img decoding=\"async\" alt=\"\" src=\"https:\/\/www.muntdemots.org\/2013\/wp-content\/uploads\/2013\/07\/logo-BIBLIO.jpg\" height=\"50\" \/><\/a><\/p>\n<p><img decoding=\"async\" alt=\"\" src=\"https:\/\/www.muntdemots.org\/2013\/wp-content\/uploads\/2013\/07\/logo-CC.jpg\" height=\"50\" \/><\/p>\n<p><img decoding=\"async\" alt=\"\" src=\"https:\/\/www.muntdemots.org\/2013\/wp-content\/uploads\/2013\/07\/Escudo-Vzla-Consulado-sin-fondo1.png\" height=\"120\" \/><\/p>\n<p><img decoding=\"async\" loading=\"lazy\" alt=\"\" src=\"https:\/\/www.muntdemots.org\/2013\/wp-content\/uploads\/2013\/09\/logo-luz-de-gas-vectorial.jpg\" width=\"92\" height=\"165\" \/><\/p>\n<p>&nbsp;<\/p>\n<p><img decoding=\"async\" alt=\"\" src=\"https:\/\/www.muntdemots.org\/2013\/wp-content\/uploads\/2013\/07\/logo-romea.jpg\" \/><\/p>\n<p>&nbsp;<\/p>\n<p><img decoding=\"async\" alt=\"\" src=\"https:\/\/www.muntdemots.org\/2013\/wp-content\/uploads\/2013\/07\/MUSEU-DE-LA-M\u00daSICA.png\" height=\"30\" \/><\/p>\n<p>&nbsp;<\/p>\n<p>MICRO-MECENES:<\/p>\n<p><em>Alex Nogu\u00e9s Otero, Alicia Molina, Andrea Ort\u00fazar, ANIN (Associaci\u00f3 de Narradores i Narradors), Araceli, Arnau Vilardeb\u00f2, Bego Alabazan, Benjam\u00ed Vilar, Bernat Xirivella, Carine Dubois Mouton,<br \/>\nCarine Simon, Clarisa Gonzalez Ortiz, Consol Jimenez Urbapesia, Cristina Serrat,Cuentos a medida, Duende de la niebla, Elena Polanco Dur\u00e1n, Elisabet Carceller Guillamet, Elisabeth Puentes, Emma, Pau i Albert Violant, Esther Pozo, Flavia Piazza, Helena Rinc\u00f3n P\u00e9rez, Helena Ripoll Azor, Iris Gonzalez Afonso, Isak Dinesen, Israel Herg\u00f3n, Jana Corominas Ras, Javier Abella, Joan Tarr\u00e9s, Jos\u00e9 A. Mu\u00f1oz, Josep Llu\u00eds Gallardo, Judith Navarro Royo, J\u00falia Quintela, Julio Manau, Lluis Fabregat, Maica Chacoino, Maite S\u00e1nchez Benito, Mal\u00faZoe, Mar Tusell, Maria Lorente Torres, Maria Ripoll Cera, Marisol Cumare, Marisol Mart\u00ednez Rodr\u00edguez, Mayte Flores S\u00e1nchez, M\u00f3nica Fandi\u00f1o V\u00e1zquez, N\u00faria Olvera Ripoll, Pen\u00e9lope, Pep Bruno, Rafael Goicoechea, Ramon a. Ponz Corella, Raquel de Manuel Mur, Rosa Pinyol, Roser Ros i Vilanova, Sara Genovert Jan\u00e9, Sole Felloza, Sonia Gimenez, Una pila de Paraules, Vane SM, Victoria Tubau, Willo Arunategui, Yolanda Sorriano Garc\u00eda&#8230; i 26 donacions an\u00f2nimes!\u00a0 Moltes gr\u00e0cies!!!<\/em><br \/>\n<strong><\/strong><\/p>\n<p>&nbsp;<\/p>\n<p>COL.LABORA:<\/p>\n<p>Ateneu de Nou Barris, Ateneu Roig, Biblioteques de Gav\u00e0, Bar Pla de la Calma, Casa Am\u00e8rica Catalunya, Centre Artes\u00e0 Tradicion\u00e0rius, Centre d\u2019Estudis Musicals Mar\u00eda Grever, Consulado de Brasil en Barcelona, Cordes del M\u00f3n, Contes i Cuentos, Ediciones Ekar\u00e9, Editorial Baula, Editorial Edelvives, Librer\u00eda Santos Ochoa, Llibre Obert, www.naocat.com, Red Internacional de Cuentacuentos, N\u00favol.com, Taller de les Arts de Palau-solit\u00e0 i Plegamans, Teatre El Almazen, Teatre Tantarantana, Tr\u00e0nsit Projectes i TRESC (consulteu descomptes).<\/p>\n<p>&nbsp;<\/p>\n<p>Direcci\u00f3: <a href=\"http:\/\/www.rubenmartinezsantana.com\" target=\"_blank\"><strong>Rub\u00e9n Mart\u00ednez Santana<\/strong><\/a><\/p>\n<p>Coordinaci\u00f3: <strong>Ant\u00f2nia Robles i Maite Cus\u00f3 <\/strong>(<a title=\"Descarrega\u2019t el programa complet en PDF!\" href=\"http:\/\/patillimona.net\/\">patillimona.net<\/a>)<strong><br \/>\n<\/strong><\/p>\n<p>Coordinaci\u00f3 Voluntariat: <strong>Sara Esteban<\/strong><\/p>\n<p>Gesti\u00f3 de Projectes: <strong>Laura Rinc\u00f3n<\/strong><\/p>\n<p>Difusi\u00f3 i Comunicaci\u00f3: <strong>Oriol Toro <\/strong>(Premsa i comunicaci\u00f3), <strong>Llu\u00eds Vintr\u00f3 i Laie Vidiella <\/strong>(disseny web), <a href=\"http:\/\/www.intelisen.com\/\" target=\"_blank\"><strong>Juan Pablo Fuentes <\/strong><\/a>(Serveis d\u2019Internet)<\/p>\n<p>Imatge: <strong>Alekos<\/strong><\/p>\n<p>Disseny Gr\u00e0fic: <a href=\"http:\/\/ximenachapero.com\/\" target=\"_blank\"><strong>Ximena Chapero<\/strong><\/a><\/p>\n<p>Traducci\u00f3 i Correcci\u00f3: <strong>S\u00edlvia Artigas, Alicia Molina i \u00c0ngels Aisa<\/strong><\/p>\n","protected":false},"excerpt":{"rendered":"<p>ORGANITZA: &nbsp; &nbsp; &nbsp; &nbsp; &nbsp; &nbsp; &nbsp; &nbsp; &nbsp; PATROCINA: &nbsp; &nbsp; &nbsp; MICRO-MECENES: Alex Nogu\u00e9s Otero, Alicia Molina, Andrea Ort\u00fazar, ANIN (Associaci\u00f3 de Narradores i Narradors), Araceli, Arnau Vilardeb\u00f2, Bego Alabazan, Benjam\u00ed Vilar, Bernat Xirivella, Carine Dubois Mouton, Carine Simon, Clarisa Gonzalez Ortiz, Consol Jimenez Urbapesia, Cristina Serrat,Cuentos a medida, Duende de la [&hellip;]<\/p>\n","protected":false},"author":1,"featured_media":0,"parent":0,"menu_order":0,"comment_status":"open","ping_status":"closed","template":"","meta":{"_mi_skip_tracking":false},"_links":{"self":[{"href":"https:\/\/www.muntdemots.org\/2013\/wp-json\/wp\/v2\/pages\/255"}],"collection":[{"href":"https:\/\/www.muntdemots.org\/2013\/wp-json\/wp\/v2\/pages"}],"about":[{"href":"https:\/\/www.muntdemots.org\/2013\/wp-json\/wp\/v2\/types\/page"}],"author":[{"embeddable":true,"href":"https:\/\/www.muntdemots.org\/2013\/wp-json\/wp\/v2\/users\/1"}],"replies":[{"embeddable":true,"href":"https:\/\/www.muntdemots.org\/2013\/wp-json\/wp\/v2\/comments?post=255"}],"version-history":[{"count":47,"href":"https:\/\/www.muntdemots.org\/2013\/wp-json\/wp\/v2\/pages\/255\/revisions"}],"predecessor-version":[{"id":7024,"href":"https:\/\/www.muntdemots.org\/2013\/wp-json\/wp\/v2\/pages\/255\/revisions\/7024"}],"wp:attachment":[{"href":"https:\/\/www.muntdemots.org\/2013\/wp-json\/wp\/v2\/media?parent=255"}],"curies":[{"name":"wp","href":"https:\/\/api.w.org\/{rel}","templated":true}]}}

Crèdits

<p>ORGANITZA:</p>
<p><strong><a href="https://www.muntdemots.org/2013/wp-content/uploads/2013/07/munt-de-paraules.jpg"><img decoding="async" loading="lazy" class="wp-image-6331 alignleft" title="munt de paraules" alt="" src="https://www.muntdemots.org/2013/wp-content/uploads/2013/07/munt-de-paraules-300x222.jpg" width="191" height="141" srcset="https://www.muntdemots.org/2013/wp-content/uploads/2013/07/munt-de-paraules-300x222.jpg 300w, https://www.muntdemots.org/2013/wp-content/uploads/2013/07/munt-de-paraules.jpg 307w" sizes="(max-width: 191px) 100vw, 191px" /></a></strong></p>
<p>&nbsp;</p>
<p>&nbsp;</p>
<p>&nbsp;</p>
<p>&nbsp;</p>
<p>&nbsp;</p>
<p><img decoding="async" loading="lazy" class="size-full wp-image-6332 alignleft" title="logopati" alt="" src="https://www.muntdemots.org/2013/wp-content/uploads/2013/07/logopati.png" width="200" height="106" /></p>
<p>&nbsp;</p>
<p>&nbsp;</p>
<p>&nbsp;</p>
<p>&nbsp;</p>
<p>PATROCINA:</p>
<p><a class="title" href="http://www.diba.es/biblioteques/" target="_blank"><img decoding="async" alt="" src="https://www.muntdemots.org/2013/wp-content/uploads/2013/07/logo-BIBLIO.jpg" height="50" /></a></p>
<p><img decoding="async" alt="" src="https://www.muntdemots.org/2013/wp-content/uploads/2013/07/logo-CC.jpg" height="50" /></p>
<p><img decoding="async" alt="" src="https://www.muntdemots.org/2013/wp-content/uploads/2013/07/Escudo-Vzla-Consulado-sin-fondo1.png" height="120" /></p>
<p><img decoding="async" loading="lazy" alt="" src="https://www.muntdemots.org/2013/wp-content/uploads/2013/09/logo-luz-de-gas-vectorial.jpg" width="92" height="165" /></p>
<p>&nbsp;</p>
<p><img decoding="async" alt="" src="https://www.muntdemots.org/2013/wp-content/uploads/2013/07/logo-romea.jpg" /></p>
<p>&nbsp;</p>
<p><img decoding="async" alt="" src="https://www.muntdemots.org/2013/wp-content/uploads/2013/07/MUSEU-DE-LA-MÚSICA.png" height="30" /></p>
<p>&nbsp;</p>
<p>MICRO-MECENES:</p>
<p><em>Alex Nogués Otero, Alicia Molina, Andrea Ortúzar, ANIN (Associació de Narradores i Narradors), Araceli, Arnau Vilardebò, Bego Alabazan, Benjamí Vilar, Bernat Xirivella, Carine Dubois Mouton,<br />
Carine Simon, Clarisa Gonzalez Ortiz, Consol Jimenez Urbapesia, Cristina Serrat,Cuentos a medida, Duende de la niebla, Elena Polanco Durán, Elisabet Carceller Guillamet, Elisabeth Puentes, Emma, Pau i Albert Violant, Esther Pozo, Flavia Piazza, Helena Rincón Pérez, Helena Ripoll Azor, Iris Gonzalez Afonso, Isak Dinesen, Israel Hergón, Jana Corominas Ras, Javier Abella, Joan Tarrés, José A. Muñoz, Josep Lluís Gallardo, Judith Navarro Royo, Júlia Quintela, Julio Manau, Lluis Fabregat, Maica Chacoino, Maite Sánchez Benito, MalúZoe, Mar Tusell, Maria Lorente Torres, Maria Ripoll Cera, Marisol Cumare, Marisol Martínez Rodríguez, Mayte Flores Sánchez, Mónica Fandiño Vázquez, Núria Olvera Ripoll, Penélope, Pep Bruno, Rafael Goicoechea, Ramon a. Ponz Corella, Raquel de Manuel Mur, Rosa Pinyol, Roser Ros i Vilanova, Sara Genovert Jané, Sole Felloza, Sonia Gimenez, Una pila de Paraules, Vane SM, Victoria Tubau, Willo Arunategui, Yolanda Sorriano García&#8230; i 26 donacions anònimes!  Moltes gràcies!!!</em><br />
<strong></strong></p>
<p>&nbsp;</p>
<p>COL.LABORA:</p>
<p>Ateneu de Nou Barris, Ateneu Roig, Biblioteques de Gavà, Bar Pla de la Calma, Casa Amèrica Catalunya, Centre Artesà Tradicionàrius, Centre d’Estudis Musicals María Grever, Consulado de Brasil en Barcelona, Cordes del Món, Contes i Cuentos, Ediciones Ekaré, Editorial Baula, Editorial Edelvives, Librería Santos Ochoa, Llibre Obert, www.naocat.com, Red Internacional de Cuentacuentos, Núvol.com, Taller de les Arts de Palau-solità i Plegamans, Teatre El Almazen, Teatre Tantarantana, Trànsit Projectes i TRESC (consulteu descomptes).</p>
<p>&nbsp;</p>
<p>Direcció: <a href="http://www.rubenmartinezsantana.com" target="_blank"><strong>Rubén Martínez Santana</strong></a></p>
<p>Coordinació: <strong>Antònia Robles i Maite Cusó </strong>(<a title="Descarrega’t el programa complet en PDF!" href="http://patillimona.net/">patillimona.net</a>)<strong><br />
</strong></p>
<p>Coordinació Voluntariat: <strong>Sara Esteban</strong></p>
<p>Gestió de Projectes: <strong>Laura Rincón</strong></p>
<p>Difusió i Comunicació: <strong>Oriol Toro </strong>(Premsa i comunicació), <strong>Lluís Vintró i Laie Vidiella </strong>(disseny web), <a href="http://www.intelisen.com/" target="_blank"><strong>Juan Pablo Fuentes </strong></a>(Serveis d’Internet)</p>
<p>Imatge: <strong>Alekos</strong></p>
<p>Disseny Gràfic: <a href="http://ximenachapero.com/" target="_blank"><strong>Ximena Chapero</strong></a></p>
<p>Traducció i Correcció: <strong>Sílvia Artigas, Alicia Molina i Àngels Aisa</strong></p>

<p>ORGANITZA: &nbsp; &nbsp; &nbsp; &nbsp; &nbsp; &nbsp; &nbsp; &nbsp; &nbsp; PATROCINA: &nbsp; &nbsp; &nbsp; MICRO-MECENES: Alex Nogués Otero, Alicia Molina, Andrea Ortúzar, ANIN (Associació de Narradores i Narradors), Araceli, Arnau Vilardebò, Bego Alabazan, Benjamí Vilar, Bernat Xirivella, Carine Dubois Mouton, Carine Simon, Clarisa Gonzalez Ortiz, Consol Jimenez Urbapesia, Cristina Serrat,Cuentos a medida, Duende de la [&hellip;]</p>
