{"id":5685,"date":"2012-07-13T10:35:47","date_gmt":"2012-07-13T10:35:47","guid":{"rendered":"http:\/\/www.muntdemots.org\/?page_id=5685"},"modified":"2012-07-14T22:29:24","modified_gmt":"2012-07-14T22:29:24","slug":"albert-marques","status":"publish","type":"page","link":"https:\/\/www.muntdemots.org\/2012\/participants\/albert-marques\/","title":{"rendered":"ALBERT MARQU\u00c9S"},"content":{"rendered":"<p style=\"text-align: justify;\"><img decoding=\"async\" loading=\"lazy\" class=\"alignleft size-medium wp-image-5686\" title=\"ALBERT MARQUES\" src=\"\/2012\/wp-content\/uploads\/2012\/07\/ALBERT-MARQUES-1-300x264.png\" alt=\"\" width=\"300\" height=\"264\" srcset=\"https:\/\/www.muntdemots.org\/2012\/wp-content\/uploads\/2012\/07\/ALBERT-MARQUES-1-300x264.png 300w, https:\/\/www.muntdemots.org\/2012\/wp-content\/uploads\/2012\/07\/ALBERT-MARQUES-1.png 301w\" sizes=\"(max-width: 300px) 100vw, 300px\" \/>Em dic Albert Marqu\u00e9s, per\u00f2 molts em diuen Ursus o \u00d3s Mandr\u00f3s. L\u2019any 1994 vaig comen\u00e7ar a explicar contes a biblioteques, escoles, carrers i arreu on hi hagi unes orelles disposades a escoltar-los. M\u2019agraden els trencaclosques, els enigmes, els titelles, els macarrons amb tom\u00e0quet i entre moltes altres coses, els contes.<\/p>\n<p>&nbsp;<br \/>\n&nbsp;<\/p>\n<p>&nbsp;<br \/>\n&nbsp;<\/p>\n<p style=\"text-align: justify;\"><a href=\"\/2012\/toda-la-programacion\/humor-i-tendresa%E2%80%A8\/\" target=\"_blank\"><strong>HUMOR I TENDRESA<\/strong><\/a>\u2028 <\/p>\n<p style=\"text-align: justify;\">El despertador, la presa, l\u2019emb\u00fas, la falta d\u2019aparcament, el grunyir del cap de departament, el caf\u00e8 que ja costa 1,75\u20ac!, els rumors de reducci\u00f3 de plantilla, m\u00e9s emb\u00fas, els crits del ve\u00ed del cinqu\u00e8, el martell pneum\u00e0tic taladrant a la porta de casa i per postres el telediari!\u2028Afortunadament existeixen els contes, aliment pel cor. Us explicar\u00e9 contes que tenen el que jo necessito per viure: Humor i tendresa.<\/p>\n","protected":false},"excerpt":{"rendered":"<p>Em dic Albert Marqu\u00e9s, per\u00f2 molts em diuen Ursus o \u00d3s Mandr\u00f3s. L\u2019any 1994 vaig comen\u00e7ar a explicar contes a biblioteques, escoles, carrers i arreu on hi hagi unes orelles disposades a escoltar-los. M\u2019agraden els trencaclosques, els enigmes, els titelles, els macarrons amb tom\u00e0quet i entre moltes altres coses, els contes. &nbsp; &nbsp; &nbsp; &nbsp;&#8230;<\/p>\n","protected":false},"author":1,"featured_media":0,"parent":4,"menu_order":0,"comment_status":"open","ping_status":"open","template":"","meta":[],"_links":{"self":[{"href":"https:\/\/www.muntdemots.org\/2012\/wp-json\/wp\/v2\/pages\/5685"}],"collection":[{"href":"https:\/\/www.muntdemots.org\/2012\/wp-json\/wp\/v2\/pages"}],"about":[{"href":"https:\/\/www.muntdemots.org\/2012\/wp-json\/wp\/v2\/types\/page"}],"author":[{"embeddable":true,"href":"https:\/\/www.muntdemots.org\/2012\/wp-json\/wp\/v2\/users\/1"}],"replies":[{"embeddable":true,"href":"https:\/\/www.muntdemots.org\/2012\/wp-json\/wp\/v2\/comments?post=5685"}],"version-history":[{"count":11,"href":"https:\/\/www.muntdemots.org\/2012\/wp-json\/wp\/v2\/pages\/5685\/revisions"}],"predecessor-version":[{"id":5869,"href":"https:\/\/www.muntdemots.org\/2012\/wp-json\/wp\/v2\/pages\/5685\/revisions\/5869"}],"up":[{"embeddable":true,"href":"https:\/\/www.muntdemots.org\/2012\/wp-json\/wp\/v2\/pages\/4"}],"wp:attachment":[{"href":"https:\/\/www.muntdemots.org\/2012\/wp-json\/wp\/v2\/media?parent=5685"}],"curies":[{"name":"wp","href":"https:\/\/api.w.org\/{rel}","templated":true}]}}

ALBERT MARQUÉS

<p style="text-align: justify;"><img decoding="async" loading="lazy" class="alignleft size-medium wp-image-5686" title="ALBERT MARQUES" src="/2012/wp-content/uploads/2012/07/ALBERT-MARQUES-1-300x264.png" alt="" width="300" height="264" srcset="https://www.muntdemots.org/2012/wp-content/uploads/2012/07/ALBERT-MARQUES-1-300x264.png 300w, https://www.muntdemots.org/2012/wp-content/uploads/2012/07/ALBERT-MARQUES-1.png 301w" sizes="(max-width: 300px) 100vw, 300px" />Em dic Albert Marqués, però molts em diuen Ursus o Ós Mandrós. L’any 1994 vaig començar a explicar contes a biblioteques, escoles, carrers i arreu on hi hagi unes orelles disposades a escoltar-los. M’agraden els trencaclosques, els enigmes, els titelles, els macarrons amb tomàquet i entre moltes altres coses, els contes.</p>
<p>&nbsp;<br />
&nbsp;</p>
<p>&nbsp;<br />
&nbsp;</p>
<p style="text-align: justify;"><a href="/2012/toda-la-programacion/humor-i-tendresa%E2%80%A8/" target="_blank"><strong>HUMOR I TENDRESA</strong></a>  </p>
<p style="text-align: justify;">El despertador, la presa, l’embús, la falta d’aparcament, el grunyir del cap de departament, el cafè que ja costa 1,75€!, els rumors de reducció de plantilla, més embús, els crits del veí del cinquè, el martell pneumàtic taladrant a la porta de casa i per postres el telediari! Afortunadament existeixen els contes, aliment pel cor. Us explicaré contes que tenen el que jo necessito per viure: Humor i tendresa.</p>

<p>Em dic Albert Marqués, però molts em diuen Ursus o Ós Mandrós. L’any 1994 vaig començar a explicar contes a biblioteques, escoles, carrers i arreu on hi hagi unes orelles disposades a escoltar-los. M’agraden els trencaclosques, els enigmes, els titelles, els macarrons amb tomàquet i entre moltes altres coses, els contes. &nbsp; &nbsp; &nbsp; &nbsp;&#8230;</p>
