{"id":5674,"date":"2012-07-13T10:27:23","date_gmt":"2012-07-13T10:27:23","guid":{"rendered":"http:\/\/www.muntdemots.org\/?page_id=5674"},"modified":"2012-07-13T10:34:06","modified_gmt":"2012-07-13T10:34:06","slug":"vivim-del-cuentu-2","status":"publish","type":"page","link":"https:\/\/www.muntdemots.org\/2012\/participants\/vivim-del-cuentu-2\/","title":{"rendered":"VIVIM DEL CUENTU"},"content":{"rendered":"<p style=\"text-align: justify;\"><img decoding=\"async\" loading=\"lazy\" class=\"alignleft size-medium wp-image-5675\" title=\"Vivim del Cuentu\" src=\"\/2012\/wp-content\/uploads\/2012\/07\/Vivim-del-Cuentu-1-300x200.jpg\" alt=\"\" width=\"300\" height=\"200\" srcset=\"https:\/\/www.muntdemots.org\/2012\/wp-content\/uploads\/2012\/07\/Vivim-del-Cuentu-1-300x200.jpg 300w, https:\/\/www.muntdemots.org\/2012\/wp-content\/uploads\/2012\/07\/Vivim-del-Cuentu-1.jpg 1000w\" sizes=\"(max-width: 300px) 100vw, 300px\" \/>Som un grup de 7 rondallaires que vam n\u00e9ixer el desembre del 2006 per tal de fer arribar els contes i les hist\u00f2ries de la tradici\u00f3 a petits i grans d&#8217;arreu del pa\u00eds. (El nom del grup no t\u00e9 una lectura literal sin\u00f3 que vol fer refer\u00e8ncia a l&#8217;humor i a la ironia tan necess\u00e0ries avui en dia). Com a grup creiem en el poder dels contes per a educar, per a fer pensar, per a transmetre valors i tamb\u00e9, \u00e9s clar, per a entretenir.<\/p>\n<p style=\"text-align: justify;\"><a href=\"\/2012\/toda-la-programacion\/canta-i-balla-el-conte\/\" target=\"_blank\"><strong>CANTA I BALLA EL CONTE<\/strong><\/a><\/p>\n<p>Sessi\u00f3 de contes ballats i cantats, (o de danses i can\u00e7ons contades). Els culs m\u00e9s inquiets podran cantar i ballar alhora que gaudiran d&#8217;una bonica hist\u00f2ria relacionada amb cada ball i cada can\u00e7\u00f3.<\/p>\n","protected":false},"excerpt":{"rendered":"<p>Som un grup de 7 rondallaires que vam n\u00e9ixer el desembre del 2006 per tal de fer arribar els contes i les hist\u00f2ries de la tradici\u00f3 a petits i grans d&#8217;arreu del pa\u00eds. (El nom del grup no t\u00e9 una lectura literal sin\u00f3 que vol fer refer\u00e8ncia a l&#8217;humor i a la ironia tan necess\u00e0ries&#8230;<\/p>\n","protected":false},"author":1,"featured_media":0,"parent":4,"menu_order":0,"comment_status":"open","ping_status":"open","template":"","meta":[],"_links":{"self":[{"href":"https:\/\/www.muntdemots.org\/2012\/wp-json\/wp\/v2\/pages\/5674"}],"collection":[{"href":"https:\/\/www.muntdemots.org\/2012\/wp-json\/wp\/v2\/pages"}],"about":[{"href":"https:\/\/www.muntdemots.org\/2012\/wp-json\/wp\/v2\/types\/page"}],"author":[{"embeddable":true,"href":"https:\/\/www.muntdemots.org\/2012\/wp-json\/wp\/v2\/users\/1"}],"replies":[{"embeddable":true,"href":"https:\/\/www.muntdemots.org\/2012\/wp-json\/wp\/v2\/comments?post=5674"}],"version-history":[{"count":7,"href":"https:\/\/www.muntdemots.org\/2012\/wp-json\/wp\/v2\/pages\/5674\/revisions"}],"predecessor-version":[{"id":5684,"href":"https:\/\/www.muntdemots.org\/2012\/wp-json\/wp\/v2\/pages\/5674\/revisions\/5684"}],"up":[{"embeddable":true,"href":"https:\/\/www.muntdemots.org\/2012\/wp-json\/wp\/v2\/pages\/4"}],"wp:attachment":[{"href":"https:\/\/www.muntdemots.org\/2012\/wp-json\/wp\/v2\/media?parent=5674"}],"curies":[{"name":"wp","href":"https:\/\/api.w.org\/{rel}","templated":true}]}}

<p style="text-align: justify;"><img decoding="async" loading="lazy" class="alignleft size-medium wp-image-5675" title="Vivim del Cuentu" src="/2012/wp-content/uploads/2012/07/Vivim-del-Cuentu-1-300x200.jpg" alt="" width="300" height="200" srcset="https://www.muntdemots.org/2012/wp-content/uploads/2012/07/Vivim-del-Cuentu-1-300x200.jpg 300w, https://www.muntdemots.org/2012/wp-content/uploads/2012/07/Vivim-del-Cuentu-1.jpg 1000w" sizes="(max-width: 300px) 100vw, 300px" />Som un grup de 7 rondallaires que vam néixer el desembre del 2006 per tal de fer arribar els contes i les històries de la tradició a petits i grans d&#8217;arreu del país. (El nom del grup no té una lectura literal sinó que vol fer referència a l&#8217;humor i a la ironia tan necessàries avui en dia). Com a grup creiem en el poder dels contes per a educar, per a fer pensar, per a transmetre valors i també, és clar, per a entretenir.</p>
<p style="text-align: justify;"><a href="/2012/toda-la-programacion/canta-i-balla-el-conte/" target="_blank"><strong>CANTA I BALLA EL CONTE</strong></a></p>
<p>Sessió de contes ballats i cantats, (o de danses i cançons contades). Els culs més inquiets podran cantar i ballar alhora que gaudiran d&#8217;una bonica història relacionada amb cada ball i cada cançó.</p>

<p>Som un grup de 7 rondallaires que vam néixer el desembre del 2006 per tal de fer arribar els contes i les històries de la tradició a petits i grans d&#8217;arreu del país. (El nom del grup no té una lectura literal sinó que vol fer referència a l&#8217;humor i a la ironia tan necessàries&#8230;</p>
