{"id":5660,"date":"2012-07-13T10:10:07","date_gmt":"2012-07-13T10:10:07","guid":{"rendered":"http:\/\/www.muntdemots.org\/?page_id=5660"},"modified":"2012-07-13T10:16:25","modified_gmt":"2012-07-13T10:16:25","slug":"roser-ros","status":"publish","type":"page","link":"https:\/\/www.muntdemots.org\/2012\/participants\/roser-ros\/","title":{"rendered":"ROSER ROS"},"content":{"rendered":"<p style=\"text-align: justify;\"><img decoding=\"async\" loading=\"lazy\" class=\"alignleft size-full wp-image-5661\" title=\"roser\" src=\"\/2012\/wp-content\/uploads\/2012\/07\/img_20100414014414_thumb.jpg\" alt=\"\" width=\"300\" height=\"200\" \/>Roser Ros i Vilanova (Barcelona 1950) \u00e9s doctora en pedagogia amb la tesi \u201cLes rondalles d\u2019animals: el cicle de la guineu i el llop\u201d (Premi Flos i Calcat 1997), narradora i escriptora. El 2010 ha rebut el Premi de Cultura Popular de mans del CONCA (Consell Catal\u00e0 de les Arts) per la seva tasca continuada en la recerca i divulgaci\u00f3 de les rondalles i els contes contemporanis a tota mena de p\u00fablics i contextos.<\/p>\n<p style=\"text-align: justify;\"><strong>Confer\u00e8ncia<br \/>\n<a href=\"\/2012\/toda-la-programacion\/els-capturadors-de-contes-un-ofici-emocionant-no-exempt-de-perills\/\" target=\"_blank\"><strong>ELS CAPTURADORS DE CONTES, UN OFICI EMOCIONANT,<br \/>\nNO EXEMPT DE PERILLS<strong><\/strong><\/strong><\/a><\/strong><\/p>\n<p style=\"text-align: justify;\">Quins contes escoltar\u00edem si ning\u00fa no s\u2019hagu\u00e9s dedicat a capturar els que s\u2019explicaven? Passarem revista a la gent que es va dedicar a fer aquesta feina tot mostrant les publicacions fruit de la seva feina. Des del llibre de les mil i una nits fins als compiladors actuals, sense oblidar els volums que s\u2019ocupen de la nostra tradici\u00f3\u00a0 oral m\u00e9s genu\u00efna.<\/p>\n","protected":false},"excerpt":{"rendered":"<p>Roser Ros i Vilanova (Barcelona 1950) \u00e9s doctora en pedagogia amb la tesi \u201cLes rondalles d\u2019animals: el cicle de la guineu i el llop\u201d (Premi Flos i Calcat 1997), narradora i escriptora. El 2010 ha rebut el Premi de Cultura Popular de mans del CONCA (Consell Catal\u00e0 de les Arts) per la seva tasca continuada&#8230;<\/p>\n","protected":false},"author":1,"featured_media":0,"parent":4,"menu_order":0,"comment_status":"open","ping_status":"open","template":"","meta":[],"_links":{"self":[{"href":"https:\/\/www.muntdemots.org\/2012\/wp-json\/wp\/v2\/pages\/5660"}],"collection":[{"href":"https:\/\/www.muntdemots.org\/2012\/wp-json\/wp\/v2\/pages"}],"about":[{"href":"https:\/\/www.muntdemots.org\/2012\/wp-json\/wp\/v2\/types\/page"}],"author":[{"embeddable":true,"href":"https:\/\/www.muntdemots.org\/2012\/wp-json\/wp\/v2\/users\/1"}],"replies":[{"embeddable":true,"href":"https:\/\/www.muntdemots.org\/2012\/wp-json\/wp\/v2\/comments?post=5660"}],"version-history":[{"count":8,"href":"https:\/\/www.muntdemots.org\/2012\/wp-json\/wp\/v2\/pages\/5660\/revisions"}],"predecessor-version":[{"id":5664,"href":"https:\/\/www.muntdemots.org\/2012\/wp-json\/wp\/v2\/pages\/5660\/revisions\/5664"}],"up":[{"embeddable":true,"href":"https:\/\/www.muntdemots.org\/2012\/wp-json\/wp\/v2\/pages\/4"}],"wp:attachment":[{"href":"https:\/\/www.muntdemots.org\/2012\/wp-json\/wp\/v2\/media?parent=5660"}],"curies":[{"name":"wp","href":"https:\/\/api.w.org\/{rel}","templated":true}]}}

<p style="text-align: justify;"><img decoding="async" loading="lazy" class="alignleft size-full wp-image-5661" title="roser" src="/2012/wp-content/uploads/2012/07/img_20100414014414_thumb.jpg" alt="" width="300" height="200" />Roser Ros i Vilanova (Barcelona 1950) és doctora en pedagogia amb la tesi “Les rondalles d’animals: el cicle de la guineu i el llop” (Premi Flos i Calcat 1997), narradora i escriptora. El 2010 ha rebut el Premi de Cultura Popular de mans del CONCA (Consell Català de les Arts) per la seva tasca continuada en la recerca i divulgació de les rondalles i els contes contemporanis a tota mena de públics i contextos.</p>
<p style="text-align: justify;"><strong>Conferència<br />
<a href="/2012/toda-la-programacion/els-capturadors-de-contes-un-ofici-emocionant-no-exempt-de-perills/" target="_blank"><strong>ELS CAPTURADORS DE CONTES, UN OFICI EMOCIONANT,<br />
NO EXEMPT DE PERILLS<strong></strong></strong></a></strong></p>
<p style="text-align: justify;">Quins contes escoltaríem si ningú no s’hagués dedicat a capturar els que s’explicaven? Passarem revista a la gent que es va dedicar a fer aquesta feina tot mostrant les publicacions fruit de la seva feina. Des del llibre de les mil i una nits fins als compiladors actuals, sense oblidar els volums que s’ocupen de la nostra tradició  oral més genuïna.</p>

<p>Roser Ros i Vilanova (Barcelona 1950) és doctora en pedagogia amb la tesi “Les rondalles d’animals: el cicle de la guineu i el llop” (Premi Flos i Calcat 1997), narradora i escriptora. El 2010 ha rebut el Premi de Cultura Popular de mans del CONCA (Consell Català de les Arts) per la seva tasca continuada&#8230;</p>
