{"id":5624,"date":"2012-07-13T09:09:13","date_gmt":"2012-07-13T09:09:13","guid":{"rendered":"http:\/\/www.muntdemots.org\/?page_id=5624"},"modified":"2012-07-14T22:20:10","modified_gmt":"2012-07-14T22:20:10","slug":"dminpatricia-mcgill","status":"publish","type":"page","link":"https:\/\/www.muntdemots.org\/2012\/participants\/dminpatricia-mcgill\/","title":{"rendered":"PATRICIA MCGILL"},"content":{"rendered":"<p style=\"text-align: justify;\"><img decoding=\"async\" loading=\"lazy\" class=\"alignleft size-full wp-image-5625\" title=\"patricia\" src=\"\/2012\/wp-content\/uploads\/2012\/07\/dani-i-patricia-casa-elizalde-2006.jpg\" alt=\"\" width=\"300\" height=\"225\" \/>Nascuda a l\u2019Uruguai i resident a Barcelona, els seus avantpassats vingueren de Brasil, Argentina, Esc\u00f2cia, It\u00e0lia\u2026 Llicenciada com a actriu en l\u2019<em>Escuela Municipal de Arte Dram\u00e1tico Margarita Xirgu<\/em> de Montevideo, ha cultivat tamb\u00e9 altres arts, com ara cant, dansa cl\u00e0ssica i contempor\u00e0nia, expressi\u00f3 corporal i pantomima.<\/p>\n<p><\/br><\/br><\/br><\/p>\n<p style=\"text-align: justify;\"><a href=\"\/2012\/toda-la-programacion\/variacions-per-a-piano-i-veu-3\/\" target=\"_blank\"><strong>VARIACIONS PER A PIANO I VEU # 3<\/strong><\/a><\/p>\n<p style=\"text-align: justify;\">Posem per cas que un pianista puja unes escales en el mateix moment que una <em>contaire<\/em> les baixa. <em>Es tracta d\u2019un espectacle de narraci\u00f3 oral i m\u00fasica per a p\u00fablic adult, inspirat en contes d\u2019autors contemporanis. El fil conductor de la sessi\u00f3 el constitueixen algunes de les viv\u00e8ncies pr\u00f2pies de la narradora i la m\u00fasica composada pel Daniel Alegret, entre d\u2019altres.<\/em><\/p>\n<p style=\"text-align: justify;\"><em>Narradora: Patricia McGill<br \/>\nPiano: Jaume Gispert<\/em><\/p>\n","protected":false},"excerpt":{"rendered":"<p>Nascuda a l\u2019Uruguai i resident a Barcelona, els seus avantpassats vingueren de Brasil, Argentina, Esc\u00f2cia, It\u00e0lia\u2026 Llicenciada com a actriu en l\u2019Escuela Municipal de Arte Dram\u00e1tico Margarita Xirgu de Montevideo, ha cultivat tamb\u00e9 altres arts, com ara cant, dansa cl\u00e0ssica i contempor\u00e0nia, expressi\u00f3 corporal i pantomima. VARIACIONS PER A PIANO I VEU # 3 Posem&#8230;<\/p>\n","protected":false},"author":1,"featured_media":0,"parent":4,"menu_order":0,"comment_status":"open","ping_status":"closed","template":"","meta":[],"_links":{"self":[{"href":"https:\/\/www.muntdemots.org\/2012\/wp-json\/wp\/v2\/pages\/5624"}],"collection":[{"href":"https:\/\/www.muntdemots.org\/2012\/wp-json\/wp\/v2\/pages"}],"about":[{"href":"https:\/\/www.muntdemots.org\/2012\/wp-json\/wp\/v2\/types\/page"}],"author":[{"embeddable":true,"href":"https:\/\/www.muntdemots.org\/2012\/wp-json\/wp\/v2\/users\/1"}],"replies":[{"embeddable":true,"href":"https:\/\/www.muntdemots.org\/2012\/wp-json\/wp\/v2\/comments?post=5624"}],"version-history":[{"count":12,"href":"https:\/\/www.muntdemots.org\/2012\/wp-json\/wp\/v2\/pages\/5624\/revisions"}],"predecessor-version":[{"id":5857,"href":"https:\/\/www.muntdemots.org\/2012\/wp-json\/wp\/v2\/pages\/5624\/revisions\/5857"}],"up":[{"embeddable":true,"href":"https:\/\/www.muntdemots.org\/2012\/wp-json\/wp\/v2\/pages\/4"}],"wp:attachment":[{"href":"https:\/\/www.muntdemots.org\/2012\/wp-json\/wp\/v2\/media?parent=5624"}],"curies":[{"name":"wp","href":"https:\/\/api.w.org\/{rel}","templated":true}]}}