{"id":5605,"date":"2012-07-11T14:38:11","date_gmt":"2012-07-11T14:38:11","guid":{"rendered":"http:\/\/www.muntdemots.org\/?page_id=5605"},"modified":"2012-07-14T22:46:16","modified_gmt":"2012-07-14T22:46:16","slug":"narrin-narran-2","status":"publish","type":"page","link":"https:\/\/www.muntdemots.org\/2012\/participants\/narrin-narran-2\/","title":{"rendered":"NARR\u00cdN NARR\u00c1N"},"content":{"rendered":"<p style=\"text-align: justify;\"><img decoding=\"async\" loading=\"lazy\" class=\"alignleft size-medium wp-image-5606\" title=\"NARR\u00cdN NARR\u00c1N\" src=\"\/2012\/wp-content\/uploads\/2012\/07\/NARR\u00cdN-NARR\u00c1N-ESTA-ES-LA-BUENA-300x225.jpg\" alt=\"\" width=\"300\" height=\"225\" srcset=\"https:\/\/www.muntdemots.org\/2012\/wp-content\/uploads\/2012\/07\/NARR\u00cdN-NARR\u00c1N-ESTA-ES-LA-BUENA-300x225.jpg 300w, https:\/\/www.muntdemots.org\/2012\/wp-content\/uploads\/2012\/07\/NARR\u00cdN-NARR\u00c1N-ESTA-ES-LA-BUENA.jpg 720w\" sizes=\"(max-width: 300px) 100vw, 300px\" \/>Vine a explicar o a gaudir dels contes per a adults que farem entre tothom!<br \/>\nSi una bona estona vols passar, vine a <a href=\"\/2012\/toda-la-programacion\/narrin-narran\/\" target=\"_blank\"><strong>Narr\u00edn Narran<\/strong><\/a> a narrar o escoltar.<br \/>\nNarr\u00edn Narran \u00e9s un grup d&#8217;amigues que comparteixen la il.lussi\u00f3 d&#8217;explicar i contar hist\u00f2ries de tota mena.<br \/>\nUs convidem al Jam de Contes per que, a m\u00e9s d&#8217;escoltar,us animeu a<br \/>\nnarrar.<\/p>\n","protected":false},"excerpt":{"rendered":"<p>Vine a explicar o a gaudir dels contes per a adults que farem entre tothom! Si una bona estona vols passar, vine a Narr\u00edn Narran a narrar o escoltar. Narr\u00edn Narran \u00e9s un grup d&#8217;amigues que comparteixen la il.lussi\u00f3 d&#8217;explicar i contar hist\u00f2ries de tota mena. Us convidem al Jam de Contes per que, a&#8230;<\/p>\n","protected":false},"author":1,"featured_media":0,"parent":4,"menu_order":0,"comment_status":"open","ping_status":"closed","template":"","meta":[],"_links":{"self":[{"href":"https:\/\/www.muntdemots.org\/2012\/wp-json\/wp\/v2\/pages\/5605"}],"collection":[{"href":"https:\/\/www.muntdemots.org\/2012\/wp-json\/wp\/v2\/pages"}],"about":[{"href":"https:\/\/www.muntdemots.org\/2012\/wp-json\/wp\/v2\/types\/page"}],"author":[{"embeddable":true,"href":"https:\/\/www.muntdemots.org\/2012\/wp-json\/wp\/v2\/users\/1"}],"replies":[{"embeddable":true,"href":"https:\/\/www.muntdemots.org\/2012\/wp-json\/wp\/v2\/comments?post=5605"}],"version-history":[{"count":8,"href":"https:\/\/www.muntdemots.org\/2012\/wp-json\/wp\/v2\/pages\/5605\/revisions"}],"predecessor-version":[{"id":5608,"href":"https:\/\/www.muntdemots.org\/2012\/wp-json\/wp\/v2\/pages\/5605\/revisions\/5608"}],"up":[{"embeddable":true,"href":"https:\/\/www.muntdemots.org\/2012\/wp-json\/wp\/v2\/pages\/4"}],"wp:attachment":[{"href":"https:\/\/www.muntdemots.org\/2012\/wp-json\/wp\/v2\/media?parent=5605"}],"curies":[{"name":"wp","href":"https:\/\/api.w.org\/{rel}","templated":true}]}}

NARRÍN NARRÁN

<p style="text-align: justify;"><img decoding="async" loading="lazy" class="alignleft size-medium wp-image-5606" title="NARRÍN NARRÁN" src="/2012/wp-content/uploads/2012/07/NARRÍN-NARRÁN-ESTA-ES-LA-BUENA-300x225.jpg" alt="" width="300" height="225" srcset="https://www.muntdemots.org/2012/wp-content/uploads/2012/07/NARRÍN-NARRÁN-ESTA-ES-LA-BUENA-300x225.jpg 300w, https://www.muntdemots.org/2012/wp-content/uploads/2012/07/NARRÍN-NARRÁN-ESTA-ES-LA-BUENA.jpg 720w" sizes="(max-width: 300px) 100vw, 300px" />Vine a explicar o a gaudir dels contes per a adults que farem entre tothom!<br />
Si una bona estona vols passar, vine a <a href="/2012/toda-la-programacion/narrin-narran/" target="_blank"><strong>Narrín Narran</strong></a> a narrar o escoltar.<br />
Narrín Narran és un grup d&#8217;amigues que comparteixen la il.lussió d&#8217;explicar i contar històries de tota mena.<br />
Us convidem al Jam de Contes per que, a més d&#8217;escoltar,us animeu a<br />
narrar.</p>

<p>Vine a explicar o a gaudir dels contes per a adults que farem entre tothom! Si una bona estona vols passar, vine a Narrín Narran a narrar o escoltar. Narrín Narran és un grup d&#8217;amigues que comparteixen la il.lussió d&#8217;explicar i contar històries de tota mena. Us convidem al Jam de Contes per que, a&#8230;</p>
