{"id":5264,"date":"2012-07-06T11:56:24","date_gmt":"2012-07-06T11:56:24","guid":{"rendered":"http:\/\/www.muntdemots.org\/?page_id=5264"},"modified":"2012-07-13T15:44:24","modified_gmt":"2012-07-13T15:44:24","slug":"claudia-hornes","status":"publish","type":"page","link":"https:\/\/www.muntdemots.org\/2012\/participants\/claudia-hornes\/","title":{"rendered":"CLAUDIA HORNES"},"content":{"rendered":"<p style=\"text-align: justify;\"><a href=\"\/2012\/wp-content\/uploads\/2012\/07\/CLAUDIA-31.png\"><img decoding=\"async\" loading=\"lazy\" class=\"alignleft size-full wp-image-5267\" title=\"CLAUDIA\" src=\"\/2012\/wp-content\/uploads\/2012\/07\/CLAUDIA-31.png\" alt=\"\" width=\"101\" height=\"91\" \/><\/a>Licenciada (homologada en Espa\u00f1a) en Ciencias de la Educaci\u00f3n especializada en tecnolog\u00eda Educativa (Universidad de Buenos Aires, Argentina). Trabaja como profesora de ingl\u00e9s (Cambridge &#8211; UK) en Educaci\u00f3n infantil desde hace m\u00e1s de 20 a\u00f1os (los \u00faltimos 5 en Barcelona).<br \/>\nLas sesiones de <em>Storytelling<\/em> de Claudia est\u00e1n especialmente dise\u00f1adas para ni\u00f1os de entre 3 y 8 a\u00f1os, en ingl\u00e9s b\u00e1sico sin necesidad de traducci\u00f3n.<\/p>\n<p style=\"text-align: justify;\"><a href=\"\/2012\/toda-la-programacion\/the-very-hungry-caterpillar\/\" target=\"_blank\"><strong>THE VERY HUNGRY CATERPILLAR<\/strong><\/a><\/p>\n<p style=\"text-align: justify;\"><strong> <\/strong>Es un cuento infantil escrito e ilustrado por Eric Carle en 1969. Desde entonces es un cl\u00e1sico internacional. El libro trata sobre una oruga y de lo que va comiendo hasta convertirse en una bonita mariposa.\u00a0A trav\u00e9s de esta narraci\u00f3n trabajamos con los ni\u00f1os de 3 a 8 a\u00f1os el ciclo de vida de la oruga, los d\u00edas de la semana, la alimentaci\u00f3n sana, los n\u00fameros del 1 al 10, los colores y otros contenidos con los que los ni\u00f1os y ni\u00f1as relacionen la historia.<\/p>\n<p style=\"text-align: justify;\">\n","protected":false},"excerpt":{"rendered":"<p>Licenciada (homologada en Espa\u00f1a) en Ciencias de la Educaci\u00f3n especializada en tecnolog\u00eda Educativa (Universidad de Buenos Aires, Argentina). Trabaja como profesora de ingl\u00e9s (Cambridge &#8211; UK) en Educaci\u00f3n infantil desde hace m\u00e1s de 20 a\u00f1os (los \u00faltimos 5 en Barcelona). Las sesiones de Storytelling de Claudia est\u00e1n especialmente dise\u00f1adas para ni\u00f1os de entre 3 y&#8230;<\/p>\n","protected":false},"author":1,"featured_media":0,"parent":4,"menu_order":0,"comment_status":"open","ping_status":"open","template":"","meta":[],"_links":{"self":[{"href":"https:\/\/www.muntdemots.org\/2012\/wp-json\/wp\/v2\/pages\/5264"}],"collection":[{"href":"https:\/\/www.muntdemots.org\/2012\/wp-json\/wp\/v2\/pages"}],"about":[{"href":"https:\/\/www.muntdemots.org\/2012\/wp-json\/wp\/v2\/types\/page"}],"author":[{"embeddable":true,"href":"https:\/\/www.muntdemots.org\/2012\/wp-json\/wp\/v2\/users\/1"}],"replies":[{"embeddable":true,"href":"https:\/\/www.muntdemots.org\/2012\/wp-json\/wp\/v2\/comments?post=5264"}],"version-history":[{"count":15,"href":"https:\/\/www.muntdemots.org\/2012\/wp-json\/wp\/v2\/pages\/5264\/revisions"}],"predecessor-version":[{"id":5749,"href":"https:\/\/www.muntdemots.org\/2012\/wp-json\/wp\/v2\/pages\/5264\/revisions\/5749"}],"up":[{"embeddable":true,"href":"https:\/\/www.muntdemots.org\/2012\/wp-json\/wp\/v2\/pages\/4"}],"wp:attachment":[{"href":"https:\/\/www.muntdemots.org\/2012\/wp-json\/wp\/v2\/media?parent=5264"}],"curies":[{"name":"wp","href":"https:\/\/api.w.org\/{rel}","templated":true}]}}