{"id":4210,"date":"2011-09-30T16:19:46","date_gmt":"2011-09-30T16:19:46","guid":{"rendered":"http:\/\/www.muntdemots.org\/?page_id=4210"},"modified":"2011-10-03T18:18:49","modified_gmt":"2011-10-03T18:18:49","slug":"isabela-mendez","status":"publish","type":"page","link":"https:\/\/www.muntdemots.org\/2011\/isabela-mendez\/","title":{"rendered":"Isabela M\u00e9ndez"},"content":{"rendered":"<p><span style=\"color: #ffffff;\">.<\/span><\/p>\n<p><a href=\"http:\/\/www.isabelamendez.com\" target=\"_blank\"><strong> <\/strong><\/a><strong><a href=\"https:\/\/www.muntdemots.org\/2011\/wp-content\/uploads\/2011\/09\/ISABELA-MENDEZ-2.jpg\"><img decoding=\"async\" loading=\"lazy\" class=\"alignleft size-medium wp-image-4424\" title=\"ISABELA MENDEZ 2\" src=\"https:\/\/www.muntdemots.org\/2011\/wp-content\/uploads\/2011\/09\/ISABELA-MENDEZ-2-300x286.jpg\" alt=\"\" width=\"207\" height=\"198\" srcset=\"https:\/\/www.muntdemots.org\/2011\/wp-content\/uploads\/2011\/09\/ISABELA-MENDEZ-2-300x286.jpg 300w, https:\/\/www.muntdemots.org\/2011\/wp-content\/uploads\/2011\/09\/ISABELA-MENDEZ-2.jpg 314w\" sizes=\"(max-width: 207px) 100vw, 207px\" \/><\/a><a href=\"http:\/\/www.isabelamendez.com\/\" target=\"_blank\">ISABELA M\u00c9NDEZ<\/a><\/strong><a href=\"http:\/\/www.isabelamendez.com\/\" target=\"_blank\"><span style=\"color: #ffffff;\"><br \/>\n<\/span>http:\/\/www.isabelamendez.com\/<\/a><\/p>\n<p>Narradora oral, actriu i cantant. Als Estats Units, va pert\u00e0nyer als  grups Water People, Actors of the World i S.E.A. Amb aquest \u00faltim va  protagonitzar el musical ROMANCE, guardonat com a Millor Musical amb el  premi HOLA de Nova York (2001).<br \/>\nActualment resideix a Barcelona i es  dedica a la narraci\u00f3 esc\u00e8nica de contes propis i d\u2019altres autores, amb  els que ha recorregut gran part de la pen\u00ednsula ib\u00e8rica.<\/p>\n<p><span style=\"color: #ffffff;\">.<\/span><\/p>\n<p><strong>INAUGURACI\u00d3 DEL FESTIVAL<\/strong><\/p>\n<p>Acte d\u2019inauguraci\u00f3 de la segona edici\u00f3 del Festival, que enguany  canvia d\u2019escenari, que en la primera edici\u00f3 va ser al Teatre Romea. Ser\u00e0  el moment de veure les cares de tots aquells i aquelles que hem fet que  aquest dies siguin especials.<\/p>\n<p>Podrem gaudir d\u2019alguns narradors i narradores participants del Munt  de Mots com s\u00f3n In\u00e9s Grimland (Argentina), Marco Flecha (Paraguay),  Linsabel Noguera (Venezuela)&#8230;<\/p>\n<p><span style=\"color: #ffffff;\">.<\/span><\/p>\n<p><strong>CUENTOS AMERICATALANOS EN EL TANTARANTANA<br \/>\n<span style=\"color: #ffffff;\">.<\/span><\/strong><\/p>\n<p>Un encontre amb l\u2019art dels i les contacontes d\u2019Am\u00e8rica i de  Catalunya. Un espectacle en qu\u00e8 la paraula viva, desprove\u00efda  d\u2019artificis, proposa la creaci\u00f3 de diferents mons, nascuts a partir de  la literatura i la imaginaci\u00f3 pr\u00f2pia de dos llocs distants per\u00f2 no tant  diferents, units aquests cop per la creaci\u00f3.<\/p>\n<p>Els narradors i narradores d\u2019aquest espectacle compartiran les seves  hist\u00f2ries, les seves visions del m\u00f3n amb un p\u00fablic disposat a viatjar&#8230;<\/p>\n<p>A c\u00e0rrec de:<\/p>\n<p><strong>Arnau Vilardeb\u00f3<\/strong> (Catalunya), <strong>Isabela M\u00e9ndez<\/strong> (Vene\u00e7uela), <strong>Martha Escudero<\/strong> (M\u00e8xic), <strong>M\u00f2nica Torra <\/strong>(Catalunya) i <strong>Willo<\/strong> (Col\u00f2mbia).<\/p>\n<p>&nbsp;<\/p>\n","protected":false},"excerpt":{"rendered":"<p>. ISABELA M\u00c9NDEZ http:\/\/www.isabelamendez.com\/ Narradora oral, actriu i cantant. Als Estats Units, va pert\u00e0nyer als grups Water People, Actors of the World i S.E.A. Amb aquest \u00faltim va protagonitzar el musical ROMANCE, guardonat com a Millor Musical amb el premi HOLA de Nova York (2001). Actualment resideix a Barcelona i es dedica a la narraci\u00f3 [&hellip;]<\/p>\n","protected":false},"author":1,"featured_media":0,"parent":0,"menu_order":0,"comment_status":"open","ping_status":"open","template":"","meta":[],"_links":{"self":[{"href":"https:\/\/www.muntdemots.org\/2011\/wp-json\/wp\/v2\/pages\/4210"}],"collection":[{"href":"https:\/\/www.muntdemots.org\/2011\/wp-json\/wp\/v2\/pages"}],"about":[{"href":"https:\/\/www.muntdemots.org\/2011\/wp-json\/wp\/v2\/types\/page"}],"author":[{"embeddable":true,"href":"https:\/\/www.muntdemots.org\/2011\/wp-json\/wp\/v2\/users\/1"}],"replies":[{"embeddable":true,"href":"https:\/\/www.muntdemots.org\/2011\/wp-json\/wp\/v2\/comments?post=4210"}],"version-history":[{"count":21,"href":"https:\/\/www.muntdemots.org\/2011\/wp-json\/wp\/v2\/pages\/4210\/revisions"}],"predecessor-version":[{"id":4214,"href":"https:\/\/www.muntdemots.org\/2011\/wp-json\/wp\/v2\/pages\/4210\/revisions\/4214"}],"wp:attachment":[{"href":"https:\/\/www.muntdemots.org\/2011\/wp-json\/wp\/v2\/media?parent=4210"}],"curies":[{"name":"wp","href":"https:\/\/api.w.org\/{rel}","templated":true}]}}