{"id":4,"date":"2010-09-03T16:49:03","date_gmt":"2010-09-03T16:49:03","guid":{"rendered":"http:\/\/www.muntdemots.org\/modelo3\/?page_id=4"},"modified":"2011-10-14T18:50:50","modified_gmt":"2011-10-14T18:50:50","slug":"participants","status":"publish","type":"page","link":"https:\/\/www.muntdemots.org\/2011\/participants\/","title":{"rendered":"Participants"},"content":{"rendered":"<p><span style=\"color: #ffffff;\">.<\/span><\/p>\n<p><strong>EN AQUESTA OCASI\u00d3 ENS VISITEN<\/strong><br \/>\n<a href=\"https:\/\/www.muntdemots.org\/2011\/bernadeta-szwarc\" target=\"_blank\">BERNADETA SZWARC<\/a> (POL\u00d2NIA)<br \/>\n<a href=\"https:\/\/www.muntdemots.org\/2011\/ines-grimland\" target=\"_blank\">IN\u00c9S GRIMLAND<\/a> (ARGENTINA)<br \/>\n<a href=\"https:\/\/www.muntdemots.org\/2011\/linsabel-noguera\" target=\"_blank\">LINSABEL NOGUERA<\/a> (VENE\u00c7UELA)<br \/>\n<a href=\"https:\/\/www.muntdemots.org\/2011\/mirta-portillo\" target=\"_blank\">MIRTA PORTILLO<\/a> (CUBA)<\/p>\n<p><span style=\"color: #ffffff;\">.<\/span><br \/>\n<strong><\/strong><\/p>\n<p><strong>DE CASA NOSTRA <\/strong><br \/>\n<a href=\"https:\/\/www.muntdemots.org\/2011\/albert-estengre\" target=\"_blank\">ALBERT ESTENGRE<\/a> (CATALUNYA)<br \/>\n<a href=\"https:\/\/www.muntdemots.org\/2011\/arnau-vilardebo\" target=\"_blank\">ARNAU VILARDEB\u00d3<\/a> (CATALUNYA)<br \/>\n<a href=\"https:\/\/www.muntdemots.org\/2011\/beatriz-martin\" target=\"_blank\">BEATRIZ MART\u00cdN<\/a> (CATALUNYA)<br \/>\n<a href=\"https:\/\/www.muntdemots.org\/2011\/carmen-gonzalez\" target=\"_blank\">CARMEN GLEZ<\/a> (CATALUNYA)<br \/>\n<a href=\"https:\/\/www.muntdemots.org\/2011\/elisabet-sagues\" target=\"_blank\">ELISABET SAGUES<\/a> (CATALUNYA)<br \/>\n<a href=\"https:\/\/www.muntdemots.org\/2011\/elisabeth-ulibarri\" target=\"_blank\">ELISABETH ULIBARRI<\/a> (CATALUNYA)<br \/>\n<a href=\"https:\/\/www.muntdemots.org\/2011\/gina-clotet\" target=\"_blank\">GINA CLOTET<\/a> (CATALUNYA)<br \/>\n<a href=\"https:\/\/www.muntdemots.org\/2011\/ines-macpherson\" target=\"_blank\">IN\u00c9S MACPHERSON<\/a> (CATALUNYA)<br \/>\n<a href=\"https:\/\/www.muntdemots.org\/2011\/joan-boher\" target=\"_blank\">JOAN BOHER<\/a> (CATALUNYA)<br \/>\n<a href=\"https:\/\/www.muntdemots.org\/2011\/maria-dolors-gali\/\" target=\"_blank\">LOLA LA ENCANTADORA<\/a> (CATALUNYA)<br \/>\n<a href=\"https:\/\/www.muntdemots.org\/2011\/mar-o-mac-novara\/\" target=\"_blank\">MAC NOVARA<\/a> (CATALUNYA)<br \/>\n<a href=\"https:\/\/www.muntdemots.org\/2011\/mar-o-mac-novara\/\" target=\"_blank\">MAR ORTEGA<\/a> (CATALUNYA)<br \/>\n<a href=\"https:\/\/www.muntdemots.org\/2011\/monica-torra\" target=\"_blank\">M\u00d2NICA TORRA<\/a> (CATALUNYA)<br \/>\n<a href=\"https:\/\/www.muntdemots.org\/2011\/mon-mas\" target=\"_blank\">MON MAS<\/a> (CATALUNYA)<br \/>\n<a href=\"https:\/\/www.muntdemots.org\/2011\/pep-gomez\" target=\"_blank\">PEP G\u00d3MEZ<\/a> (CATALUNYA)<br \/>\n<a href=\"https:\/\/www.muntdemots.org\/2011\/pepa-lavilla\" target=\"_blank\">PEPA LAVILLA<\/a> (CATALUNYA)<br \/>\n<a href=\"https:\/\/www.muntdemots.org\/2011\/raquel-de-manuel-mur\/\" target=\"_blank\">RAQUEL DE MANUEL<\/a> (CATALUNYA)<br \/>\n<a href=\"https:\/\/www.muntdemots.org\/2011\/tere-monclus\/\" target=\"_blank\">TERE MONCL\u00daS<\/a> (CATALUNYA)<\/p>\n<p><span style=\"color: #ffffff;\">.<\/span><br \/>\n<strong><\/strong><\/p>\n<p><strong>DES D&#8217;AM\u00c8RICA <\/strong><br \/>\n<a href=\"https:\/\/www.muntdemots.org\/2011\/matinals-infantils-del-c-a-t\/\" target=\"_blank\">CECILIA BELLOR\u00cdN<\/a> (VENE\u00c7UELA- CATALUNYA)<br \/>\n<a href=\"https:\/\/www.muntdemots.org\/2011\/daniel-pratt\" target=\"_blank\">DANIEL PRATT<\/a> (VENE\u00c7UELA- CATALUNYA)<br \/>\n<a href=\"https:\/\/www.muntdemots.org\/2011\/flavia-piazza\" target=\"_blank\">FLAVIA PIAZZA<\/a> (VENE\u00c7UELA- CATALUNYA)<br \/>\n<a href=\"https:\/\/www.muntdemots.org\/2011\/irma-borges\" target=\"_blank\">IRMA BORGES<\/a> (VENE\u00c7UELA- CATALUNYA)<br \/>\n<a href=\"https:\/\/www.muntdemots.org\/2011\/isabela-mendez\" target=\"_blank\">ISABELA M\u00c9NDEZ<\/a> (VENE\u00c7UELA- CATALUNYA)<br \/>\n<a href=\"https:\/\/www.muntdemots.org\/2011\/jose-campanari\" target=\"_blank\">JOS\u00c9 CAMPANARI<\/a> (ARGENTINA-GALICIA)<br \/>\n<a href=\"https:\/\/www.muntdemots.org\/2011\/laura-garcia\" target=\"_blank\">LAURA GARC\u00cdA<\/a> (ARGENTINA- CATALUNYA)<br \/>\n<a href=\"https:\/\/www.muntdemots.org\/2011\/marco-flecha\" target=\"_blank\">MARCO FLECHA<\/a> (PARAGUAY-ANDALUC\u00cdA)<br \/>\n<a href=\"https:\/\/www.muntdemots.org\/2011\/martha-escudero\" target=\"_blank\">MARTHA ESCUDERO<\/a> (M\u00c9XICO-CATALUNYA)<br \/>\n<a href=\"https:\/\/www.muntdemots.org\/2011\/monica-martinez-paz\" target=\"_blank\">M\u00d3NICA MART\u00cdNEZ PAZ<\/a> (VENE\u00c7UELA- CATALUNYA)<br \/>\n<a href=\"https:\/\/www.muntdemots.org\/2011\/willo\" target=\"_blank\">WILLO<\/a> (COLOMBIA- CATALUNYA)<br \/>\n<a href=\"https:\/\/www.muntdemots.org\/2011\/yinexis-delgado\" target=\"_blank\">YINEXIS DELGADO<\/a> (CUBA- CATALUNYA)<\/p>\n<p><span style=\"color: #ffffff;\">.<\/span><br \/>\n<strong><\/strong><\/p>\n<p><strong>DES D&#8217;ESPANYA <\/strong><br \/>\n<a href=\"https:\/\/www.muntdemots.org\/2011\/charo-pita\" target=\"_blank\">CHARO PITA<\/a> (GALICIA)<br \/>\n<a href=\"https:\/\/www.muntdemots.org\/2011\/cristina-verbena\" target=\"_blank\">CRISTINA VERBENA<\/a> (ARAG\u00d3)<br \/>\n<a href=\"https:\/\/www.muntdemots.org\/2011\/jose-manuel-garzon\" target=\"_blank\">JOS\u00c9 MANUEL GARZ\u00d3N<\/a> (VAL\u00c8NCIA)<br \/>\n<a href=\"..\/juan-pablo-fuentes\" target=\"_blank\">JUAN PABLO FUENTES<\/a> (LA RIOJA-CATALUNYA)<br \/>\n<a href=\"https:\/\/www.muntdemots.org\/2011\/merche-ochoa\" target=\"_blank\">MERCHE OCHOA<\/a> (LA RIOJA-CATALUNYA)<br \/>\n<a href=\"https:\/\/www.muntdemots.org\/2011\/pep-bruno\" target=\"_blank\">PEP BRUNO<\/a> (CATALUNYA- CASTILLA LA MANCHA)<br \/>\n<a href=\"https:\/\/www.muntdemots.org\/2011\/virgina-imaz\/\" target=\"_blank\">VIRGINIA IMAZ<\/a> (PA\u00cdS VASC)<\/p>\n<p><span style=\"color: #ffffff;\">.<\/span><\/p>\n<p><strong>ELS GRUPS<\/strong><br \/>\n<a href=\"https:\/\/www.muntdemots.org\/2011\/matinals-infantils-del-c-a-t\/\" target=\"_blank\">ARA VA DE BO<\/a>, 2 narradores (CATALUNYA)<br \/>\n<a href=\"https:\/\/www.muntdemots.org\/2011\/a2veus\" target=\"_blank\">A2VEUS<\/a>, 2 narradores (CATALUNYA)<br \/>\n<a href=\"https:\/\/www.muntdemots.org\/2011\/matinals-infantils-del-c-a-t\/\" target=\"_blank\">LA BICICLETA<\/a>, 2 narradores (CATALUNYA)<br \/>\n<a href=\"https:\/\/www.muntdemots.org\/2011\/les-antonies\" target=\"_blank\">LES ANT\u00d2NIES<\/a>, 6 narradores (CATALUNYA)<br \/>\n<a href=\"https:\/\/www.muntdemots.org\/2011\/maracala\" target=\"_blank\">MARACAL\u00c1<\/a>, 4 narradores (CATALUNYA)<br \/>\n<a href=\"https:\/\/www.muntdemots.org\/2011\/anin\" target=\"_blank\">ANIN<\/a> (CATALUNYA)<br \/>\n<a href=\"https:\/\/www.muntdemots.org\/2011\/narrin-narran\" target=\"_blank\">NARR\u00cdN NARR\u00c1N<\/a>, 4 narradores (CATALUNYA)<br \/>\n<a href=\"https:\/\/www.muntdemots.org\/2011\/palique\" target=\"_blank\">PALIQUE<\/a>, 2 narradores (MADRID)<br \/>\n<a href=\"https:\/\/www.muntdemots.org\/2011\/duo-quiereme-mucho\/\" target=\"_blank\">QUI\u00c9REME MUCHO<\/a>, 2 narradores (CATALUNYA)<br \/>\n<a href=\"https:\/\/www.muntdemots.org\/2011\/som-3d3\" target=\"_blank\">SOM 3 DE 3<\/a> , 3 narradores (CATALUNYA)<br \/>\n<a href=\"https:\/\/www.muntdemots.org\/2011\/taandem\" target=\"_blank\">Cia. ENT\u00c0NDEM<\/a>, (CATALUNYA)<br \/>\n<a href=\"https:\/\/www.muntdemots.org\/2011\/vivim-del-cuentu\" target=\"_blank\">VIVIM DEL CUENTU<\/a>, 4 narradores (CATALUNYA)<\/p>\n","protected":false},"excerpt":{"rendered":"<p>. EN AQUESTA OCASI\u00d3 ENS VISITEN BERNADETA SZWARC (POL\u00d2NIA) IN\u00c9S GRIMLAND (ARGENTINA) LINSABEL NOGUERA (VENE\u00c7UELA) MIRTA PORTILLO (CUBA) . DE CASA NOSTRA ALBERT ESTENGRE (CATALUNYA) ARNAU VILARDEB\u00d3 (CATALUNYA) BEATRIZ MART\u00cdN (CATALUNYA) CARMEN GLEZ (CATALUNYA) ELISABET SAGUES (CATALUNYA) ELISABETH ULIBARRI (CATALUNYA) GINA CLOTET (CATALUNYA) IN\u00c9S MACPHERSON (CATALUNYA) JOAN BOHER (CATALUNYA) LOLA LA ENCANTADORA (CATALUNYA) MAC NOVARA [&hellip;]<\/p>\n","protected":false},"author":1,"featured_media":0,"parent":0,"menu_order":0,"comment_status":"open","ping_status":"open","template":"","meta":[],"_links":{"self":[{"href":"https:\/\/www.muntdemots.org\/2011\/wp-json\/wp\/v2\/pages\/4"}],"collection":[{"href":"https:\/\/www.muntdemots.org\/2011\/wp-json\/wp\/v2\/pages"}],"about":[{"href":"https:\/\/www.muntdemots.org\/2011\/wp-json\/wp\/v2\/types\/page"}],"author":[{"embeddable":true,"href":"https:\/\/www.muntdemots.org\/2011\/wp-json\/wp\/v2\/users\/1"}],"replies":[{"embeddable":true,"href":"https:\/\/www.muntdemots.org\/2011\/wp-json\/wp\/v2\/comments?post=4"}],"version-history":[{"count":131,"href":"https:\/\/www.muntdemots.org\/2011\/wp-json\/wp\/v2\/pages\/4\/revisions"}],"predecessor-version":[{"id":61,"href":"https:\/\/www.muntdemots.org\/2011\/wp-json\/wp\/v2\/pages\/4\/revisions\/61"}],"wp:attachment":[{"href":"https:\/\/www.muntdemots.org\/2011\/wp-json\/wp\/v2\/media?parent=4"}],"curies":[{"name":"wp","href":"https:\/\/api.w.org\/{rel}","templated":true}]}}