{"id":3743,"date":"2011-09-22T08:22:42","date_gmt":"2011-09-22T08:22:42","guid":{"rendered":"http:\/\/www.muntdemots.org\/?page_id=3743"},"modified":"2011-09-22T14:59:49","modified_gmt":"2011-09-22T14:59:49","slug":"mar-o-mac-novara","status":"publish","type":"page","link":"https:\/\/www.muntdemots.org\/2011\/mar-o-mac-novara\/","title":{"rendered":"Mar O. &#038; Mac Novara"},"content":{"rendered":"<p><span style=\"color: #ffffff;\">.<\/span><\/p>\n<p><strong><a href=\"https:\/\/www.muntdemots.org\/2011\/wp-content\/uploads\/2011\/09\/MAR-Y-MAC-1.jpg\"><img decoding=\"async\" loading=\"lazy\" class=\"aligncenter size-medium wp-image-3899\" title=\"MAR Y MAC 1\" src=\"https:\/\/www.muntdemots.org\/2011\/wp-content\/uploads\/2011\/09\/MAR-Y-MAC-1-300x225.jpg\" alt=\"\" width=\"300\" height=\"225\" srcset=\"https:\/\/www.muntdemots.org\/2011\/wp-content\/uploads\/2011\/09\/MAR-Y-MAC-1-300x225.jpg 300w, https:\/\/www.muntdemots.org\/2011\/wp-content\/uploads\/2011\/09\/MAR-Y-MAC-1-1024x768.jpg 1024w, https:\/\/www.muntdemots.org\/2011\/wp-content\/uploads\/2011\/09\/MAR-Y-MAC-1.jpg 2048w\" sizes=\"(max-width: 300px) 100vw, 300px\" \/><\/a><\/strong><\/p>\n<p><span style=\"color: #ffffff;\">.<\/span><\/p>\n<p><strong>CUENTOS PERPLEJOS Y OTROS ESPEJOS<\/strong><br \/>\n<span style=\"color: #ffffff;\">.<\/span><\/p>\n<p>Perplexos es queden els contes quan ens reconeixen des de l\u2019altre costat del mirall&#8230; La perplexitat \u00e9s una art quotidi\u00e0 que s\u2019escriu en min\u00fascules.<br \/>\nDeixa\u2019t sorprendre\u2019t!<br \/>\nMAR ORTEGA<br \/>\nMACARENA NOVARRA<br \/>\nLa Mar O. narradora, pallassa i docent en diferents camps (Mestra d\u2019Educaci\u00f3 Infantil i Prim\u00e0ria&#8230;),\u00a0 amb m\u00e9s de 20 anys d\u2019experi\u00e8ncia en el m\u00f3n de l\u2019educaci\u00f3 i de la narraci\u00f3 oral per a tots els p\u00fablics, recupera la seva veu plena d\u2019hist\u00f2ries que comparteix amb&#8230;<br \/>\nLa Mac Novara, col\u00b7leccionista de paraules i aventurera infatigable a \u201cLa Ciutat de les Paraules\u201d\u2026<br \/>\nAmbdues formen part del batec de l\u2019Almazen, espai de creaci\u00f3 i difusi\u00f3 art\u00edstica en ple cor del Raval.<\/p>\n","protected":false},"excerpt":{"rendered":"<p>. . CUENTOS PERPLEJOS Y OTROS ESPEJOS . Perplexos es queden els contes quan ens reconeixen des de l\u2019altre costat del mirall&#8230; La perplexitat \u00e9s una art quotidi\u00e0 que s\u2019escriu en min\u00fascules. Deixa\u2019t sorprendre\u2019t! MAR ORTEGA MACARENA NOVARRA La Mar O. narradora, pallassa i docent en diferents camps (Mestra d\u2019Educaci\u00f3 Infantil i Prim\u00e0ria&#8230;),\u00a0 amb m\u00e9s [&hellip;]<\/p>\n","protected":false},"author":1,"featured_media":0,"parent":0,"menu_order":0,"comment_status":"open","ping_status":"open","template":"","meta":[],"_links":{"self":[{"href":"https:\/\/www.muntdemots.org\/2011\/wp-json\/wp\/v2\/pages\/3743"}],"collection":[{"href":"https:\/\/www.muntdemots.org\/2011\/wp-json\/wp\/v2\/pages"}],"about":[{"href":"https:\/\/www.muntdemots.org\/2011\/wp-json\/wp\/v2\/types\/page"}],"author":[{"embeddable":true,"href":"https:\/\/www.muntdemots.org\/2011\/wp-json\/wp\/v2\/users\/1"}],"replies":[{"embeddable":true,"href":"https:\/\/www.muntdemots.org\/2011\/wp-json\/wp\/v2\/comments?post=3743"}],"version-history":[{"count":4,"href":"https:\/\/www.muntdemots.org\/2011\/wp-json\/wp\/v2\/pages\/3743\/revisions"}],"predecessor-version":[{"id":3745,"href":"https:\/\/www.muntdemots.org\/2011\/wp-json\/wp\/v2\/pages\/3743\/revisions\/3745"}],"wp:attachment":[{"href":"https:\/\/www.muntdemots.org\/2011\/wp-json\/wp\/v2\/media?parent=3743"}],"curies":[{"name":"wp","href":"https:\/\/api.w.org\/{rel}","templated":true}]}}