{"id":3706,"date":"2011-09-21T18:26:09","date_gmt":"2011-09-21T18:26:09","guid":{"rendered":"http:\/\/www.muntdemots.org\/?page_id=3706"},"modified":"2011-09-30T09:25:49","modified_gmt":"2011-09-30T09:25:49","slug":"una-noche-de-cuento-en-el-teatro-almeria","status":"publish","type":"page","link":"https:\/\/www.muntdemots.org\/2011\/una-noche-de-cuento-en-el-teatro-almeria\/","title":{"rendered":"Una Noche de Cuento en el Teatro Almeria"},"content":{"rendered":"<p><span style=\"color: #ffffff;\">.<\/span><\/p>\n<p><a href=\"https:\/\/www.muntdemots.org\/2011\/wp-content\/uploads\/2011\/09\/PALIQUE-1.jpg\"><img decoding=\"async\" loading=\"lazy\" class=\"size-medium wp-image-4136 alignleft\" title=\"PALIQUE 1\" src=\"https:\/\/www.muntdemots.org\/2011\/wp-content\/uploads\/2011\/09\/PALIQUE-1-225x300.jpg\" alt=\"\" width=\"148\" height=\"199\" \/><\/a><a href=\"https:\/\/www.muntdemots.org\/2011\/wp-content\/uploads\/2011\/09\/Virginia-Imaz-01.jpg\"><img decoding=\"async\" loading=\"lazy\" class=\"size-medium wp-image-4137 alignleft\" title=\"Virginia Imaz 01\" src=\"https:\/\/www.muntdemots.org\/2011\/wp-content\/uploads\/2011\/09\/Virginia-Imaz-01-300x199.jpg\" alt=\"\" width=\"300\" height=\"199\" srcset=\"https:\/\/www.muntdemots.org\/2011\/wp-content\/uploads\/2011\/09\/Virginia-Imaz-01-300x199.jpg 300w, https:\/\/www.muntdemots.org\/2011\/wp-content\/uploads\/2011\/09\/Virginia-Imaz-01.jpg 320w\" sizes=\"(max-width: 300px) 100vw, 300px\" \/><\/a><a href=\"https:\/\/www.muntdemots.org\/2011\/wp-content\/uploads\/2011\/09\/JOSE-CAMPANARI-3.jpg\"><img decoding=\"async\" loading=\"lazy\" class=\"size-medium wp-image-4138 alignleft\" title=\"JOSE CAMPANARI 3\" src=\"https:\/\/www.muntdemots.org\/2011\/wp-content\/uploads\/2011\/09\/JOSE-CAMPANARI-3-225x300.jpg\" alt=\"\" width=\"148\" height=\"199\" \/><\/a><\/p>\n<p><span style=\"color: #ffffff;\">.<\/span><\/p>\n<p>&nbsp;<\/p>\n<p>&nbsp;<\/p>\n<p>&nbsp;<\/p>\n<p><span style=\"color: #ffffff;\">.<\/span><br \/>\nHist\u00f2ries sorprenents, literatura i tradici\u00f3 oral, contes capa\u00e7os d\u2019emocionar, inquietar i suggerir. La m\u00e0gia de la paraula dita, en boca de veritables artistes de l\u2019art ancestral dels narradors.<br \/>\nJose Campanari, el Grupo Palique i Virginia Imaz per primera vegada junts en un teatre de Barcelona.<br \/>\nUna nit \u00fanica, irrepetible en la que compartiran escenari aquests tres contacontes, de reconeguda traject\u00f2ria internacional, per a fer possible la meravella.<br \/>\nSer\u00e0, sense cap mena de dubte, Una Nit de Conte&#8230;<\/p>\n","protected":false},"excerpt":{"rendered":"<p>. . &nbsp; &nbsp; &nbsp; . Hist\u00f2ries sorprenents, literatura i tradici\u00f3 oral, contes capa\u00e7os d\u2019emocionar, inquietar i suggerir. La m\u00e0gia de la paraula dita, en boca de veritables artistes de l\u2019art ancestral dels narradors. Jose Campanari, el Grupo Palique i Virginia Imaz per primera vegada junts en un teatre de Barcelona. Una nit \u00fanica, irrepetible [&hellip;]<\/p>\n","protected":false},"author":1,"featured_media":0,"parent":0,"menu_order":0,"comment_status":"open","ping_status":"open","template":"","meta":[],"_links":{"self":[{"href":"https:\/\/www.muntdemots.org\/2011\/wp-json\/wp\/v2\/pages\/3706"}],"collection":[{"href":"https:\/\/www.muntdemots.org\/2011\/wp-json\/wp\/v2\/pages"}],"about":[{"href":"https:\/\/www.muntdemots.org\/2011\/wp-json\/wp\/v2\/types\/page"}],"author":[{"embeddable":true,"href":"https:\/\/www.muntdemots.org\/2011\/wp-json\/wp\/v2\/users\/1"}],"replies":[{"embeddable":true,"href":"https:\/\/www.muntdemots.org\/2011\/wp-json\/wp\/v2\/comments?post=3706"}],"version-history":[{"count":6,"href":"https:\/\/www.muntdemots.org\/2011\/wp-json\/wp\/v2\/pages\/3706\/revisions"}],"predecessor-version":[{"id":3709,"href":"https:\/\/www.muntdemots.org\/2011\/wp-json\/wp\/v2\/pages\/3706\/revisions\/3709"}],"wp:attachment":[{"href":"https:\/\/www.muntdemots.org\/2011\/wp-json\/wp\/v2\/media?parent=3706"}],"curies":[{"name":"wp","href":"https:\/\/api.w.org\/{rel}","templated":true}]}}