{"id":3675,"date":"2011-09-21T17:34:31","date_gmt":"2011-09-21T17:34:31","guid":{"rendered":"http:\/\/www.muntdemots.org\/?page_id=3675"},"modified":"2011-09-22T15:34:14","modified_gmt":"2011-09-22T15:34:14","slug":"pep-bruno","status":"publish","type":"page","link":"https:\/\/www.muntdemots.org\/2011\/pep-bruno\/","title":{"rendered":"Pep Bruno"},"content":{"rendered":"<p><span style=\"color: #ffffff;\">.<\/span><\/p>\n<p><strong><a href=\"https:\/\/www.muntdemots.org\/2011\/wp-content\/uploads\/2011\/09\/PEP-BRUNO-1.jpg\"><img decoding=\"async\" loading=\"lazy\" class=\"alignleft size-medium wp-image-3940\" title=\"PEP BRUNO 1\" src=\"https:\/\/www.muntdemots.org\/2011\/wp-content\/uploads\/2011\/09\/PEP-BRUNO-1-231x300.jpg\" alt=\"\" width=\"231\" height=\"300\" srcset=\"https:\/\/www.muntdemots.org\/2011\/wp-content\/uploads\/2011\/09\/PEP-BRUNO-1-231x300.jpg 231w, https:\/\/www.muntdemots.org\/2011\/wp-content\/uploads\/2011\/09\/PEP-BRUNO-1-791x1024.jpg 791w, https:\/\/www.muntdemots.org\/2011\/wp-content\/uploads\/2011\/09\/PEP-BRUNO-1.jpg 913w\" sizes=\"(max-width: 231px) 100vw, 231px\" \/><\/a><\/strong><\/p>\n<p>&nbsp;<\/p>\n<p><strong>PEP BRUNO<span style=\"color: #ffffff;\">.<\/span><\/strong><\/p>\n<p>\u00c9s narrador oral professional, escriptor i editor. Ha contat en els  festivals m\u00e9s importants de narraci\u00f3 oral d\u2019Espanya, i d\u2019altres pa\u00efsos  (B\u00e8lgica, Tun\u00edsia, Portugal, Guinea Equatorial, M\u00e8xic, Panam\u00e0, Paraguai,  Xile, Per\u00fa, Costa Rica, Fran\u00e7a, Bol\u00edvia, etc.). Com escriptor ha  publicat 18 libres i ha rebut diversos premis, entre ells el <em>IV Certamen del Premio Internacional Biblioteca Insular<\/em> i <em>III Certamen del Premio Internacional Compostela<\/em>, ambd\u00f3s pel treball <em>\u00c1lbum Ilustrado<\/em>.<\/p>\n<p><span style=\"color: #ffffff;\">.<\/span><\/p>\n<p><strong>AL MENOS 7 RAZONES PARA CONTAR 1 CUENTO<br \/>\n<span style=\"color: #ffffff;\">.<\/span><\/strong><\/p>\n<p>\u201cEn el momento en el que un mono trat\u00f3 de explicar al resto de la tribu c\u00f3mo hab\u00eda sido la \u00faltima cacer\u00eda y, en medio de su narraci\u00f3n cay\u00f3 en la tentaci\u00f3n de la exageraci\u00f3n, de la distorsi\u00f3n, de la mentira, para mantener la atenci\u00f3n del auditorio, en ese preciso instante, naci\u00f3 el cuento. Y en ese preciso instante, naci\u00f3 el ser humano.\u201d<\/p>\n<p>Art\u00edcle publicat a <em>Revista Grancanaria de Cultura Contempor\u00e1nea<\/em>, n\u00fam. 5, any 2007, p\u00e0g. 9-11.<\/p>\n<p><span style=\"color: #ffffff;\">.<\/span><\/p>\n<p><strong>SESI\u00d3N GOLFA DE CUENTOS<\/strong><br \/>\n<span style=\"color: #ffffff;\">.<\/span><\/p>\n<p>Aqu\u00ed arriben els contes que, durant generacions, sols s\u2019han contat quan la nit <em>campaba a sus anchas <\/em>per cors i<em> <\/em>alcoves, i el desig satisfet donava peu a la paraula. Aquells contes nocturns i tra\u00efdorencs. Aquells mateixos. Contes emocionants, picants, atrevits i divertits, sempre divertits.<br \/>\nAquesta nit la carn esdevindr\u00e0 paraula.<\/p>\n","protected":false},"excerpt":{"rendered":"<p>. &nbsp; PEP BRUNO. \u00c9s narrador oral professional, escriptor i editor. Ha contat en els festivals m\u00e9s importants de narraci\u00f3 oral d\u2019Espanya, i d\u2019altres pa\u00efsos (B\u00e8lgica, Tun\u00edsia, Portugal, Guinea Equatorial, M\u00e8xic, Panam\u00e0, Paraguai, Xile, Per\u00fa, Costa Rica, Fran\u00e7a, Bol\u00edvia, etc.). Com escriptor ha publicat 18 libres i ha rebut diversos premis, entre ells el IV [&hellip;]<\/p>\n","protected":false},"author":1,"featured_media":0,"parent":0,"menu_order":0,"comment_status":"open","ping_status":"open","template":"","meta":[],"_links":{"self":[{"href":"https:\/\/www.muntdemots.org\/2011\/wp-json\/wp\/v2\/pages\/3675"}],"collection":[{"href":"https:\/\/www.muntdemots.org\/2011\/wp-json\/wp\/v2\/pages"}],"about":[{"href":"https:\/\/www.muntdemots.org\/2011\/wp-json\/wp\/v2\/types\/page"}],"author":[{"embeddable":true,"href":"https:\/\/www.muntdemots.org\/2011\/wp-json\/wp\/v2\/users\/1"}],"replies":[{"embeddable":true,"href":"https:\/\/www.muntdemots.org\/2011\/wp-json\/wp\/v2\/comments?post=3675"}],"version-history":[{"count":9,"href":"https:\/\/www.muntdemots.org\/2011\/wp-json\/wp\/v2\/pages\/3675\/revisions"}],"predecessor-version":[{"id":3679,"href":"https:\/\/www.muntdemots.org\/2011\/wp-json\/wp\/v2\/pages\/3675\/revisions\/3679"}],"wp:attachment":[{"href":"https:\/\/www.muntdemots.org\/2011\/wp-json\/wp\/v2\/media?parent=3675"}],"curies":[{"name":"wp","href":"https:\/\/api.w.org\/{rel}","templated":true}]}}