{"id":3648,"date":"2011-09-20T20:42:07","date_gmt":"2011-09-20T20:42:07","guid":{"rendered":"http:\/\/www.muntdemots.org\/?page_id=3648"},"modified":"2011-09-27T12:16:40","modified_gmt":"2011-09-27T12:16:40","slug":"palique-cuenteras","status":"publish","type":"page","link":"https:\/\/www.muntdemots.org\/2011\/palique-cuenteras\/","title":{"rendered":"Palique Cuenteras"},"content":{"rendered":"<p><span style=\"color: #ffffff;\">.<\/span><\/p>\n<p><strong><a href=\"https:\/\/www.muntdemots.org\/2011\/wp-content\/uploads\/2011\/09\/PALIQUE-2.jpg\"><img decoding=\"async\" loading=\"lazy\" class=\"alignleft size-medium wp-image-3944\" title=\"PALIQUE 2\" src=\"https:\/\/www.muntdemots.org\/2011\/wp-content\/uploads\/2011\/09\/PALIQUE-2-225x300.jpg\" alt=\"\" width=\"225\" height=\"300\" srcset=\"https:\/\/www.muntdemots.org\/2011\/wp-content\/uploads\/2011\/09\/PALIQUE-2-225x300.jpg 225w, https:\/\/www.muntdemots.org\/2011\/wp-content\/uploads\/2011\/09\/PALIQUE-2.jpg 768w\" sizes=\"(max-width: 225px) 100vw, 225px\" \/><\/a>PALIQUE CUENTERAS<\/strong><br \/>\n<span style=\"color: #ffffff;\">.<\/span><\/p>\n<p>Palique \u00e9s un grup especialitzat en la narraci\u00f3 i la interpretaci\u00f3 de  contes i hist\u00f2ries. Palique viatja sense maleta. Porta dracs i  castells, apareguts i princeses, \u00e0ngels i ofegats, amants, gripaus,  faquirs, nits de lluna, postes de sol vermelles, finals tristos i finals  feli\u00e7os, tot a les seves paraules.<\/p>\n<p>Palique ha passejat les seves hist\u00f2ries per Espanya, Per\u00fa, Portugal,  M\u00e8xic, Cuba, Col\u00f2mbia, Xile, els Estats Units i Dinamarca. L\u2019equip  art\u00edstic que realitza les seves activitats est\u00e0 format per Magda Labarga  i Marissa Amado.<\/p>\n<p><span style=\"color: #ffffff;\">.<\/span><\/p>\n<p><strong>TU CUERPO EN MI BOCA<\/strong><br \/>\n<span style=\"color: #ffffff;\">.<\/span><\/p>\n<p>Hist\u00f2ries sobre pells, cossos, plaers. Plaers imaginats i plaers viscuts. El cos contat. Parlar de sexe, parlar per parlar, parlar pel plaer de fer-ho, sempre el plaer&#8230;<\/p>\n","protected":false},"excerpt":{"rendered":"<p>. PALIQUE CUENTERAS . Palique \u00e9s un grup especialitzat en la narraci\u00f3 i la interpretaci\u00f3 de contes i hist\u00f2ries. Palique viatja sense maleta. Porta dracs i castells, apareguts i princeses, \u00e0ngels i ofegats, amants, gripaus, faquirs, nits de lluna, postes de sol vermelles, finals tristos i finals feli\u00e7os, tot a les seves paraules. Palique ha [&hellip;]<\/p>\n","protected":false},"author":1,"featured_media":0,"parent":0,"menu_order":0,"comment_status":"open","ping_status":"open","template":"","meta":[],"_links":{"self":[{"href":"https:\/\/www.muntdemots.org\/2011\/wp-json\/wp\/v2\/pages\/3648"}],"collection":[{"href":"https:\/\/www.muntdemots.org\/2011\/wp-json\/wp\/v2\/pages"}],"about":[{"href":"https:\/\/www.muntdemots.org\/2011\/wp-json\/wp\/v2\/types\/page"}],"author":[{"embeddable":true,"href":"https:\/\/www.muntdemots.org\/2011\/wp-json\/wp\/v2\/users\/1"}],"replies":[{"embeddable":true,"href":"https:\/\/www.muntdemots.org\/2011\/wp-json\/wp\/v2\/comments?post=3648"}],"version-history":[{"count":5,"href":"https:\/\/www.muntdemots.org\/2011\/wp-json\/wp\/v2\/pages\/3648\/revisions"}],"predecessor-version":[{"id":3990,"href":"https:\/\/www.muntdemots.org\/2011\/wp-json\/wp\/v2\/pages\/3648\/revisions\/3990"}],"wp:attachment":[{"href":"https:\/\/www.muntdemots.org\/2011\/wp-json\/wp\/v2\/media?parent=3648"}],"curies":[{"name":"wp","href":"https:\/\/api.w.org\/{rel}","templated":true}]}}