{"id":3539,"date":"2011-09-19T15:20:30","date_gmt":"2011-09-19T15:20:30","guid":{"rendered":"http:\/\/www.muntdemots.org\/?page_id=3539"},"modified":"2011-10-03T17:42:49","modified_gmt":"2011-10-03T17:42:49","slug":"irma-borges","status":"publish","type":"page","link":"https:\/\/www.muntdemots.org\/2011\/irma-borges\/","title":{"rendered":"Irma Borges"},"content":{"rendered":"<p><span style=\"color: #ffffff;\">.<\/span><\/p>\n<p><strong><img decoding=\"async\" loading=\"lazy\" class=\"alignleft size-full wp-image-4361\" title=\"Irma Borges\" src=\"https:\/\/www.muntdemots.org\/2011\/wp-content\/uploads\/2011\/09\/Irma-Borges.jpg\" alt=\"\" width=\"233\" height=\"175\" \/>IRMA BORGES<\/strong><\/p>\n<p>Actriu, narradora, titellaire, dramaturga i directora teatral. M\u00e0ster en Teoria i Pr\u00e0ctica de la dramat\u00fargia per la UAB i l&#8217;Institut del Teatre. A Barcelona ha treballat amb diferents companyies i entitats de circ, teatre i titelles, entre elles: Cia. de Jordi Bertr\u00e1n, Circus Klezmer, L&#8217;Ateneu Popular de Nou Barris, Taller del Parc i Plum Teatre. El seu treball creatiu ho combina amb la formaci\u00f3 i l&#8217;acci\u00f3 social com s\u00f3n tallers de teatre en el centre penitenciari WAD-RAS amb la Assoc. Transformes i la coordinaci\u00f3 art\u00edstica de Pallapupas, pallassos d&#8217;hospital. \u00c9s fundadora de Teatre Dejavu companyia en la crea i dirigeix espectacles de petit format per a tot p\u00fablic.<\/p>\n<p>&nbsp;<\/p>\n<p><strong>PO\u00c8TICA DE LES FORMES<\/strong><br \/>\n<span style=\"color: #ffffff;\">.<\/span><\/p>\n<p>Taller d&#8217;animaci\u00f3 d&#8217;objectes per a narradores i narradors orals en qu\u00e8 es realitzaran una s\u00e8rie d&#8217;exercicis que cerquen connectar els participants amb el car\u00e0cter teatral i narratiu dels objectes. Tamb\u00e9 es reflexionar\u00e0 sobre el poder metaf\u00f2ric dels objectes: els seu valor, simbologia i el seu abast en escena.<br \/>\nCal portar roba c\u00f2mode, un paraig\u00fces i\/o pilota i un altre objecte que agradi a cada participant.<\/p>\n","protected":false},"excerpt":{"rendered":"<p>. IRMA BORGES Actriu, narradora, titellaire, dramaturga i directora teatral. M\u00e0ster en Teoria i Pr\u00e0ctica de la dramat\u00fargia per la UAB i l&#8217;Institut del Teatre. A Barcelona ha treballat amb diferents companyies i entitats de circ, teatre i titelles, entre elles: Cia. de Jordi Bertr\u00e1n, Circus Klezmer, L&#8217;Ateneu Popular de Nou Barris, Taller del Parc [&hellip;]<\/p>\n","protected":false},"author":1,"featured_media":0,"parent":0,"menu_order":0,"comment_status":"open","ping_status":"open","template":"","meta":[],"_links":{"self":[{"href":"https:\/\/www.muntdemots.org\/2011\/wp-json\/wp\/v2\/pages\/3539"}],"collection":[{"href":"https:\/\/www.muntdemots.org\/2011\/wp-json\/wp\/v2\/pages"}],"about":[{"href":"https:\/\/www.muntdemots.org\/2011\/wp-json\/wp\/v2\/types\/page"}],"author":[{"embeddable":true,"href":"https:\/\/www.muntdemots.org\/2011\/wp-json\/wp\/v2\/users\/1"}],"replies":[{"embeddable":true,"href":"https:\/\/www.muntdemots.org\/2011\/wp-json\/wp\/v2\/comments?post=3539"}],"version-history":[{"count":10,"href":"https:\/\/www.muntdemots.org\/2011\/wp-json\/wp\/v2\/pages\/3539\/revisions"}],"predecessor-version":[{"id":3542,"href":"https:\/\/www.muntdemots.org\/2011\/wp-json\/wp\/v2\/pages\/3539\/revisions\/3542"}],"wp:attachment":[{"href":"https:\/\/www.muntdemots.org\/2011\/wp-json\/wp\/v2\/media?parent=3539"}],"curies":[{"name":"wp","href":"https:\/\/api.w.org\/{rel}","templated":true}]}}