{"id":3515,"date":"2011-09-19T15:01:53","date_gmt":"2011-09-19T15:01:53","guid":{"rendered":"http:\/\/www.muntdemots.org\/?page_id=3515"},"modified":"2011-09-22T14:18:34","modified_gmt":"2011-09-22T14:18:34","slug":"elisabet-sagues","status":"publish","type":"page","link":"https:\/\/www.muntdemots.org\/2011\/elisabet-sagues\/","title":{"rendered":"Elisabet Sagues"},"content":{"rendered":"<p><span style=\"color: #ffffff;\">.<\/span><\/p>\n<p>&nbsp;<\/p>\n<p><strong><a href=\"https:\/\/www.muntdemots.org\/2011\/wp-content\/uploads\/2011\/09\/ELISABET-SAGUES-1.jpg\"><img decoding=\"async\" loading=\"lazy\" class=\"alignleft size-full wp-image-3834\" title=\"ELISABET SAGUES 1\" src=\"https:\/\/www.muntdemots.org\/2011\/wp-content\/uploads\/2011\/09\/ELISABET-SAGUES-1.jpg\" alt=\"\" width=\"240\" height=\"179\" \/><\/a>ELISABET SAGUES<\/strong><br \/>\nFa m\u00e9s de quinze anys que vaig comen\u00e7ar, i no habitualment, a  explicar hist\u00f2ries i rondalles a llocs ben inversemblants. Per\u00f2 ara far\u00e0  uns quatre anys que em dedico seriosament a narrar contes per les  escoles, biblioteques, centres c\u00edvics,\u00a0 restaurants, places p\u00fabliques,  etc.\u00a0 Tamb\u00e9 he estat actriu de teatre durant sis anys al Teatre Sant  Medir i a l\u2019Ateneu Barcelon\u00e8s.<\/p>\n<p><span style=\"color: #ffffff;\">.<\/span><\/p>\n<p><strong>AMORS IMPOSIBLES<\/strong><br \/>\n<span style=\"color: #ffffff;\">.<\/span><\/p>\n<p>Aventures er\u00f2tiques i absurdes de tres amics, una dona i un home, que es retroben al cap de molt temps i s\u2019expliquen les seves curioses hist\u00f2ries.<br \/>\n\u00c9s un espectacle \u00e0gil i fresc, i que t\u00e9 un fil conductor que enlla\u00e7a els contes. La ironia i l\u2019erotisme que manifesta, provoquen les rialles dels espectadors.\u00a0 Les hist\u00f2ries estan amanides amb m\u00fasica molt suggeridora.<\/p>\n","protected":false},"excerpt":{"rendered":"<p>. &nbsp; ELISABET SAGUES Fa m\u00e9s de quinze anys que vaig comen\u00e7ar, i no habitualment, a explicar hist\u00f2ries i rondalles a llocs ben inversemblants. Per\u00f2 ara far\u00e0 uns quatre anys que em dedico seriosament a narrar contes per les escoles, biblioteques, centres c\u00edvics,\u00a0 restaurants, places p\u00fabliques, etc.\u00a0 Tamb\u00e9 he estat actriu de teatre durant sis [&hellip;]<\/p>\n","protected":false},"author":1,"featured_media":0,"parent":0,"menu_order":0,"comment_status":"open","ping_status":"open","template":"","meta":[],"_links":{"self":[{"href":"https:\/\/www.muntdemots.org\/2011\/wp-json\/wp\/v2\/pages\/3515"}],"collection":[{"href":"https:\/\/www.muntdemots.org\/2011\/wp-json\/wp\/v2\/pages"}],"about":[{"href":"https:\/\/www.muntdemots.org\/2011\/wp-json\/wp\/v2\/types\/page"}],"author":[{"embeddable":true,"href":"https:\/\/www.muntdemots.org\/2011\/wp-json\/wp\/v2\/users\/1"}],"replies":[{"embeddable":true,"href":"https:\/\/www.muntdemots.org\/2011\/wp-json\/wp\/v2\/comments?post=3515"}],"version-history":[{"count":14,"href":"https:\/\/www.muntdemots.org\/2011\/wp-json\/wp\/v2\/pages\/3515\/revisions"}],"predecessor-version":[{"id":3519,"href":"https:\/\/www.muntdemots.org\/2011\/wp-json\/wp\/v2\/pages\/3515\/revisions\/3519"}],"wp:attachment":[{"href":"https:\/\/www.muntdemots.org\/2011\/wp-json\/wp\/v2\/media?parent=3515"}],"curies":[{"name":"wp","href":"https:\/\/api.w.org\/{rel}","templated":true}]}}