{"id":3442,"date":"2011-09-19T11:14:15","date_gmt":"2011-09-19T11:14:15","guid":{"rendered":"http:\/\/www.muntdemots.org\/?page_id=3442"},"modified":"2011-09-27T12:12:37","modified_gmt":"2011-09-27T12:12:37","slug":"ines-grimland","status":"publish","type":"page","link":"https:\/\/www.muntdemots.org\/2011\/ines-grimland\/","title":{"rendered":"In\u00e9s Grimland"},"content":{"rendered":"<p><span style=\"color: #ffffff;\">.<\/span><\/p>\n<p><strong><a href=\"https:\/\/www.muntdemots.org\/2011\/wp-content\/uploads\/2011\/09\/Ines-Grimland-2.jpg\"><img decoding=\"async\" loading=\"lazy\" class=\"alignleft size-medium wp-image-3863\" title=\"Ines Grimland 2\" src=\"https:\/\/www.muntdemots.org\/2011\/wp-content\/uploads\/2011\/09\/Ines-Grimland-2-300x224.jpg\" alt=\"\" width=\"222\" height=\"165\" \/><\/a>IN\u00c9S GRIMLAND<\/strong><br \/>\nLlicenciada en Sociologia, psic\u00f2loga social, mediadora, actriu,  guionista, narradora oral i directora de grups de narradors. Des de 2001  ha representat el seu pa\u00eds, Argentina, a festivals internacionals de  narraci\u00f3 oral i teatre de Col\u00f2mbia, Equador, Xile, Uruguai, Israel,  Espanya, Fran\u00e7a, Vene\u00e7uela, M\u00e8xic, Cuba, Paraguai i la mateixa  Argentina. \u00c9s la directora de <em>Latinoam\u00e9rica Tambi\u00e9n Cuenta, Encuentro de narradores latinoamericanos en Argentina.<\/em><\/p>\n<p><em><span style=\"color: #ffffff;\">.<\/span><br \/>\n<\/em><\/p>\n<p><strong>LAS CHICAS DECENTES NO SALEN SIN MEDIAS<\/strong><br \/>\n<span style=\"color: #ffffff;\">.<\/span><\/p>\n<p>Fa molts anys, per recon\u00e8ixer a una dona decent n\u2019hi havia prou amb mirar-li els peus. Com es reconeixien els homes decents? Per color del vestit? Per les sabates? La dec\u00e8ncia d\u2019una dona tenia a veure amb la seva conducta sexual. La hist\u00f2ria es va anar omplint de bruixes, boges i putes, dones que nom\u00e9s intentaven plantejar una pregunta: qu\u00e8 volem les dones? Hist\u00f2ries per riure, emocionar-se i pensar. Una reflexi\u00f3 al voltant dels rols femenins i masculins.<\/p>\n<p><span style=\"color: #ffffff;\">.<\/span><\/p>\n<p><strong>XERRADA: GENTE DE PALABRA<\/strong><br \/>\n<span style=\"color: #ffffff;\">.<\/span><\/p>\n<p>Amb aquesta xerrada, In\u00e9s Grimland explica la seva experi\u00e8ncia recorrent Am\u00e8rica Llatina com a narradora d\u2019\u00e8xit internacional. En la seves gires, anys enrere, va realitzar entrevistes i reportatges a importants figures de la literatura, el teatre, el cinema i a representants d\u2019altres arts. Aix\u00ed va conversar amb Mario Benedetti, \u00c1ngeles Mastretta i Ana Mar\u00eda Shua, entre d\u2019altres. Aquestes <em>Conversaciones con gente de palabra <\/em>es van transformar en un interessant llibre i han derivat en un programa de r\u00e0dio que es transmet per Radio Jai \u2013 96.3 FM de Buenos Aires, Argentina. I per Internet en directe.<\/p>\n<p><span style=\"color: #ffffff;\">.<\/span><\/p>\n<p><strong>TU HISTORIA CUENTA<\/strong><br \/>\n<strong>Resignificaci\u00f3 i revalortizaci\u00f3 de les hist\u00f2ries personals<\/strong><\/p>\n<p>Perqu\u00e8 les histories de cadasc\u00fa formen la gran historia de la humanitat.<br \/>\nPerqu\u00e8 som \u00fanics i irrepetibles, una anella de la cadena que ens enlla\u00e7a amb els que varen ser i les que vindran.<\/p>\n","protected":false},"excerpt":{"rendered":"<p>. IN\u00c9S GRIMLAND Llicenciada en Sociologia, psic\u00f2loga social, mediadora, actriu, guionista, narradora oral i directora de grups de narradors. Des de 2001 ha representat el seu pa\u00eds, Argentina, a festivals internacionals de narraci\u00f3 oral i teatre de Col\u00f2mbia, Equador, Xile, Uruguai, Israel, Espanya, Fran\u00e7a, Vene\u00e7uela, M\u00e8xic, Cuba, Paraguai i la mateixa Argentina. \u00c9s la directora [&hellip;]<\/p>\n","protected":false},"author":1,"featured_media":0,"parent":0,"menu_order":0,"comment_status":"open","ping_status":"open","template":"","meta":[],"_links":{"self":[{"href":"https:\/\/www.muntdemots.org\/2011\/wp-json\/wp\/v2\/pages\/3442"}],"collection":[{"href":"https:\/\/www.muntdemots.org\/2011\/wp-json\/wp\/v2\/pages"}],"about":[{"href":"https:\/\/www.muntdemots.org\/2011\/wp-json\/wp\/v2\/types\/page"}],"author":[{"embeddable":true,"href":"https:\/\/www.muntdemots.org\/2011\/wp-json\/wp\/v2\/users\/1"}],"replies":[{"embeddable":true,"href":"https:\/\/www.muntdemots.org\/2011\/wp-json\/wp\/v2\/comments?post=3442"}],"version-history":[{"count":13,"href":"https:\/\/www.muntdemots.org\/2011\/wp-json\/wp\/v2\/pages\/3442\/revisions"}],"predecessor-version":[{"id":3664,"href":"https:\/\/www.muntdemots.org\/2011\/wp-json\/wp\/v2\/pages\/3442\/revisions\/3664"}],"wp:attachment":[{"href":"https:\/\/www.muntdemots.org\/2011\/wp-json\/wp\/v2\/media?parent=3442"}],"curies":[{"name":"wp","href":"https:\/\/api.w.org\/{rel}","templated":true}]}}