{"id":3414,"date":"2011-09-19T10:34:57","date_gmt":"2011-09-19T10:34:57","guid":{"rendered":"http:\/\/www.muntdemots.org\/?page_id=3414"},"modified":"2011-09-30T12:49:14","modified_gmt":"2011-09-30T12:49:14","slug":"tere-monclus","status":"publish","type":"page","link":"https:\/\/www.muntdemots.org\/2011\/tere-monclus\/","title":{"rendered":"Tere Monclus"},"content":{"rendered":"<p><span style=\"color: #ffffff;\">.<\/span><\/p>\n<p><strong><a href=\"https:\/\/www.muntdemots.org\/2011\/wp-content\/uploads\/2011\/09\/Tere-foto1.jpg\"><img decoding=\"async\" loading=\"lazy\" class=\"size-medium wp-image-4110 alignleft\" title=\"Tere-foto1\" src=\"https:\/\/www.muntdemots.org\/2011\/wp-content\/uploads\/2011\/09\/Tere-foto1-300x162.jpg\" alt=\"\" width=\"244\" height=\"131\" srcset=\"https:\/\/www.muntdemots.org\/2011\/wp-content\/uploads\/2011\/09\/Tere-foto1-300x162.jpg 300w, https:\/\/www.muntdemots.org\/2011\/wp-content\/uploads\/2011\/09\/Tere-foto1-1024x555.jpg 1024w, https:\/\/www.muntdemots.org\/2011\/wp-content\/uploads\/2011\/09\/Tere-foto1.jpg 1045w\" sizes=\"(max-width: 244px) 100vw, 244px\" \/><\/a>TERE MONCLUS<\/strong><\/p>\n<p>Narradora oral, Contacontes, Teixidora de Paraules, Filadora de Somnis.<br \/>\nFormada als tallers Atrapa La Paraula de la xarxa de biblioteques de Barcelona, des del 2009 he explicat contes per a adults i nens a biblioteques i centres c\u00edvics, fires i festes majors, maratons, llibreries, al I Festival de narraci\u00f3 oral de Barcelona 2010, Munt de Mots i a diversos locals de la ciutat.<\/p>\n<p><span style=\"color: #ffffff;\">.<\/span><\/p>\n<p><span style=\"color: #ffffff;\">.<\/span><\/p>\n<p><strong>IMAGINACONTES<br \/>\n<span style=\"color: #ffffff;\">.<\/span><\/strong><\/p>\n<p>Seieu ben c\u00f2modes, obriu b\u00e9 els ulls i pareu les orelles&#8230; vet aqu\u00ed la rateta perduda a la selva, vet aqu\u00ed un gall encantat, vet aqu\u00ed que els vents bufen tempesta, vet aqu\u00ed tortuguetes al cam\u00ed, vet aqu\u00ed una princesa avorrida, vet aqu\u00ed un rei maldestre, vet aqu\u00ed la iaia adormida, vet aqu\u00ed que surt el sol, vet aqu\u00ed&#8230; un conte sense fi.<\/p>\n","protected":false},"excerpt":{"rendered":"<p>. TERE MONCLUS Narradora oral, Contacontes, Teixidora de Paraules, Filadora de Somnis. Formada als tallers Atrapa La Paraula de la xarxa de biblioteques de Barcelona, des del 2009 he explicat contes per a adults i nens a biblioteques i centres c\u00edvics, fires i festes majors, maratons, llibreries, al I Festival de narraci\u00f3 oral de Barcelona [&hellip;]<\/p>\n","protected":false},"author":1,"featured_media":0,"parent":0,"menu_order":0,"comment_status":"open","ping_status":"closed","template":"","meta":[],"_links":{"self":[{"href":"https:\/\/www.muntdemots.org\/2011\/wp-json\/wp\/v2\/pages\/3414"}],"collection":[{"href":"https:\/\/www.muntdemots.org\/2011\/wp-json\/wp\/v2\/pages"}],"about":[{"href":"https:\/\/www.muntdemots.org\/2011\/wp-json\/wp\/v2\/types\/page"}],"author":[{"embeddable":true,"href":"https:\/\/www.muntdemots.org\/2011\/wp-json\/wp\/v2\/users\/1"}],"replies":[{"embeddable":true,"href":"https:\/\/www.muntdemots.org\/2011\/wp-json\/wp\/v2\/comments?post=3414"}],"version-history":[{"count":11,"href":"https:\/\/www.muntdemots.org\/2011\/wp-json\/wp\/v2\/pages\/3414\/revisions"}],"predecessor-version":[{"id":4106,"href":"https:\/\/www.muntdemots.org\/2011\/wp-json\/wp\/v2\/pages\/3414\/revisions\/4106"}],"wp:attachment":[{"href":"https:\/\/www.muntdemots.org\/2011\/wp-json\/wp\/v2\/media?parent=3414"}],"curies":[{"name":"wp","href":"https:\/\/api.w.org\/{rel}","templated":true}]}}