{"id":3359,"date":"2011-09-19T09:22:39","date_gmt":"2011-09-19T09:22:39","guid":{"rendered":"http:\/\/www.muntdemots.org\/?page_id=3359"},"modified":"2011-09-30T16:17:04","modified_gmt":"2011-09-30T16:17:04","slug":"flavia-piazza","status":"publish","type":"page","link":"https:\/\/www.muntdemots.org\/2011\/flavia-piazza\/","title":{"rendered":"Flavia Piazza"},"content":{"rendered":"<p><span style=\"color: #ffffff;\">.<\/span><\/p>\n<p><strong><a href=\"https:\/\/www.muntdemots.org\/2011\/wp-content\/uploads\/2011\/09\/Foto-carnet-Flavia.jpg\"><img decoding=\"async\" loading=\"lazy\" class=\"alignleft size-medium wp-image-4203\" title=\"Foto carnet Flavia\" src=\"https:\/\/www.muntdemots.org\/2011\/wp-content\/uploads\/2011\/09\/Foto-carnet-Flavia-205x300.jpg\" alt=\"\" width=\"160\" height=\"233\" srcset=\"https:\/\/www.muntdemots.org\/2011\/wp-content\/uploads\/2011\/09\/Foto-carnet-Flavia-205x300.jpg 205w, https:\/\/www.muntdemots.org\/2011\/wp-content\/uploads\/2011\/09\/Foto-carnet-Flavia-701x1024.jpg 701w, https:\/\/www.muntdemots.org\/2011\/wp-content\/uploads\/2011\/09\/Foto-carnet-Flavia.jpg 1715w\" sizes=\"(max-width: 160px) 100vw, 160px\" \/><\/a>FLAVIA PIAZZA<span style=\"color: #ffffff;\"><br \/>\n.<\/span><\/strong><\/p>\n<p>\u00c9s llicenciada en Enginyeria Qu\u00edmica per la USB de Vene\u00e7uela, l\u2019any 1998. Actriu i codirectora del <em>Teatro Altosf<\/em> de Barcelona entre 1996 i 2007. Tamb\u00e9 va participar en la creaci\u00f3 i direcci\u00f3 del <em>I Festival de Teatro Iberoamericano de Barcelona<\/em>, ULLS 2006. \u00c9s <em>Master practitioner i Master en Coaching<\/em> amb PNL per l\u2019Institut Gestalt de Barcelona.<\/p>\n<p>En el seu treball combina el seu coneixement de les arts esc\u00e8niques i el treball corporal, amb t\u00e8cniques de <em>coaching i<\/em> PNL.<\/p>\n<p><span style=\"color: #ffffff;\">.<\/span><\/p>\n<p><span style=\"color: #ffffff;\">.<\/span><\/p>\n<p><strong>GESTI\u00d3N DE EMOCIONES PARA CUENTACUENTOS<br \/>\n<span style=\"color: #ffffff;\">.<\/span><\/strong><\/p>\n<p>La narraci\u00f3 oral, com a art esc\u00e8nic, implica aconseguir i mantenir l\u2019atenci\u00f3 del p\u00fablic. Aix\u00f2, en molts casos, pot ser sin\u00f2nim d\u2019ansietat, por, inseguretat i tota una gama d\u2019estats interns que impedeixen que la persona pugui mostrar el millor de si mateixa a l\u2019hora d\u2019explicar un conte.<\/p>\n<p>L\u2019objectiu central d\u2019aquest taller \u00e9s el de brindar algunes eines necess\u00e0ries per a la gesti\u00f3 d\u2019aquests estats interns des dels instruments que ofereix la PNL (Programaci\u00f3 neuroling\u00fc\u00edstica).<\/p>\n","protected":false},"excerpt":{"rendered":"<p>. FLAVIA PIAZZA . \u00c9s llicenciada en Enginyeria Qu\u00edmica per la USB de Vene\u00e7uela, l\u2019any 1998. Actriu i codirectora del Teatro Altosf de Barcelona entre 1996 i 2007. Tamb\u00e9 va participar en la creaci\u00f3 i direcci\u00f3 del I Festival de Teatro Iberoamericano de Barcelona, ULLS 2006. \u00c9s Master practitioner i Master en Coaching amb PNL [&hellip;]<\/p>\n","protected":false},"author":1,"featured_media":0,"parent":0,"menu_order":0,"comment_status":"open","ping_status":"open","template":"","meta":[],"_links":{"self":[{"href":"https:\/\/www.muntdemots.org\/2011\/wp-json\/wp\/v2\/pages\/3359"}],"collection":[{"href":"https:\/\/www.muntdemots.org\/2011\/wp-json\/wp\/v2\/pages"}],"about":[{"href":"https:\/\/www.muntdemots.org\/2011\/wp-json\/wp\/v2\/types\/page"}],"author":[{"embeddable":true,"href":"https:\/\/www.muntdemots.org\/2011\/wp-json\/wp\/v2\/users\/1"}],"replies":[{"embeddable":true,"href":"https:\/\/www.muntdemots.org\/2011\/wp-json\/wp\/v2\/comments?post=3359"}],"version-history":[{"count":11,"href":"https:\/\/www.muntdemots.org\/2011\/wp-json\/wp\/v2\/pages\/3359\/revisions"}],"predecessor-version":[{"id":3361,"href":"https:\/\/www.muntdemots.org\/2011\/wp-json\/wp\/v2\/pages\/3359\/revisions\/3361"}],"wp:attachment":[{"href":"https:\/\/www.muntdemots.org\/2011\/wp-json\/wp\/v2\/media?parent=3359"}],"curies":[{"name":"wp","href":"https:\/\/api.w.org\/{rel}","templated":true}]}}