{"id":3337,"date":"2011-09-16T18:35:13","date_gmt":"2011-09-16T18:35:13","guid":{"rendered":"http:\/\/www.muntdemots.org\/?page_id=3337"},"modified":"2011-09-30T16:30:32","modified_gmt":"2011-09-30T16:30:32","slug":"marco-flecha","status":"publish","type":"page","link":"https:\/\/www.muntdemots.org\/2011\/marco-flecha\/","title":{"rendered":"Marco Flecha"},"content":{"rendered":"<p><span style=\"color: #ffffff;\">.<\/span><\/p>\n<p><strong><a href=\"https:\/\/www.muntdemots.org\/2011\/wp-content\/uploads\/2011\/09\/MARCO-FLECHA-1.jpg\"><img decoding=\"async\" loading=\"lazy\" class=\"alignleft size-medium wp-image-3905\" title=\"MARCO FLECHA 1\" src=\"https:\/\/www.muntdemots.org\/2011\/wp-content\/uploads\/2011\/09\/MARCO-FLECHA-1-300x200.jpg\" alt=\"\" width=\"275\" height=\"183\" srcset=\"https:\/\/www.muntdemots.org\/2011\/wp-content\/uploads\/2011\/09\/MARCO-FLECHA-1-300x200.jpg 300w, https:\/\/www.muntdemots.org\/2011\/wp-content\/uploads\/2011\/09\/MARCO-FLECHA-1-1024x685.jpg 1024w\" sizes=\"(max-width: 275px) 100vw, 275px\" \/><\/a>MARCO FLECHA<\/strong><span style=\"color: #ffffff;\">.<\/span><br \/>\nNascut a Tacuati, Paraguai, al 1977, \u00e9s comunicador, animador  sociocultural, actor i narrador oral. Ha desenvolupat el seu treball  art\u00edstic al seu pa\u00eds de naixement i a diferents pa\u00efsos d&#8217;Am\u00e8rica Llatina  i a Espanya.<\/p>\n<p>Aix\u00ed mateix, s&#8217;ha dedicat a recopilar hist\u00f2ries de la tradici\u00f3 oral, \u00e9s soci fundador de l&#8217;agrupaci\u00f3 <em>Pipuu!!<\/em> de <em>cuenter\u00eda<\/em> i de <em>La Ch\u00e1chara<\/em>, a Sevilla, des d&#8217;on realitza el seu treball i organitza el <em>Festival Intercultural de Narraci\u00f3n Oral de Sevilla<\/em> (FINOS).<\/p>\n<p><span style=\"color: #ffffff;\">.<\/span><\/p>\n<p><strong>AMOITE<\/strong><br \/>\n<span style=\"color: #ffffff;\">.<\/span><br \/>\nS\u00f3n les hist\u00f2ries fetes paraules que broten en forma de mites, llegendes, contes\u2026 Relats que refereixen mites i llegendes guaran\u00eds, contes populars i picarescos, hist\u00f2ries m\u00e0giques del Paraguai i la regi\u00f3. En alguns relats marca la seva pres\u00e8ncia la llengua guaran\u00ed como un joc ling\u00fc\u00edstic, mitjan\u00e7ant el qual el p\u00fablic podr\u00e0 sentir la sonoritat i el ritme d\u2019un dels idiomes oficials del Paraguai.<\/p>\n","protected":false},"excerpt":{"rendered":"<p>. MARCO FLECHA. Nascut a Tacuati, Paraguai, al 1977, \u00e9s comunicador, animador sociocultural, actor i narrador oral. Ha desenvolupat el seu treball art\u00edstic al seu pa\u00eds de naixement i a diferents pa\u00efsos d&#8217;Am\u00e8rica Llatina i a Espanya. Aix\u00ed mateix, s&#8217;ha dedicat a recopilar hist\u00f2ries de la tradici\u00f3 oral, \u00e9s soci fundador de l&#8217;agrupaci\u00f3 Pipuu!! de [&hellip;]<\/p>\n","protected":false},"author":1,"featured_media":0,"parent":0,"menu_order":0,"comment_status":"open","ping_status":"open","template":"","meta":[],"_links":{"self":[{"href":"https:\/\/www.muntdemots.org\/2011\/wp-json\/wp\/v2\/pages\/3337"}],"collection":[{"href":"https:\/\/www.muntdemots.org\/2011\/wp-json\/wp\/v2\/pages"}],"about":[{"href":"https:\/\/www.muntdemots.org\/2011\/wp-json\/wp\/v2\/types\/page"}],"author":[{"embeddable":true,"href":"https:\/\/www.muntdemots.org\/2011\/wp-json\/wp\/v2\/users\/1"}],"replies":[{"embeddable":true,"href":"https:\/\/www.muntdemots.org\/2011\/wp-json\/wp\/v2\/comments?post=3337"}],"version-history":[{"count":10,"href":"https:\/\/www.muntdemots.org\/2011\/wp-json\/wp\/v2\/pages\/3337\/revisions"}],"predecessor-version":[{"id":3340,"href":"https:\/\/www.muntdemots.org\/2011\/wp-json\/wp\/v2\/pages\/3337\/revisions\/3340"}],"wp:attachment":[{"href":"https:\/\/www.muntdemots.org\/2011\/wp-json\/wp\/v2\/media?parent=3337"}],"curies":[{"name":"wp","href":"https:\/\/api.w.org\/{rel}","templated":true}]}}