{"id":8830,"date":"2018-09-13T10:20:48","date_gmt":"2018-09-13T10:20:48","guid":{"rendered":"http:\/\/www.muntdemots.org\/2018\/?page_id=8830"},"modified":"2018-09-19T07:36:09","modified_gmt":"2018-09-19T07:36:09","slug":"li-morenita","status":"publish","type":"page","link":"http:\/\/www.muntdemots.org\/2018\/participants\/li-morenita\/","title":{"rendered":"Li Morenita"},"content":{"rendered":"<p><img decoding=\"async\" loading=\"lazy\" class=\"alignright size-medium wp-image-8800\" src=\"http:\/\/www.muntdemots.org\/2018\/wp-content\/uploads\/2018\/09\/7-300x300.png\" alt=\"\" width=\"300\" height=\"300\" srcset=\"http:\/\/www.muntdemots.org\/2018\/wp-content\/uploads\/2018\/09\/7-300x300.png 300w, http:\/\/www.muntdemots.org\/2018\/wp-content\/uploads\/2018\/09\/7-150x150.png 150w, http:\/\/www.muntdemots.org\/2018\/wp-content\/uploads\/2018\/09\/7-768x768.png 768w, http:\/\/www.muntdemots.org\/2018\/wp-content\/uploads\/2018\/09\/7.png 800w\" sizes=\"(max-width: 300px) 100vw, 300px\" \/>S\u00f3c colombiana, amb sang llatina que bombolleja a borbollons. S\u00f3c periodista, documentalista, escriptora creativa i narradora. He dedicat gran part de la meva vida a la creaci\u00f3 d\u2019hist\u00f2ries des de la cr\u00f2nica period\u00edstica, els reportatges audiovisuals, les hist\u00f2ries improvisades fins els contes. S\u00f3c una apassionada per la creaci\u00f3 i crec fermament en el poder de la paraula i en la seva for\u00e7a transformadora: \u201ccrear per creure en un m\u00f3n millor\u201d.<\/p>\n","protected":false},"excerpt":{"rendered":"<p>S\u00f3c colombiana, amb sang llatina que bombolleja a borbollons. S\u00f3c periodista, documentalista, escriptora creativa i narradora. He dedicat gran part de la meva vida a la creaci\u00f3 d\u2019hist\u00f2ries des de la cr\u00f2nica period\u00edstica, els reportatges audiovisuals, les hist\u00f2ries improvisades fins els contes. S\u00f3c una apassionada per la creaci\u00f3 i crec fermament en el poder de [&hellip;]<\/p>\n","protected":false},"author":1,"featured_media":0,"parent":4,"menu_order":0,"comment_status":"closed","ping_status":"closed","template":"","meta":{"_mi_skip_tracking":false},"_links":{"self":[{"href":"http:\/\/www.muntdemots.org\/2018\/wp-json\/wp\/v2\/pages\/8830"}],"collection":[{"href":"http:\/\/www.muntdemots.org\/2018\/wp-json\/wp\/v2\/pages"}],"about":[{"href":"http:\/\/www.muntdemots.org\/2018\/wp-json\/wp\/v2\/types\/page"}],"author":[{"embeddable":true,"href":"http:\/\/www.muntdemots.org\/2018\/wp-json\/wp\/v2\/users\/1"}],"replies":[{"embeddable":true,"href":"http:\/\/www.muntdemots.org\/2018\/wp-json\/wp\/v2\/comments?post=8830"}],"version-history":[{"count":2,"href":"http:\/\/www.muntdemots.org\/2018\/wp-json\/wp\/v2\/pages\/8830\/revisions"}],"predecessor-version":[{"id":8969,"href":"http:\/\/www.muntdemots.org\/2018\/wp-json\/wp\/v2\/pages\/8830\/revisions\/8969"}],"up":[{"embeddable":true,"href":"http:\/\/www.muntdemots.org\/2018\/wp-json\/wp\/v2\/pages\/4"}],"wp:attachment":[{"href":"http:\/\/www.muntdemots.org\/2018\/wp-json\/wp\/v2\/media?parent=8830"}],"curies":[{"name":"wp","href":"https:\/\/api.w.org\/{rel}","templated":true}]}}