{"id":8551,"date":"2017-09-13T13:26:32","date_gmt":"2017-09-13T13:26:32","guid":{"rendered":"http:\/\/www.muntdemots.org\/2017\/?page_id=8551"},"modified":"2017-09-13T16:37:50","modified_gmt":"2017-09-13T16:37:50","slug":"aldo-mendez-meneses-cuba-1966","status":"publish","type":"page","link":"http:\/\/www.muntdemots.org\/2017\/participants\/aldo-mendez-meneses-cuba-1966\/","title":{"rendered":"Aldo M\u00e9ndez (Meneses, Cuba 1966)"},"content":{"rendered":"<p><img decoding=\"async\" loading=\"lazy\" class=\"size-medium wp-image-8623 alignright\" src=\"http:\/\/www.muntdemots.org\/2017\/wp-content\/uploads\/2017\/09\/ALDO-MENDEZ-300x169.jpeg\" alt=\"\" width=\"300\" height=\"169\" srcset=\"http:\/\/www.muntdemots.org\/2017\/wp-content\/uploads\/2017\/09\/ALDO-MENDEZ-300x169.jpeg 300w, http:\/\/www.muntdemots.org\/2017\/wp-content\/uploads\/2017\/09\/ALDO-MENDEZ-768x432.jpeg 768w, http:\/\/www.muntdemots.org\/2017\/wp-content\/uploads\/2017\/09\/ALDO-MENDEZ-1024x576.jpeg 1024w, http:\/\/www.muntdemots.org\/2017\/wp-content\/uploads\/2017\/09\/ALDO-MENDEZ.jpeg 1920w\" sizes=\"(max-width: 300px) 100vw, 300px\" \/>Aquest cub\u00e0 parauler es dedica a contar contes des de 1994 i ha actuat i realitzat xerrades, cursos, tallers i confer\u00e8ncies en m\u00e9s de quinze pa\u00efsos d\u2019Am\u00e8rica Llatina, Europa i \u00c0frica. En t\u00e9 prou amb la veu i el gest per dibuixar i crear un instant en qu\u00e8 tot \u00e9s possible, en qu\u00e8 tot \u00e9s veritat. Aquest narrador juga amb la m\u00fasica de les paraules i escriu versos per a nens. El seu treball m\u00e9s recent \u201cCanciones y Palabras\u201d (un llibre-cd) ha estat nominat com millor \u00e0lbum infantil als Grammy Llatins.<\/p>\n<p>&nbsp;<\/p>\n<p><strong>DIMARTS 17<\/strong><\/p>\n<p>&nbsp;<\/p>\n<p><strong>LOS VIAJES DEL ESPANTAP\u00c1JAROS<\/strong><\/p>\n<p><strong>Aldo M\u00e9ndez (Cuba)<\/strong><\/p>\n<p>Inspirat en un text d\u2019Antonio Orlando Rodr\u00edguez, aquest espectacle s\u2019endinsa en el valor de l\u2019amistat. Un nen, un riu, casa seva, la seva \u00e0via i la capacitat de l\u2019\u00e9sser hum\u00e0 de veure-hi amb els ulls del cor. Contes i poemes propis i hist\u00f2ries populars en versions molt personals.<\/p>\n<p><strong>Infantil \/ Castell\u00e0<\/strong><br \/>\n<strong>Hora: 17.30 h<\/strong><br \/>\n<strong>CENTRE C\u00cdVIC FONT DE LA GUATLLA<\/strong><br \/>\n<strong>Activitat gratu\u00efta<\/strong><\/p>\n<p>&nbsp;<\/p>\n<p><strong>DIMECRES 18<\/strong><\/p>\n<p>&nbsp;<\/p>\n<p><strong>LAS COSAS EN SU SITIO<\/strong><\/p>\n<p><strong>Aldo M\u00e9ndez (Cuba)<\/strong><\/p>\n<p>Una mirada a algunes de les primeres hist\u00f2ries que van anar arribant a la meva vida de contacontes, un intent de reexplicar i recrear la veu pr\u00f2pia en les veus dels altres i de posar l\u2019accent en el que veritablement importa: la mem\u00f2ria col\u00b7lectiva.<\/p>\n<p><strong>Adults \/ Castell\u00e0<\/strong><br \/>\n<strong>Hora: 19.00 h<\/strong><br \/>\n<strong>BIBLIOTECA G\u00d2TIC-ANDREU NIN<\/strong><br \/>\n<strong>Activitat gratu\u00efta<\/strong><\/p>\n","protected":false},"excerpt":{"rendered":"<p>Aquest cub\u00e0 parauler es dedica a contar contes des de 1994 i ha actuat i realitzat xerrades, cursos, tallers i confer\u00e8ncies en m\u00e9s de quinze pa\u00efsos d\u2019Am\u00e8rica Llatina, Europa i \u00c0frica. En t\u00e9 prou amb la veu i el gest per dibuixar i crear un instant en qu\u00e8 tot \u00e9s possible, en qu\u00e8 tot \u00e9s [&hellip;]<\/p>\n","protected":false},"author":1,"featured_media":0,"parent":4,"menu_order":0,"comment_status":"closed","ping_status":"closed","template":"","meta":{"_mi_skip_tracking":false},"yoast_head":"<!-- This site is optimized with the Yoast SEO plugin v20.5 - https:\/\/yoast.com\/wordpress\/plugins\/seo\/ -->\n<title>Aldo M\u00e9ndez (Meneses, Cuba 1966) - Munt de Mots<\/title>\n<meta name=\"robots\" content=\"index, follow, max-snippet:-1, max-image-preview:large, max-video-preview:-1\" \/>\n<link rel=\"canonical\" href=\"https:\/\/www.muntdemots.org\/2017\/participants\/aldo-mendez-meneses-cuba-1966\/\" \/>\n<meta property=\"og:locale\" content=\"ca_ES\" \/>\n<meta property=\"og:type\" content=\"article\" \/>\n<meta property=\"og:title\" content=\"Aldo M\u00e9ndez (Meneses, Cuba 1966) - Munt de Mots\" \/>\n<meta property=\"og:description\" content=\"Aquest cub\u00e0 parauler es dedica a contar contes des de 1994 i ha actuat i realitzat xerrades, cursos, tallers i confer\u00e8ncies en m\u00e9s de quinze pa\u00efsos d\u2019Am\u00e8rica Llatina, Europa i \u00c0frica. En t\u00e9 prou amb la veu i el gest per dibuixar i crear un instant en qu\u00e8 tot \u00e9s possible, en qu\u00e8 tot \u00e9s [&hellip;]\" \/>\n<meta property=\"og:url\" content=\"https:\/\/www.muntdemots.org\/2017\/participants\/aldo-mendez-meneses-cuba-1966\/\" \/>\n<meta property=\"og:site_name\" content=\"Munt de Mots\" \/>\n<meta property=\"article:publisher\" content=\"https:\/\/www.facebook.com\/FestivalMuntdeMots\" \/>\n<meta property=\"article:modified_time\" content=\"2017-09-13T16:37:50+00:00\" \/>\n<meta property=\"og:image\" content=\"http:\/\/www.muntdemots.org\/2017\/wp-content\/uploads\/2017\/09\/ALDO-MENDEZ-300x169.jpeg\" \/>\n<meta name=\"twitter:card\" content=\"summary_large_image\" \/>\n<meta name=\"twitter:site\" content=\"@muntdemots\" \/>\n<meta name=\"twitter:label1\" content=\"Temps estimat de lectura\" \/>\n\t<meta name=\"twitter:data1\" content=\"1 minut\" \/>\n<script type=\"application\/ld+json\" class=\"yoast-schema-graph\">{\"@context\":\"https:\/\/schema.org\",\"@graph\":[{\"@type\":\"WebPage\",\"@id\":\"https:\/\/www.muntdemots.org\/2017\/participants\/aldo-mendez-meneses-cuba-1966\/\",\"url\":\"https:\/\/www.muntdemots.org\/2017\/participants\/aldo-mendez-meneses-cuba-1966\/\",\"name\":\"Aldo M\u00e9ndez (Meneses, Cuba 1966) - Munt de Mots\",\"isPartOf\":{\"@id\":\"http:\/\/www.muntdemots.org\/2017\/#website\"},\"datePublished\":\"2017-09-13T13:26:32+00:00\",\"dateModified\":\"2017-09-13T16:37:50+00:00\",\"breadcrumb\":{\"@id\":\"https:\/\/www.muntdemots.org\/2017\/participants\/aldo-mendez-meneses-cuba-1966\/#breadcrumb\"},\"inLanguage\":\"ca\",\"potentialAction\":[{\"@type\":\"ReadAction\",\"target\":[\"https:\/\/www.muntdemots.org\/2017\/participants\/aldo-mendez-meneses-cuba-1966\/\"]}]},{\"@type\":\"BreadcrumbList\",\"@id\":\"https:\/\/www.muntdemots.org\/2017\/participants\/aldo-mendez-meneses-cuba-1966\/#breadcrumb\",\"itemListElement\":[{\"@type\":\"ListItem\",\"position\":1,\"name\":\"Inici\",\"item\":\"http:\/\/www.muntdemots.org\/2017\/\"},{\"@type\":\"ListItem\",\"position\":2,\"name\":\"Participants\",\"item\":\"https:\/\/www.muntdemots.org\/2017\/participants\/\"},{\"@type\":\"ListItem\",\"position\":3,\"name\":\"Aldo M\u00e9ndez (Meneses, Cuba 1966)\"}]},{\"@type\":\"WebSite\",\"@id\":\"http:\/\/www.muntdemots.org\/2017\/#website\",\"url\":\"http:\/\/www.muntdemots.org\/2017\/\",\"name\":\"Munt de Mots\",\"description\":\"\",\"potentialAction\":[{\"@type\":\"SearchAction\",\"target\":{\"@type\":\"EntryPoint\",\"urlTemplate\":\"http:\/\/www.muntdemots.org\/2017\/?s={search_term_string}\"},\"query-input\":\"required name=search_term_string\"}],\"inLanguage\":\"ca\"}]}<\/script>\n<!-- \/ Yoast SEO plugin. -->","yoast_head_json":{"title":"Aldo M\u00e9ndez (Meneses, Cuba 1966) - Munt de Mots","robots":{"index":"index","follow":"follow","max-snippet":"max-snippet:-1","max-image-preview":"max-image-preview:large","max-video-preview":"max-video-preview:-1"},"canonical":"https:\/\/www.muntdemots.org\/2017\/participants\/aldo-mendez-meneses-cuba-1966\/","og_locale":"ca_ES","og_type":"article","og_title":"Aldo M\u00e9ndez (Meneses, Cuba 1966) - Munt de Mots","og_description":"Aquest cub\u00e0 parauler es dedica a contar contes des de 1994 i ha actuat i realitzat xerrades, cursos, tallers i confer\u00e8ncies en m\u00e9s de quinze pa\u00efsos d\u2019Am\u00e8rica Llatina, Europa i \u00c0frica. En t\u00e9 prou amb la veu i el gest per dibuixar i crear un instant en qu\u00e8 tot \u00e9s possible, en qu\u00e8 tot \u00e9s [&hellip;]","og_url":"https:\/\/www.muntdemots.org\/2017\/participants\/aldo-mendez-meneses-cuba-1966\/","og_site_name":"Munt de Mots","article_publisher":"https:\/\/www.facebook.com\/FestivalMuntdeMots","article_modified_time":"2017-09-13T16:37:50+00:00","og_image":[{"url":"http:\/\/www.muntdemots.org\/2017\/wp-content\/uploads\/2017\/09\/ALDO-MENDEZ-300x169.jpeg"}],"twitter_card":"summary_large_image","twitter_site":"@muntdemots","twitter_misc":{"Temps estimat de lectura":"1 minut"},"schema":{"@context":"https:\/\/schema.org","@graph":[{"@type":"WebPage","@id":"https:\/\/www.muntdemots.org\/2017\/participants\/aldo-mendez-meneses-cuba-1966\/","url":"https:\/\/www.muntdemots.org\/2017\/participants\/aldo-mendez-meneses-cuba-1966\/","name":"Aldo M\u00e9ndez (Meneses, Cuba 1966) - Munt de Mots","isPartOf":{"@id":"http:\/\/www.muntdemots.org\/2017\/#website"},"datePublished":"2017-09-13T13:26:32+00:00","dateModified":"2017-09-13T16:37:50+00:00","breadcrumb":{"@id":"https:\/\/www.muntdemots.org\/2017\/participants\/aldo-mendez-meneses-cuba-1966\/#breadcrumb"},"inLanguage":"ca","potentialAction":[{"@type":"ReadAction","target":["https:\/\/www.muntdemots.org\/2017\/participants\/aldo-mendez-meneses-cuba-1966\/"]}]},{"@type":"BreadcrumbList","@id":"https:\/\/www.muntdemots.org\/2017\/participants\/aldo-mendez-meneses-cuba-1966\/#breadcrumb","itemListElement":[{"@type":"ListItem","position":1,"name":"Inici","item":"http:\/\/www.muntdemots.org\/2017\/"},{"@type":"ListItem","position":2,"name":"Participants","item":"https:\/\/www.muntdemots.org\/2017\/participants\/"},{"@type":"ListItem","position":3,"name":"Aldo M\u00e9ndez (Meneses, Cuba 1966)"}]},{"@type":"WebSite","@id":"http:\/\/www.muntdemots.org\/2017\/#website","url":"http:\/\/www.muntdemots.org\/2017\/","name":"Munt de Mots","description":"","potentialAction":[{"@type":"SearchAction","target":{"@type":"EntryPoint","urlTemplate":"http:\/\/www.muntdemots.org\/2017\/?s={search_term_string}"},"query-input":"required name=search_term_string"}],"inLanguage":"ca"}]}},"_links":{"self":[{"href":"http:\/\/www.muntdemots.org\/2017\/wp-json\/wp\/v2\/pages\/8551"}],"collection":[{"href":"http:\/\/www.muntdemots.org\/2017\/wp-json\/wp\/v2\/pages"}],"about":[{"href":"http:\/\/www.muntdemots.org\/2017\/wp-json\/wp\/v2\/types\/page"}],"author":[{"embeddable":true,"href":"http:\/\/www.muntdemots.org\/2017\/wp-json\/wp\/v2\/users\/1"}],"replies":[{"embeddable":true,"href":"http:\/\/www.muntdemots.org\/2017\/wp-json\/wp\/v2\/comments?post=8551"}],"version-history":[{"count":4,"href":"http:\/\/www.muntdemots.org\/2017\/wp-json\/wp\/v2\/pages\/8551\/revisions"}],"predecessor-version":[{"id":8629,"href":"http:\/\/www.muntdemots.org\/2017\/wp-json\/wp\/v2\/pages\/8551\/revisions\/8629"}],"up":[{"embeddable":true,"href":"http:\/\/www.muntdemots.org\/2017\/wp-json\/wp\/v2\/pages\/4"}],"wp:attachment":[{"href":"http:\/\/www.muntdemots.org\/2017\/wp-json\/wp\/v2\/media?parent=8551"}],"curies":[{"name":"wp","href":"https:\/\/api.w.org\/{rel}","templated":true}]}}