{"version":"1.0","provider_name":"Munt de Mots","provider_url":"http:\/\/www.muntdemots.org\/2017","author_name":"Administrador","author_url":"http:\/\/www.muntdemots.org\/2017\/author\/admin\/","title":"CLOENDA DEL FESTIVAL - Munt de Mots","type":"rich","width":600,"height":338,"html":"<blockquote class=\"wp-embedded-content\" data-secret=\"oIpmExEkHd\"><a href=\"http:\/\/www.muntdemots.org\/2017\/events\/cloenda-del-festival\/\">CLOENDA DEL FESTIVAL<\/a><\/blockquote><iframe sandbox=\"allow-scripts\" security=\"restricted\" src=\"http:\/\/www.muntdemots.org\/2017\/events\/cloenda-del-festival\/embed\/#?secret=oIpmExEkHd\" width=\"600\" height=\"338\" title=\"&#8220;CLOENDA DEL FESTIVAL&#8221; &#8212; Munt de Mots\" data-secret=\"oIpmExEkHd\" frameborder=\"0\" marginwidth=\"0\" marginheight=\"0\" scrolling=\"no\" class=\"wp-embedded-content\"><\/iframe><script type=\"text\/javascript\">\n\/*! This file is auto-generated *\/\n!function(c,d){\"use strict\";var e=!1,o=!1;if(d.querySelector)if(c.addEventListener)e=!0;if(c.wp=c.wp||{},c.wp.receiveEmbedMessage);else if(c.wp.receiveEmbedMessage=function(e){var t=e.data;if(!t);else if(!(t.secret||t.message||t.value));else if(\/[^a-zA-Z0-9]\/.test(t.secret));else{for(var r,s,a,i=d.querySelectorAll('iframe[data-secret=\"'+t.secret+'\"]'),n=d.querySelectorAll('blockquote[data-secret=\"'+t.secret+'\"]'),o=new RegExp(\"^https?:$\",\"i\"),l=0;l<n.length;l++)n[l].style.display=\"none\";for(l=0;l<i.length;l++)if(r=i[l],e.source!==r.contentWindow);else{if(r.removeAttribute(\"style\"),\"height\"===t.message){if(1e3<(s=parseInt(t.value,10)))s=1e3;else if(~~s<200)s=200;r.height=s}if(\"link\"===t.message)if(s=d.createElement(\"a\"),a=d.createElement(\"a\"),s.href=r.getAttribute(\"src\"),a.href=t.value,!o.test(a.protocol));else if(a.host===s.host)if(d.activeElement===r)c.top.location.href=t.value}}},e)c.addEventListener(\"message\",c.wp.receiveEmbedMessage,!1),d.addEventListener(\"DOMContentLoaded\",t,!1),c.addEventListener(\"load\",t,!1);function t(){if(o);else{o=!0;for(var e,t,r,s=-1!==navigator.appVersion.indexOf(\"MSIE 10\"),a=!!navigator.userAgent.match(\/Trident.*rv:11\\.\/),i=d.querySelectorAll(\"iframe.wp-embedded-content\"),n=0;n<i.length;n++){if(!(r=(t=i[n]).getAttribute(\"data-secret\")))r=Math.random().toString(36).substr(2,10),t.src+=\"#?secret=\"+r,t.setAttribute(\"data-secret\",r);if(s||a)(e=t.cloneNode(!0)).removeAttribute(\"security\"),t.parentNode.replaceChild(e,t);t.contentWindow.postMessage({message:\"ready\",secret:r},\"*\")}}}}(window,document);\n<\/script>\n","description":"S\u2019acomiada aquest 8\u00e8 Festival Munt de Mots amb una sessi\u00f3 de contes en qu\u00e8 compartiran escenari Maisa Marb\u00e1n (Madrid), Santi Rovira (Catalunya), Noem\u00ed Caballer (Catalunya), Ana Herreros (Madrid), Charo Jaular (Castella i Lle\u00f3) Adults \/ Catal\u00e0 i castell\u00e0 Taquilla inversa (a la sortida col\u00b7labora amb l\u2019import que creguis convenient) Aforament limitat."}

S’acomiada aquest 8è Festival Munt de Mots amb una sessió de contes en què compartiran escenari Maisa Marbán (Madrid), Santi Rovira (Catalunya), Noemí Caballer (Catalunya), Ana Herreros (Madrid), Charo Jaular (Castella i Lleó) Adults / Català i castellà Taquilla inversa (a la sortida col·labora amb l’import que creguis convenient) Aforament limitat.
