{"id":8365,"date":"2016-09-09T13:49:53","date_gmt":"2016-09-09T13:49:53","guid":{"rendered":"http:\/\/www.muntdemots.org\/2016\/?page_id=8365"},"modified":"2016-09-09T13:50:20","modified_gmt":"2016-09-09T13:50:20","slug":"cia-trastero-las-artes-argentina-colombia","status":"publish","type":"page","link":"http:\/\/www.muntdemots.org\/2016\/participants\/cia-trastero-las-artes-argentina-colombia\/","title":{"rendered":"Cia. Trastero de las Artes (Argentina-Col\u00f2mbia)"},"content":{"rendered":"<p><img decoding=\"async\" loading=\"lazy\" class=\"alignright size-medium wp-image-8297\" src=\"http:\/\/www.muntdemots.org\/2016\/wp-content\/uploads\/2016\/09\/15-300x251.png\" alt=\"15\" width=\"300\" height=\"251\" srcset=\"http:\/\/www.muntdemots.org\/2016\/wp-content\/uploads\/2016\/09\/15-300x251.png 300w, http:\/\/www.muntdemots.org\/2016\/wp-content\/uploads\/2016\/09\/15-768x644.png 768w, http:\/\/www.muntdemots.org\/2016\/wp-content\/uploads\/2016\/09\/15.png 940w\" sizes=\"(max-width: 300px) 100vw, 300px\" \/>\u00c9s una companyia que es dedica a investigar i a difondre les arts en totes les seves expressions. \u201cPensem en el teatre com una eina per a la transformaci\u00f3 social\u201d. Les nostres creacions busquen una experi\u00e8ncia propera amb el p\u00fablic i la investigaci\u00f3 sensorial i l\u00fadica s\u00f3n el fil conductor del nostre m\u00e8tode de feina que es complementa amb la dansa, la m\u00fasica, la construcci\u00f3 de diferents espais po\u00e8tics&#8230; Ho integrem tot. Veniu i passeu, el teatre \u00e9s la porta que obre la nostra imaginaci\u00f3!<\/p>\n<p>&nbsp;<\/p>\n<p><strong><u>DIVENDRES 21<\/u><\/strong><\/p>\n<p><strong>\u00a0<\/strong><\/p>\n<p><strong>EL CIRCO QUE NO LO ERA <\/strong><\/p>\n<p><strong>Cia. Trastero de las Artes (Argentina-Col\u00f2mbia) <\/strong><\/p>\n<p>Un conte de sons, efectes especials, textures, olors i foscor. Un conte sensorial per recuperar el record de tots els circs que hem vist en les nostres vides. Un conte que \u00e9s una experi\u00e8ncia total.<\/p>\n<p><strong>Infantil \/ Castell\u00e0<\/strong><br \/>\n<strong>Hora: 18.00 h<\/strong><br \/>\n<strong>CENTRE C\u00cdVIC COTXERES BORRELL <\/strong><br \/>\n<strong>Activitat gratu\u00efta <\/strong><\/p>\n","protected":false},"excerpt":{"rendered":"<p>\u00c9s una companyia que es dedica a investigar i a difondre les arts en totes les seves expressions. \u201cPensem en el teatre com una eina per a la transformaci\u00f3 social\u201d. Les nostres creacions busquen una experi\u00e8ncia propera amb el p\u00fablic i la investigaci\u00f3 sensorial i l\u00fadica s\u00f3n el fil conductor del nostre m\u00e8tode de feina [&hellip;]<\/p>\n","protected":false},"author":1,"featured_media":0,"parent":4,"menu_order":0,"comment_status":"closed","ping_status":"closed","template":"","meta":{"_mi_skip_tracking":false},"yoast_head":"<!-- This site is optimized with the Yoast SEO plugin v20.5 - https:\/\/yoast.com\/wordpress\/plugins\/seo\/ -->\n<title>Cia. Trastero de las Artes (Argentina-Col\u00f2mbia) - Munt de Mots<\/title>\n<meta name=\"robots\" content=\"index, follow, max-snippet:-1, max-image-preview:large, max-video-preview:-1\" \/>\n<link rel=\"canonical\" href=\"http:\/\/www.muntdemots.org\/2016\/participants\/cia-trastero-las-artes-argentina-colombia\/\" \/>\n<meta property=\"og:locale\" content=\"ca_ES\" \/>\n<meta property=\"og:type\" content=\"article\" \/>\n<meta property=\"og:title\" content=\"Cia. Trastero de las Artes (Argentina-Col\u00f2mbia) - Munt de Mots\" \/>\n<meta property=\"og:description\" content=\"\u00c9s una companyia que es dedica a investigar i a difondre les arts en totes les seves expressions. \u201cPensem en el teatre com una eina per a la transformaci\u00f3 social\u201d. Les nostres creacions busquen una experi\u00e8ncia propera amb el p\u00fablic i la investigaci\u00f3 sensorial i l\u00fadica s\u00f3n el fil conductor del nostre m\u00e8tode de feina [&hellip;]\" \/>\n<meta property=\"og:url\" content=\"http:\/\/www.muntdemots.org\/2016\/participants\/cia-trastero-las-artes-argentina-colombia\/\" \/>\n<meta property=\"og:site_name\" content=\"Munt de Mots\" \/>\n<meta property=\"article:publisher\" content=\"https:\/\/www.facebook.com\/FestivalMuntdeMots\" \/>\n<meta property=\"article:modified_time\" content=\"2016-09-09T13:50:20+00:00\" \/>\n<meta property=\"og:image\" content=\"http:\/\/www.muntdemots.org\/2016\/wp-content\/uploads\/2016\/09\/15-300x251.png\" \/>\n<meta name=\"twitter:card\" content=\"summary_large_image\" \/>\n<meta name=\"twitter:site\" content=\"@muntdemots\" \/>\n<meta name=\"twitter:label1\" content=\"Temps estimat de lectura\" \/>\n\t<meta name=\"twitter:data1\" content=\"1 minut\" \/>\n<script type=\"application\/ld+json\" class=\"yoast-schema-graph\">{\"@context\":\"https:\/\/schema.org\",\"@graph\":[{\"@type\":\"WebPage\",\"@id\":\"http:\/\/www.muntdemots.org\/2016\/participants\/cia-trastero-las-artes-argentina-colombia\/\",\"url\":\"http:\/\/www.muntdemots.org\/2016\/participants\/cia-trastero-las-artes-argentina-colombia\/\",\"name\":\"Cia. Trastero de las Artes (Argentina-Col\u00f2mbia) - Munt de Mots\",\"isPartOf\":{\"@id\":\"https:\/\/www.muntdemots.org\/2016\/#website\"},\"datePublished\":\"2016-09-09T13:49:53+00:00\",\"dateModified\":\"2016-09-09T13:50:20+00:00\",\"breadcrumb\":{\"@id\":\"http:\/\/www.muntdemots.org\/2016\/participants\/cia-trastero-las-artes-argentina-colombia\/#breadcrumb\"},\"inLanguage\":\"ca\",\"potentialAction\":[{\"@type\":\"ReadAction\",\"target\":[\"http:\/\/www.muntdemots.org\/2016\/participants\/cia-trastero-las-artes-argentina-colombia\/\"]}]},{\"@type\":\"BreadcrumbList\",\"@id\":\"http:\/\/www.muntdemots.org\/2016\/participants\/cia-trastero-las-artes-argentina-colombia\/#breadcrumb\",\"itemListElement\":[{\"@type\":\"ListItem\",\"position\":1,\"name\":\"Inici\",\"item\":\"https:\/\/www.muntdemots.org\/2016\/\"},{\"@type\":\"ListItem\",\"position\":2,\"name\":\"Participants\",\"item\":\"http:\/\/www.muntdemots.org\/2016\/participants\/\"},{\"@type\":\"ListItem\",\"position\":3,\"name\":\"Cia. Trastero de las Artes (Argentina-Col\u00f2mbia)\"}]},{\"@type\":\"WebSite\",\"@id\":\"https:\/\/www.muntdemots.org\/2016\/#website\",\"url\":\"https:\/\/www.muntdemots.org\/2016\/\",\"name\":\"Munt de Mots\",\"description\":\"\",\"potentialAction\":[{\"@type\":\"SearchAction\",\"target\":{\"@type\":\"EntryPoint\",\"urlTemplate\":\"https:\/\/www.muntdemots.org\/2016\/?s={search_term_string}\"},\"query-input\":\"required name=search_term_string\"}],\"inLanguage\":\"ca\"}]}<\/script>\n<!-- \/ Yoast SEO plugin. -->","yoast_head_json":{"title":"Cia. Trastero de las Artes (Argentina-Col\u00f2mbia) - Munt de Mots","robots":{"index":"index","follow":"follow","max-snippet":"max-snippet:-1","max-image-preview":"max-image-preview:large","max-video-preview":"max-video-preview:-1"},"canonical":"http:\/\/www.muntdemots.org\/2016\/participants\/cia-trastero-las-artes-argentina-colombia\/","og_locale":"ca_ES","og_type":"article","og_title":"Cia. Trastero de las Artes (Argentina-Col\u00f2mbia) - Munt de Mots","og_description":"\u00c9s una companyia que es dedica a investigar i a difondre les arts en totes les seves expressions. \u201cPensem en el teatre com una eina per a la transformaci\u00f3 social\u201d. Les nostres creacions busquen una experi\u00e8ncia propera amb el p\u00fablic i la investigaci\u00f3 sensorial i l\u00fadica s\u00f3n el fil conductor del nostre m\u00e8tode de feina [&hellip;]","og_url":"http:\/\/www.muntdemots.org\/2016\/participants\/cia-trastero-las-artes-argentina-colombia\/","og_site_name":"Munt de Mots","article_publisher":"https:\/\/www.facebook.com\/FestivalMuntdeMots","article_modified_time":"2016-09-09T13:50:20+00:00","og_image":[{"url":"http:\/\/www.muntdemots.org\/2016\/wp-content\/uploads\/2016\/09\/15-300x251.png"}],"twitter_card":"summary_large_image","twitter_site":"@muntdemots","twitter_misc":{"Temps estimat de lectura":"1 minut"},"schema":{"@context":"https:\/\/schema.org","@graph":[{"@type":"WebPage","@id":"http:\/\/www.muntdemots.org\/2016\/participants\/cia-trastero-las-artes-argentina-colombia\/","url":"http:\/\/www.muntdemots.org\/2016\/participants\/cia-trastero-las-artes-argentina-colombia\/","name":"Cia. Trastero de las Artes (Argentina-Col\u00f2mbia) - Munt de Mots","isPartOf":{"@id":"https:\/\/www.muntdemots.org\/2016\/#website"},"datePublished":"2016-09-09T13:49:53+00:00","dateModified":"2016-09-09T13:50:20+00:00","breadcrumb":{"@id":"http:\/\/www.muntdemots.org\/2016\/participants\/cia-trastero-las-artes-argentina-colombia\/#breadcrumb"},"inLanguage":"ca","potentialAction":[{"@type":"ReadAction","target":["http:\/\/www.muntdemots.org\/2016\/participants\/cia-trastero-las-artes-argentina-colombia\/"]}]},{"@type":"BreadcrumbList","@id":"http:\/\/www.muntdemots.org\/2016\/participants\/cia-trastero-las-artes-argentina-colombia\/#breadcrumb","itemListElement":[{"@type":"ListItem","position":1,"name":"Inici","item":"https:\/\/www.muntdemots.org\/2016\/"},{"@type":"ListItem","position":2,"name":"Participants","item":"http:\/\/www.muntdemots.org\/2016\/participants\/"},{"@type":"ListItem","position":3,"name":"Cia. Trastero de las Artes (Argentina-Col\u00f2mbia)"}]},{"@type":"WebSite","@id":"https:\/\/www.muntdemots.org\/2016\/#website","url":"https:\/\/www.muntdemots.org\/2016\/","name":"Munt de Mots","description":"","potentialAction":[{"@type":"SearchAction","target":{"@type":"EntryPoint","urlTemplate":"https:\/\/www.muntdemots.org\/2016\/?s={search_term_string}"},"query-input":"required name=search_term_string"}],"inLanguage":"ca"}]}},"_links":{"self":[{"href":"http:\/\/www.muntdemots.org\/2016\/wp-json\/wp\/v2\/pages\/8365"}],"collection":[{"href":"http:\/\/www.muntdemots.org\/2016\/wp-json\/wp\/v2\/pages"}],"about":[{"href":"http:\/\/www.muntdemots.org\/2016\/wp-json\/wp\/v2\/types\/page"}],"author":[{"embeddable":true,"href":"http:\/\/www.muntdemots.org\/2016\/wp-json\/wp\/v2\/users\/1"}],"replies":[{"embeddable":true,"href":"http:\/\/www.muntdemots.org\/2016\/wp-json\/wp\/v2\/comments?post=8365"}],"version-history":[{"count":1,"href":"http:\/\/www.muntdemots.org\/2016\/wp-json\/wp\/v2\/pages\/8365\/revisions"}],"predecessor-version":[{"id":8366,"href":"http:\/\/www.muntdemots.org\/2016\/wp-json\/wp\/v2\/pages\/8365\/revisions\/8366"}],"up":[{"embeddable":true,"href":"http:\/\/www.muntdemots.org\/2016\/wp-json\/wp\/v2\/pages\/4"}],"wp:attachment":[{"href":"http:\/\/www.muntdemots.org\/2016\/wp-json\/wp\/v2\/media?parent=8365"}],"curies":[{"name":"wp","href":"https:\/\/api.w.org\/{rel}","templated":true}]}}

Cia. Trastero de las Artes (Argentina-Colòmbia)

<p><img decoding="async" loading="lazy" class="alignright size-medium wp-image-8297" src="http://www.muntdemots.org/2016/wp-content/uploads/2016/09/15-300x251.png" alt="15" width="300" height="251" srcset="http://www.muntdemots.org/2016/wp-content/uploads/2016/09/15-300x251.png 300w, http://www.muntdemots.org/2016/wp-content/uploads/2016/09/15-768x644.png 768w, http://www.muntdemots.org/2016/wp-content/uploads/2016/09/15.png 940w" sizes="(max-width: 300px) 100vw, 300px" />És una companyia que es dedica a investigar i a difondre les arts en totes les seves expressions. “Pensem en el teatre com una eina per a la transformació social”. Les nostres creacions busquen una experiència propera amb el públic i la investigació sensorial i lúdica són el fil conductor del nostre mètode de feina que es complementa amb la dansa, la música, la construcció de diferents espais poètics&#8230; Ho integrem tot. Veniu i passeu, el teatre és la porta que obre la nostra imaginació!</p>
<p>&nbsp;</p>
<p><strong><u>DIVENDRES 21</u></strong></p>
<p><strong> </strong></p>
<p><strong>EL CIRCO QUE NO LO ERA </strong></p>
<p><strong>Cia. Trastero de las Artes (Argentina-Colòmbia) </strong></p>
<p>Un conte de sons, efectes especials, textures, olors i foscor. Un conte sensorial per recuperar el record de tots els circs que hem vist en les nostres vides. Un conte que és una experiència total.</p>
<p><strong>Infantil / Castellà</strong><br />
<strong>Hora: 18.00 h</strong><br />
<strong>CENTRE CÍVIC COTXERES BORRELL </strong><br />
<strong>Activitat gratuïta </strong></p>

<p>És una companyia que es dedica a investigar i a difondre les arts en totes les seves expressions. “Pensem en el teatre com una eina per a la transformació social”. Les nostres creacions busquen una experiència propera amb el públic i la investigació sensorial i lúdica són el fil conductor del nostre mètode de feina [&hellip;]</p>

<!-- This site is optimized with the Yoast SEO plugin v20.5 - https://yoast.com/wordpress/plugins/seo/ -->
<title>Cia. Trastero de las Artes (Argentina-Colòmbia) - Munt de Mots</title>
<meta name="robots" content="index, follow, max-snippet:-1, max-image-preview:large, max-video-preview:-1" />
<link rel="canonical" href="http://www.muntdemots.org/2016/participants/cia-trastero-las-artes-argentina-colombia/" />
<meta property="og:locale" content="ca_ES" />
<meta property="og:type" content="article" />
<meta property="og:title" content="Cia. Trastero de las Artes (Argentina-Colòmbia) - Munt de Mots" />
<meta property="og:description" content="És una companyia que es dedica a investigar i a difondre les arts en totes les seves expressions. “Pensem en el teatre com una eina per a la transformació social”. Les nostres creacions busquen una experiència propera amb el públic i la investigació sensorial i lúdica són el fil conductor del nostre mètode de feina [&hellip;]" />
<meta property="og:url" content="http://www.muntdemots.org/2016/participants/cia-trastero-las-artes-argentina-colombia/" />
<meta property="og:site_name" content="Munt de Mots" />
<meta property="article:publisher" content="https://www.facebook.com/FestivalMuntdeMots" />
<meta property="article:modified_time" content="2016-09-09T13:50:20+00:00" />
<meta property="og:image" content="http://www.muntdemots.org/2016/wp-content/uploads/2016/09/15-300x251.png" />
<meta name="twitter:card" content="summary_large_image" />
<meta name="twitter:site" content="@muntdemots" />
<meta name="twitter:label1" content="Temps estimat de lectura" />
	<meta name="twitter:data1" content="1 minut" />
<script type="application/ld+json" class="yoast-schema-graph">{"@context":"https://schema.org","@graph":[{"@type":"WebPage","@id":"http://www.muntdemots.org/2016/participants/cia-trastero-las-artes-argentina-colombia/","url":"http://www.muntdemots.org/2016/participants/cia-trastero-las-artes-argentina-colombia/","name":"Cia. Trastero de las Artes (Argentina-Colòmbia) - Munt de Mots","isPartOf":{"@id":"https://www.muntdemots.org/2016/#website"},"datePublished":"2016-09-09T13:49:53+00:00","dateModified":"2016-09-09T13:50:20+00:00","breadcrumb":{"@id":"http://www.muntdemots.org/2016/participants/cia-trastero-las-artes-argentina-colombia/#breadcrumb"},"inLanguage":"ca","potentialAction":[{"@type":"ReadAction","target":["http://www.muntdemots.org/2016/participants/cia-trastero-las-artes-argentina-colombia/"]}]},{"@type":"BreadcrumbList","@id":"http://www.muntdemots.org/2016/participants/cia-trastero-las-artes-argentina-colombia/#breadcrumb","itemListElement":[{"@type":"ListItem","position":1,"name":"Inici","item":"https://www.muntdemots.org/2016/"},{"@type":"ListItem","position":2,"name":"Participants","item":"http://www.muntdemots.org/2016/participants/"},{"@type":"ListItem","position":3,"name":"Cia. Trastero de las Artes (Argentina-Colòmbia)"}]},{"@type":"WebSite","@id":"https://www.muntdemots.org/2016/#website","url":"https://www.muntdemots.org/2016/","name":"Munt de Mots","description":"","potentialAction":[{"@type":"SearchAction","target":{"@type":"EntryPoint","urlTemplate":"https://www.muntdemots.org/2016/?s={search_term_string}"},"query-input":"required name=search_term_string"}],"inLanguage":"ca"}]}</script>
<!-- / Yoast SEO plugin. -->

Cia. Trastero de las Artes (Argentina-Colòmbia) - Munt de Mots

És una companyia que es dedica a investigar i a difondre les arts en totes les seves expressions. “Pensem en el teatre com una eina per a la transformació social”. Les nostres creacions busquen una experiència propera amb el públic i la investigació sensorial i lúdica són el fil conductor del nostre mètode de feina [&hellip;]
