{"id":4,"date":"2012-07-01T16:35:03","date_gmt":"2012-07-01T16:35:03","guid":{"rendered":"http:\/\/www.muntdemots.org\/modelo3\/?page_id=4"},"modified":"2016-09-21T14:17:23","modified_gmt":"2016-09-21T14:17:23","slug":"participants","status":"publish","type":"page","link":"http:\/\/www.muntdemots.org\/2016\/participants\/","title":{"rendered":"Participants"},"content":{"rendered":"<div id=\"participants\">\n<li class=\"page_item page-item-8369\"><a href=\"http:\/\/www.muntdemots.org\/2016\/participants\/alekos-colombia\/\">Alekos (Col\u00f2mbia)<\/a><\/li>\n<li class=\"page_item page-item-8322\"><a href=\"http:\/\/www.muntdemots.org\/2016\/participants\/alicia-molina-2\/\">Alicia Molina<\/a><\/li>\n<li class=\"page_item page-item-8365\"><a href=\"http:\/\/www.muntdemots.org\/2016\/participants\/cia-trastero-las-artes-argentina-colombia\/\">Cia. Trastero de las Artes (Argentina-Col\u00f2mbia)<\/a><\/li>\n<li class=\"page_item page-item-8324\"><a href=\"http:\/\/www.muntdemots.org\/2016\/participants\/colin-mcallister-irlanda\/\">Colin McAllister (Irlanda)<\/a><\/li>\n<li class=\"page_item page-item-8326\"><a href=\"http:\/\/www.muntdemots.org\/2016\/participants\/coralia-rodriguez-cuba-valencia\/\">Coralia Rodr\u00edguez (Cuba-Val\u00e8ncia)<\/a><\/li>\n<li class=\"page_item page-item-8518\"><a href=\"http:\/\/www.muntdemots.org\/2016\/participants\/gisela-llimona\/\">Gisela Llimona<\/a><\/li>\n<li class=\"page_item page-item-8373\"><a href=\"http:\/\/www.muntdemots.org\/2016\/participants\/helena-cabo-catalunya\/\">Helena Cabo (Catalunya)<\/a><\/li>\n<li class=\"page_item page-item-8337\"><a href=\"http:\/\/www.muntdemots.org\/2016\/participants\/ines-macpherson-catalunya\/\">In\u00e9s Macpherson (Catalunya)<\/a><\/li>\n<li class=\"page_item page-item-8330\"><a href=\"http:\/\/www.muntdemots.org\/2016\/participants\/irma-borges-venecuela\/\">Irma Borges (Vene\u00e7uela)<\/a><\/li>\n<li class=\"page_item page-item-8332\"><a href=\"http:\/\/www.muntdemots.org\/2016\/participants\/irma-helou-franca\/\">Irma Helou (Fran\u00e7a)<\/a><\/li>\n<li class=\"page_item page-item-8335\"><a href=\"http:\/\/www.muntdemots.org\/2016\/participants\/isabela-mendez-venecuela\/\">Isabela M\u00e9ndez (Vene\u00e7uela)<\/a><\/li>\n<li class=\"page_item page-item-8339\"><a href=\"http:\/\/www.muntdemots.org\/2016\/participants\/juan-pablo-fuentes-rioja\/\">Juan Pablo Fuentes (La Rioja)<\/a><\/li>\n<li class=\"page_item page-item-8371\"><a href=\"http:\/\/www.muntdemots.org\/2016\/participants\/judit-navarro-catalunya\/\">Judit Navarro (Catalunya)<\/a><\/li>\n<li class=\"page_item page-item-8341\"><a href=\"http:\/\/www.muntdemots.org\/2016\/participants\/julia-perez-folgueira-venecuela\/\">Julia P\u00e9rez Folgueira (Vene\u00e7uela)<\/a><\/li>\n<li class=\"page_item page-item-8343\"><a href=\"http:\/\/www.muntdemots.org\/2016\/participants\/linsabel-noguera-venecuela\/\">Linsabel Noguera (Vene\u00e7uela)<\/a><\/li>\n<li class=\"page_item page-item-8347\"><a href=\"http:\/\/www.muntdemots.org\/2016\/participants\/martha-escudero-mexic-catalunya\/\">Martha Escudero (M\u00e8xic-Catalunya)<\/a><\/li>\n<li class=\"page_item page-item-8350\"><a href=\"http:\/\/www.muntdemots.org\/2016\/participants\/monica-torra-catalunya\/\">M\u00f2nica Torra (Catalunya)<\/a><\/li>\n<li class=\"page_item page-item-8352\"><a href=\"http:\/\/www.muntdemots.org\/2016\/participants\/quico-cadaval-galicia\/\">Quico Cadaval (Gal\u00edcia)<\/a><\/li>\n<li class=\"page_item page-item-8355\"><a href=\"http:\/\/www.muntdemots.org\/2016\/participants\/rosa-pinyol-catalunya\/\">Rosa Pinyol (Catalunya)<\/a><\/li>\n<li class=\"page_item page-item-8357\"><a href=\"http:\/\/www.muntdemots.org\/2016\/participants\/ruben-martinez-santana-venecuela-catalunya\/\">Rub\u00e9n Mart\u00ednez Santana (Vene\u00e7uela-Catalunya)<\/a><\/li>\n<li class=\"page_item page-item-8361\"><a href=\"http:\/\/www.muntdemots.org\/2016\/participants\/soledad-felloza-uruguai-galicia\/\">Soledad Felloza (Uruguai-Gal\u00edcia)<\/a><\/li>\n<li class=\"page_item page-item-8363\"><a href=\"http:\/\/www.muntdemots.org\/2016\/participants\/tere-monclus-catalunya\/\">Tere Moncl\u00fas (Catalunya)<\/a><\/li>\n<li class=\"page_item page-item-8367\"><a href=\"http:\/\/www.muntdemots.org\/2016\/participants\/virginia-imaz-pais-basc\/\">Virginia Imaz (Pa\u00eds Basc)<\/a><\/li>\n<\/div>\n","protected":false},"excerpt":{"rendered":"<p>Alekos (Col\u00f2mbia) Alicia Molina Cia. Trastero de las Artes (Argentina-Col\u00f2mbia) Colin McAllister (Irlanda) Coralia Rodr\u00edguez (Cuba-Val\u00e8ncia) Gisela Llimona Helena Cabo (Catalunya) In\u00e9s Macpherson (Catalunya) Irma Borges (Vene\u00e7uela) Irma Helou (Fran\u00e7a) Isabela M\u00e9ndez (Vene\u00e7uela) Juan Pablo Fuentes (La Rioja) Judit Navarro (Catalunya) Julia P\u00e9rez Folgueira (Vene\u00e7uela) Linsabel Noguera (Vene\u00e7uela) Martha Escudero (M\u00e8xic-Catalunya) M\u00f2nica Torra (Catalunya) Quico [&hellip;]<\/p>\n","protected":false},"author":1,"featured_media":0,"parent":0,"menu_order":0,"comment_status":"open","ping_status":"closed","template":"","meta":{"_mi_skip_tracking":false},"yoast_head":"<!-- This site is optimized with the Yoast SEO plugin v20.5 - https:\/\/yoast.com\/wordpress\/plugins\/seo\/ -->\n<title>Participants - Munt de Mots<\/title>\n<meta name=\"robots\" content=\"index, follow, max-snippet:-1, max-image-preview:large, max-video-preview:-1\" \/>\n<link rel=\"canonical\" href=\"http:\/\/www.muntdemots.org\/2016\/participants\/\" \/>\n<meta property=\"og:locale\" content=\"ca_ES\" \/>\n<meta property=\"og:type\" content=\"article\" \/>\n<meta property=\"og:title\" content=\"Participants - Munt de Mots\" \/>\n<meta property=\"og:description\" content=\"Alekos (Col\u00f2mbia) Alicia Molina Cia. Trastero de las Artes (Argentina-Col\u00f2mbia) Colin McAllister (Irlanda) Coralia Rodr\u00edguez (Cuba-Val\u00e8ncia) Gisela Llimona Helena Cabo (Catalunya) In\u00e9s Macpherson (Catalunya) Irma Borges (Vene\u00e7uela) Irma Helou (Fran\u00e7a) Isabela M\u00e9ndez (Vene\u00e7uela) Juan Pablo Fuentes (La Rioja) Judit Navarro (Catalunya) Julia P\u00e9rez Folgueira (Vene\u00e7uela) Linsabel Noguera (Vene\u00e7uela) Martha Escudero (M\u00e8xic-Catalunya) M\u00f2nica Torra (Catalunya) Quico [&hellip;]\" \/>\n<meta property=\"og:url\" content=\"http:\/\/www.muntdemots.org\/2016\/participants\/\" \/>\n<meta property=\"og:site_name\" content=\"Munt de Mots\" \/>\n<meta property=\"article:publisher\" content=\"https:\/\/www.facebook.com\/FestivalMuntdeMots\" \/>\n<meta property=\"article:modified_time\" content=\"2016-09-21T14:17:23+00:00\" \/>\n<meta name=\"twitter:card\" content=\"summary_large_image\" \/>\n<meta name=\"twitter:site\" content=\"@muntdemots\" \/>\n<script type=\"application\/ld+json\" class=\"yoast-schema-graph\">{\"@context\":\"https:\/\/schema.org\",\"@graph\":[{\"@type\":\"WebPage\",\"@id\":\"http:\/\/www.muntdemots.org\/2016\/participants\/\",\"url\":\"http:\/\/www.muntdemots.org\/2016\/participants\/\",\"name\":\"Participants - Munt de Mots\",\"isPartOf\":{\"@id\":\"https:\/\/www.muntdemots.org\/2016\/#website\"},\"datePublished\":\"2012-07-01T16:35:03+00:00\",\"dateModified\":\"2016-09-21T14:17:23+00:00\",\"breadcrumb\":{\"@id\":\"http:\/\/www.muntdemots.org\/2016\/participants\/#breadcrumb\"},\"inLanguage\":\"ca\",\"potentialAction\":[{\"@type\":\"ReadAction\",\"target\":[\"http:\/\/www.muntdemots.org\/2016\/participants\/\"]}]},{\"@type\":\"BreadcrumbList\",\"@id\":\"http:\/\/www.muntdemots.org\/2016\/participants\/#breadcrumb\",\"itemListElement\":[{\"@type\":\"ListItem\",\"position\":1,\"name\":\"Inici\",\"item\":\"https:\/\/www.muntdemots.org\/2016\/\"},{\"@type\":\"ListItem\",\"position\":2,\"name\":\"Participants\"}]},{\"@type\":\"WebSite\",\"@id\":\"https:\/\/www.muntdemots.org\/2016\/#website\",\"url\":\"https:\/\/www.muntdemots.org\/2016\/\",\"name\":\"Munt de Mots\",\"description\":\"\",\"potentialAction\":[{\"@type\":\"SearchAction\",\"target\":{\"@type\":\"EntryPoint\",\"urlTemplate\":\"https:\/\/www.muntdemots.org\/2016\/?s={search_term_string}\"},\"query-input\":\"required name=search_term_string\"}],\"inLanguage\":\"ca\"}]}<\/script>\n<!-- \/ Yoast SEO plugin. -->","yoast_head_json":{"title":"Participants - Munt de Mots","robots":{"index":"index","follow":"follow","max-snippet":"max-snippet:-1","max-image-preview":"max-image-preview:large","max-video-preview":"max-video-preview:-1"},"canonical":"http:\/\/www.muntdemots.org\/2016\/participants\/","og_locale":"ca_ES","og_type":"article","og_title":"Participants - Munt de Mots","og_description":"Alekos (Col\u00f2mbia) Alicia Molina Cia. Trastero de las Artes (Argentina-Col\u00f2mbia) Colin McAllister (Irlanda) Coralia Rodr\u00edguez (Cuba-Val\u00e8ncia) Gisela Llimona Helena Cabo (Catalunya) In\u00e9s Macpherson (Catalunya) Irma Borges (Vene\u00e7uela) Irma Helou (Fran\u00e7a) Isabela M\u00e9ndez (Vene\u00e7uela) Juan Pablo Fuentes (La Rioja) Judit Navarro (Catalunya) Julia P\u00e9rez Folgueira (Vene\u00e7uela) Linsabel Noguera (Vene\u00e7uela) Martha Escudero (M\u00e8xic-Catalunya) M\u00f2nica Torra (Catalunya) Quico [&hellip;]","og_url":"http:\/\/www.muntdemots.org\/2016\/participants\/","og_site_name":"Munt de Mots","article_publisher":"https:\/\/www.facebook.com\/FestivalMuntdeMots","article_modified_time":"2016-09-21T14:17:23+00:00","twitter_card":"summary_large_image","twitter_site":"@muntdemots","schema":{"@context":"https:\/\/schema.org","@graph":[{"@type":"WebPage","@id":"http:\/\/www.muntdemots.org\/2016\/participants\/","url":"http:\/\/www.muntdemots.org\/2016\/participants\/","name":"Participants - Munt de Mots","isPartOf":{"@id":"https:\/\/www.muntdemots.org\/2016\/#website"},"datePublished":"2012-07-01T16:35:03+00:00","dateModified":"2016-09-21T14:17:23+00:00","breadcrumb":{"@id":"http:\/\/www.muntdemots.org\/2016\/participants\/#breadcrumb"},"inLanguage":"ca","potentialAction":[{"@type":"ReadAction","target":["http:\/\/www.muntdemots.org\/2016\/participants\/"]}]},{"@type":"BreadcrumbList","@id":"http:\/\/www.muntdemots.org\/2016\/participants\/#breadcrumb","itemListElement":[{"@type":"ListItem","position":1,"name":"Inici","item":"https:\/\/www.muntdemots.org\/2016\/"},{"@type":"ListItem","position":2,"name":"Participants"}]},{"@type":"WebSite","@id":"https:\/\/www.muntdemots.org\/2016\/#website","url":"https:\/\/www.muntdemots.org\/2016\/","name":"Munt de Mots","description":"","potentialAction":[{"@type":"SearchAction","target":{"@type":"EntryPoint","urlTemplate":"https:\/\/www.muntdemots.org\/2016\/?s={search_term_string}"},"query-input":"required name=search_term_string"}],"inLanguage":"ca"}]}},"_links":{"self":[{"href":"http:\/\/www.muntdemots.org\/2016\/wp-json\/wp\/v2\/pages\/4"}],"collection":[{"href":"http:\/\/www.muntdemots.org\/2016\/wp-json\/wp\/v2\/pages"}],"about":[{"href":"http:\/\/www.muntdemots.org\/2016\/wp-json\/wp\/v2\/types\/page"}],"author":[{"embeddable":true,"href":"http:\/\/www.muntdemots.org\/2016\/wp-json\/wp\/v2\/users\/1"}],"replies":[{"embeddable":true,"href":"http:\/\/www.muntdemots.org\/2016\/wp-json\/wp\/v2\/comments?post=4"}],"version-history":[{"count":173,"href":"http:\/\/www.muntdemots.org\/2016\/wp-json\/wp\/v2\/pages\/4\/revisions"}],"predecessor-version":[{"id":8491,"href":"http:\/\/www.muntdemots.org\/2016\/wp-json\/wp\/v2\/pages\/4\/revisions\/8491"}],"wp:attachment":[{"href":"http:\/\/www.muntdemots.org\/2016\/wp-json\/wp\/v2\/media?parent=4"}],"curies":[{"name":"wp","href":"https:\/\/api.w.org\/{rel}","templated":true}]}}

<div id="participants">
<li class="page_item page-item-8369"><a href="http://www.muntdemots.org/2016/participants/alekos-colombia/">Alekos (Colòmbia)</a></li>
<li class="page_item page-item-8322"><a href="http://www.muntdemots.org/2016/participants/alicia-molina-2/">Alicia Molina</a></li>
<li class="page_item page-item-8365"><a href="http://www.muntdemots.org/2016/participants/cia-trastero-las-artes-argentina-colombia/">Cia. Trastero de las Artes (Argentina-Colòmbia)</a></li>
<li class="page_item page-item-8324"><a href="http://www.muntdemots.org/2016/participants/colin-mcallister-irlanda/">Colin McAllister (Irlanda)</a></li>
<li class="page_item page-item-8326"><a href="http://www.muntdemots.org/2016/participants/coralia-rodriguez-cuba-valencia/">Coralia Rodríguez (Cuba-València)</a></li>
<li class="page_item page-item-8518"><a href="http://www.muntdemots.org/2016/participants/gisela-llimona/">Gisela Llimona</a></li>
<li class="page_item page-item-8373"><a href="http://www.muntdemots.org/2016/participants/helena-cabo-catalunya/">Helena Cabo (Catalunya)</a></li>
<li class="page_item page-item-8337"><a href="http://www.muntdemots.org/2016/participants/ines-macpherson-catalunya/">Inés Macpherson (Catalunya)</a></li>
<li class="page_item page-item-8330"><a href="http://www.muntdemots.org/2016/participants/irma-borges-venecuela/">Irma Borges (Veneçuela)</a></li>
<li class="page_item page-item-8332"><a href="http://www.muntdemots.org/2016/participants/irma-helou-franca/">Irma Helou (França)</a></li>
<li class="page_item page-item-8335"><a href="http://www.muntdemots.org/2016/participants/isabela-mendez-venecuela/">Isabela Méndez (Veneçuela)</a></li>
<li class="page_item page-item-8339"><a href="http://www.muntdemots.org/2016/participants/juan-pablo-fuentes-rioja/">Juan Pablo Fuentes (La Rioja)</a></li>
<li class="page_item page-item-8371"><a href="http://www.muntdemots.org/2016/participants/judit-navarro-catalunya/">Judit Navarro (Catalunya)</a></li>
<li class="page_item page-item-8341"><a href="http://www.muntdemots.org/2016/participants/julia-perez-folgueira-venecuela/">Julia Pérez Folgueira (Veneçuela)</a></li>
<li class="page_item page-item-8343"><a href="http://www.muntdemots.org/2016/participants/linsabel-noguera-venecuela/">Linsabel Noguera (Veneçuela)</a></li>
<li class="page_item page-item-8347"><a href="http://www.muntdemots.org/2016/participants/martha-escudero-mexic-catalunya/">Martha Escudero (Mèxic-Catalunya)</a></li>
<li class="page_item page-item-8350"><a href="http://www.muntdemots.org/2016/participants/monica-torra-catalunya/">Mònica Torra (Catalunya)</a></li>
<li class="page_item page-item-8352"><a href="http://www.muntdemots.org/2016/participants/quico-cadaval-galicia/">Quico Cadaval (Galícia)</a></li>
<li class="page_item page-item-8355"><a href="http://www.muntdemots.org/2016/participants/rosa-pinyol-catalunya/">Rosa Pinyol (Catalunya)</a></li>
<li class="page_item page-item-8357"><a href="http://www.muntdemots.org/2016/participants/ruben-martinez-santana-venecuela-catalunya/">Rubén Martínez Santana (Veneçuela-Catalunya)</a></li>
<li class="page_item page-item-8361"><a href="http://www.muntdemots.org/2016/participants/soledad-felloza-uruguai-galicia/">Soledad Felloza (Uruguai-Galícia)</a></li>
<li class="page_item page-item-8363"><a href="http://www.muntdemots.org/2016/participants/tere-monclus-catalunya/">Tere Monclús (Catalunya)</a></li>
<li class="page_item page-item-8367"><a href="http://www.muntdemots.org/2016/participants/virginia-imaz-pais-basc/">Virginia Imaz (País Basc)</a></li>
</div>

<p>Alekos (Colòmbia) Alicia Molina Cia. Trastero de las Artes (Argentina-Colòmbia) Colin McAllister (Irlanda) Coralia Rodríguez (Cuba-València) Gisela Llimona Helena Cabo (Catalunya) Inés Macpherson (Catalunya) Irma Borges (Veneçuela) Irma Helou (França) Isabela Méndez (Veneçuela) Juan Pablo Fuentes (La Rioja) Judit Navarro (Catalunya) Julia Pérez Folgueira (Veneçuela) Linsabel Noguera (Veneçuela) Martha Escudero (Mèxic-Catalunya) Mònica Torra (Catalunya) Quico [&hellip;]</p>

<!-- This site is optimized with the Yoast SEO plugin v20.5 - https://yoast.com/wordpress/plugins/seo/ -->
<title>Participants - Munt de Mots</title>
<meta name="robots" content="index, follow, max-snippet:-1, max-image-preview:large, max-video-preview:-1" />
<link rel="canonical" href="http://www.muntdemots.org/2016/participants/" />
<meta property="og:locale" content="ca_ES" />
<meta property="og:type" content="article" />
<meta property="og:title" content="Participants - Munt de Mots" />
<meta property="og:description" content="Alekos (Colòmbia) Alicia Molina Cia. Trastero de las Artes (Argentina-Colòmbia) Colin McAllister (Irlanda) Coralia Rodríguez (Cuba-València) Gisela Llimona Helena Cabo (Catalunya) Inés Macpherson (Catalunya) Irma Borges (Veneçuela) Irma Helou (França) Isabela Méndez (Veneçuela) Juan Pablo Fuentes (La Rioja) Judit Navarro (Catalunya) Julia Pérez Folgueira (Veneçuela) Linsabel Noguera (Veneçuela) Martha Escudero (Mèxic-Catalunya) Mònica Torra (Catalunya) Quico [&hellip;]" />
<meta property="og:url" content="http://www.muntdemots.org/2016/participants/" />
<meta property="og:site_name" content="Munt de Mots" />
<meta property="article:publisher" content="https://www.facebook.com/FestivalMuntdeMots" />
<meta property="article:modified_time" content="2016-09-21T14:17:23+00:00" />
<meta name="twitter:card" content="summary_large_image" />
<meta name="twitter:site" content="@muntdemots" />
<script type="application/ld+json" class="yoast-schema-graph">{"@context":"https://schema.org","@graph":[{"@type":"WebPage","@id":"http://www.muntdemots.org/2016/participants/","url":"http://www.muntdemots.org/2016/participants/","name":"Participants - Munt de Mots","isPartOf":{"@id":"https://www.muntdemots.org/2016/#website"},"datePublished":"2012-07-01T16:35:03+00:00","dateModified":"2016-09-21T14:17:23+00:00","breadcrumb":{"@id":"http://www.muntdemots.org/2016/participants/#breadcrumb"},"inLanguage":"ca","potentialAction":[{"@type":"ReadAction","target":["http://www.muntdemots.org/2016/participants/"]}]},{"@type":"BreadcrumbList","@id":"http://www.muntdemots.org/2016/participants/#breadcrumb","itemListElement":[{"@type":"ListItem","position":1,"name":"Inici","item":"https://www.muntdemots.org/2016/"},{"@type":"ListItem","position":2,"name":"Participants"}]},{"@type":"WebSite","@id":"https://www.muntdemots.org/2016/#website","url":"https://www.muntdemots.org/2016/","name":"Munt de Mots","description":"","potentialAction":[{"@type":"SearchAction","target":{"@type":"EntryPoint","urlTemplate":"https://www.muntdemots.org/2016/?s={search_term_string}"},"query-input":"required name=search_term_string"}],"inLanguage":"ca"}]}</script>
<!-- / Yoast SEO plugin. -->

Alekos (Colòmbia) Alicia Molina Cia. Trastero de las Artes (Argentina-Colòmbia) Colin McAllister (Irlanda) Coralia Rodríguez (Cuba-València) Gisela Llimona Helena Cabo (Catalunya) Inés Macpherson (Catalunya) Irma Borges (Veneçuela) Irma Helou (França) Isabela Méndez (Veneçuela) Juan Pablo Fuentes (La Rioja) Judit Navarro (Catalunya) Julia Pérez Folgueira (Veneçuela) Linsabel Noguera (Veneçuela) Martha Escudero (Mèxic-Catalunya) Mònica Torra (Catalunya) Quico [&hellip;]
