{"id":7883,"date":"2015-09-15T11:11:20","date_gmt":"2015-09-15T11:11:20","guid":{"rendered":"http:\/\/www.muntdemots.org\/2015\/?page_id=7883"},"modified":"2015-09-24T07:26:54","modified_gmt":"2015-09-24T07:26:54","slug":"ferran-martin-catalunya","status":"publish","type":"page","link":"http:\/\/www.muntdemots.org\/2015\/participants\/ferran-martin-catalunya\/","title":{"rendered":"Ferran Mart\u00edn (Catalunya)"},"content":{"rendered":"<p><a href=\"http:\/\/www.muntdemots.org\/2015\/wp-content\/uploads\/2015\/09\/FERRAN-MARTIN.jpg\"><img decoding=\"async\" loading=\"lazy\" class=\"alignright size-medium wp-image-7885\" src=\"http:\/\/www.muntdemots.org\/2015\/wp-content\/uploads\/2015\/09\/FERRAN-MARTIN-300x201.jpg\" alt=\"FERRAN MARTIN\" width=\"300\" height=\"201\" srcset=\"http:\/\/www.muntdemots.org\/2015\/wp-content\/uploads\/2015\/09\/FERRAN-MARTIN-300x201.jpg 300w, http:\/\/www.muntdemots.org\/2015\/wp-content\/uploads\/2015\/09\/FERRAN-MARTIN-420x280.jpg 420w, http:\/\/www.muntdemots.org\/2015\/wp-content\/uploads\/2015\/09\/FERRAN-MARTIN.jpg 800w\" sizes=\"(max-width: 300px) 100vw, 300px\" \/><\/a>Fa 21 anys que es dedica professionalment a la narraci\u00f3 oral de contes. Ha narrat per a tot tipus de p\u00fablic en festivals de narraci\u00f3, teatres, fires, mercats, biblioteques, escoles, universitats, hospitals, vaixells i mil i un indrets quotidians i ex\u00f2tics de l\u2019Estat espanyol, Andorra, el sud de Fran\u00e7a i Nicaragua. Ha coordinat espais de narraci\u00f3 i ha impartit cursos, xerrades i confer\u00e8ncies sobre la narraci\u00f3 i el fet de narrar.<\/p>\n<p>&nbsp;<\/p>\n<hr \/>\n<p><strong>ANIMA\u2019T ANIMAL!<\/strong><\/p>\n<p>Qu\u00e8 passa quan una manyopla cau de la butxaca d\u2019un llenyataire enmig del bosc? A partir d\u2019un conte que inclou altres contes, sentirem, des de fora, un grapat d\u2019hist\u00f2ries dins d\u2019una manyopla, plena de b\u00e8sties, en un bosc. Contes antics que situen els animals com a protagonistes.<\/p>\n<p>Infantil \/ Catal\u00e0<br \/>\nDIJOUS 22 D\u2019OCTUBRE<br \/>\nHora: 18.00h<br \/>\n<a href=\"http:\/\/www.muntdemots.org\/2015\/locations\/biblioteca-montbau-albert-perez-baro\/\">BIBLIOTECA DE MONTBAU-ALBERT P\u00c9REZ BAR\u00d3<\/a><br \/>\nActivitat gratu\u00efta<\/p>\n<p>&nbsp;<\/p>\n<hr \/>\n<p><strong>QUAN ELS CONTES S\u00d3N M\u00daSICA<\/strong><\/p>\n<p>Quina \u00e9s la m\u00fasica m\u00e9s dol\u00e7a que existeix? Un narrador d\u2019hist\u00f2ries, un conte amb m\u00e9s contes a dins, un bon grapat de sons i sorolls, i tot plegat fent una passejada pel museu on coneixerem hist\u00f2ries d\u2019arreu del m\u00f3n que ens ajudaran a cercar una resposta per a aquesta dif\u00edcil pregunta.<\/p>\n<p>Adults \/ Catal\u00e0<br \/>\nDIVENDRES 23 D\u2019OCTUBRE<br \/>\nHora: 19.00h<br \/>\n<a href=\"http:\/\/www.muntdemots.org\/2015\/locations\/museu-de-la-musica-lauditori\/\">MUSEU DE LA M\u00daSICA<\/a> (Auditori)<br \/>\nEntrada al Museu: gratu\u00efta<br \/>\nEntrada a l\u2019espectacle: 2,50\u20ac<br \/>\nAforament limitat<\/p>\n<p>&nbsp;<\/p>\n","protected":false},"excerpt":{"rendered":"<p>Fa 21 anys que es dedica professionalment a la narraci\u00f3 oral de contes. Ha narrat per a tot tipus de p\u00fablic en festivals de narraci\u00f3, teatres, fires, mercats, biblioteques, escoles, universitats, hospitals, vaixells i mil i un indrets quotidians i ex\u00f2tics de l\u2019Estat espanyol, Andorra, el sud de Fran\u00e7a i Nicaragua. Ha coordinat espais de [&hellip;]<\/p>\n","protected":false},"author":28,"featured_media":0,"parent":4,"menu_order":0,"comment_status":"closed","ping_status":"closed","template":"","meta":{"_mi_skip_tracking":false},"yoast_head":"<!-- This site is optimized with the Yoast SEO plugin v20.5 - https:\/\/yoast.com\/wordpress\/plugins\/seo\/ -->\n<title>Ferran Mart\u00edn (Catalunya) - Munt de Mots<\/title>\n<meta name=\"robots\" content=\"index, follow, max-snippet:-1, max-image-preview:large, max-video-preview:-1\" \/>\n<link rel=\"canonical\" href=\"http:\/\/www.muntdemots.org\/2015\/participants\/ferran-martin-catalunya\/\" \/>\n<meta property=\"og:locale\" content=\"ca_ES\" \/>\n<meta property=\"og:type\" content=\"article\" \/>\n<meta property=\"og:title\" content=\"Ferran Mart\u00edn (Catalunya) - Munt de Mots\" \/>\n<meta property=\"og:description\" content=\"Fa 21 anys que es dedica professionalment a la narraci\u00f3 oral de contes. Ha narrat per a tot tipus de p\u00fablic en festivals de narraci\u00f3, teatres, fires, mercats, biblioteques, escoles, universitats, hospitals, vaixells i mil i un indrets quotidians i ex\u00f2tics de l\u2019Estat espanyol, Andorra, el sud de Fran\u00e7a i Nicaragua. Ha coordinat espais de [&hellip;]\" \/>\n<meta property=\"og:url\" content=\"http:\/\/www.muntdemots.org\/2015\/participants\/ferran-martin-catalunya\/\" \/>\n<meta property=\"og:site_name\" content=\"Munt de Mots\" \/>\n<meta property=\"article:publisher\" content=\"https:\/\/www.facebook.com\/FestivalMuntdeMots\" \/>\n<meta property=\"article:modified_time\" content=\"2015-09-24T07:26:54+00:00\" \/>\n<meta property=\"og:image\" content=\"http:\/\/www.muntdemots.org\/2015\/wp-content\/uploads\/2015\/09\/FERRAN-MARTIN-300x201.jpg\" \/>\n<meta name=\"twitter:card\" content=\"summary_large_image\" \/>\n<meta name=\"twitter:site\" content=\"@muntdemots\" \/>\n<meta name=\"twitter:label1\" content=\"Temps estimat de lectura\" \/>\n\t<meta name=\"twitter:data1\" content=\"1 minut\" \/>\n<script type=\"application\/ld+json\" class=\"yoast-schema-graph\">{\"@context\":\"https:\/\/schema.org\",\"@graph\":[{\"@type\":\"WebPage\",\"@id\":\"http:\/\/www.muntdemots.org\/2015\/participants\/ferran-martin-catalunya\/\",\"url\":\"http:\/\/www.muntdemots.org\/2015\/participants\/ferran-martin-catalunya\/\",\"name\":\"Ferran Mart\u00edn (Catalunya) - Munt de Mots\",\"isPartOf\":{\"@id\":\"https:\/\/www.muntdemots.org\/2015\/#website\"},\"datePublished\":\"2015-09-15T11:11:20+00:00\",\"dateModified\":\"2015-09-24T07:26:54+00:00\",\"breadcrumb\":{\"@id\":\"http:\/\/www.muntdemots.org\/2015\/participants\/ferran-martin-catalunya\/#breadcrumb\"},\"inLanguage\":\"ca\",\"potentialAction\":[{\"@type\":\"ReadAction\",\"target\":[\"http:\/\/www.muntdemots.org\/2015\/participants\/ferran-martin-catalunya\/\"]}]},{\"@type\":\"BreadcrumbList\",\"@id\":\"http:\/\/www.muntdemots.org\/2015\/participants\/ferran-martin-catalunya\/#breadcrumb\",\"itemListElement\":[{\"@type\":\"ListItem\",\"position\":1,\"name\":\"Inici\",\"item\":\"https:\/\/www.muntdemots.org\/2015\/\"},{\"@type\":\"ListItem\",\"position\":2,\"name\":\"Participants\",\"item\":\"http:\/\/www.muntdemots.org\/2015\/participants\/\"},{\"@type\":\"ListItem\",\"position\":3,\"name\":\"Ferran Mart\u00edn (Catalunya)\"}]},{\"@type\":\"WebSite\",\"@id\":\"https:\/\/www.muntdemots.org\/2015\/#website\",\"url\":\"https:\/\/www.muntdemots.org\/2015\/\",\"name\":\"Munt de Mots\",\"description\":\"\",\"potentialAction\":[{\"@type\":\"SearchAction\",\"target\":{\"@type\":\"EntryPoint\",\"urlTemplate\":\"https:\/\/www.muntdemots.org\/2015\/?s={search_term_string}\"},\"query-input\":\"required name=search_term_string\"}],\"inLanguage\":\"ca\"}]}<\/script>\n<!-- \/ Yoast SEO plugin. -->","yoast_head_json":{"title":"Ferran Mart\u00edn (Catalunya) - Munt de Mots","robots":{"index":"index","follow":"follow","max-snippet":"max-snippet:-1","max-image-preview":"max-image-preview:large","max-video-preview":"max-video-preview:-1"},"canonical":"http:\/\/www.muntdemots.org\/2015\/participants\/ferran-martin-catalunya\/","og_locale":"ca_ES","og_type":"article","og_title":"Ferran Mart\u00edn (Catalunya) - Munt de Mots","og_description":"Fa 21 anys que es dedica professionalment a la narraci\u00f3 oral de contes. Ha narrat per a tot tipus de p\u00fablic en festivals de narraci\u00f3, teatres, fires, mercats, biblioteques, escoles, universitats, hospitals, vaixells i mil i un indrets quotidians i ex\u00f2tics de l\u2019Estat espanyol, Andorra, el sud de Fran\u00e7a i Nicaragua. Ha coordinat espais de [&hellip;]","og_url":"http:\/\/www.muntdemots.org\/2015\/participants\/ferran-martin-catalunya\/","og_site_name":"Munt de Mots","article_publisher":"https:\/\/www.facebook.com\/FestivalMuntdeMots","article_modified_time":"2015-09-24T07:26:54+00:00","og_image":[{"url":"http:\/\/www.muntdemots.org\/2015\/wp-content\/uploads\/2015\/09\/FERRAN-MARTIN-300x201.jpg"}],"twitter_card":"summary_large_image","twitter_site":"@muntdemots","twitter_misc":{"Temps estimat de lectura":"1 minut"},"schema":{"@context":"https:\/\/schema.org","@graph":[{"@type":"WebPage","@id":"http:\/\/www.muntdemots.org\/2015\/participants\/ferran-martin-catalunya\/","url":"http:\/\/www.muntdemots.org\/2015\/participants\/ferran-martin-catalunya\/","name":"Ferran Mart\u00edn (Catalunya) - Munt de Mots","isPartOf":{"@id":"https:\/\/www.muntdemots.org\/2015\/#website"},"datePublished":"2015-09-15T11:11:20+00:00","dateModified":"2015-09-24T07:26:54+00:00","breadcrumb":{"@id":"http:\/\/www.muntdemots.org\/2015\/participants\/ferran-martin-catalunya\/#breadcrumb"},"inLanguage":"ca","potentialAction":[{"@type":"ReadAction","target":["http:\/\/www.muntdemots.org\/2015\/participants\/ferran-martin-catalunya\/"]}]},{"@type":"BreadcrumbList","@id":"http:\/\/www.muntdemots.org\/2015\/participants\/ferran-martin-catalunya\/#breadcrumb","itemListElement":[{"@type":"ListItem","position":1,"name":"Inici","item":"https:\/\/www.muntdemots.org\/2015\/"},{"@type":"ListItem","position":2,"name":"Participants","item":"http:\/\/www.muntdemots.org\/2015\/participants\/"},{"@type":"ListItem","position":3,"name":"Ferran Mart\u00edn (Catalunya)"}]},{"@type":"WebSite","@id":"https:\/\/www.muntdemots.org\/2015\/#website","url":"https:\/\/www.muntdemots.org\/2015\/","name":"Munt de Mots","description":"","potentialAction":[{"@type":"SearchAction","target":{"@type":"EntryPoint","urlTemplate":"https:\/\/www.muntdemots.org\/2015\/?s={search_term_string}"},"query-input":"required name=search_term_string"}],"inLanguage":"ca"}]}},"_links":{"self":[{"href":"http:\/\/www.muntdemots.org\/2015\/wp-json\/wp\/v2\/pages\/7883"}],"collection":[{"href":"http:\/\/www.muntdemots.org\/2015\/wp-json\/wp\/v2\/pages"}],"about":[{"href":"http:\/\/www.muntdemots.org\/2015\/wp-json\/wp\/v2\/types\/page"}],"author":[{"embeddable":true,"href":"http:\/\/www.muntdemots.org\/2015\/wp-json\/wp\/v2\/users\/28"}],"replies":[{"embeddable":true,"href":"http:\/\/www.muntdemots.org\/2015\/wp-json\/wp\/v2\/comments?post=7883"}],"version-history":[{"count":6,"href":"http:\/\/www.muntdemots.org\/2015\/wp-json\/wp\/v2\/pages\/7883\/revisions"}],"predecessor-version":[{"id":8079,"href":"http:\/\/www.muntdemots.org\/2015\/wp-json\/wp\/v2\/pages\/7883\/revisions\/8079"}],"up":[{"embeddable":true,"href":"http:\/\/www.muntdemots.org\/2015\/wp-json\/wp\/v2\/pages\/4"}],"wp:attachment":[{"href":"http:\/\/www.muntdemots.org\/2015\/wp-json\/wp\/v2\/media?parent=7883"}],"curies":[{"name":"wp","href":"https:\/\/api.w.org\/{rel}","templated":true}]}}