{"id":7834,"date":"2015-09-15T09:54:58","date_gmt":"2015-09-15T09:54:58","guid":{"rendered":"http:\/\/www.muntdemots.org\/2015\/?page_id=7834"},"modified":"2015-09-15T10:52:18","modified_gmt":"2015-09-15T10:52:18","slug":"alexander-hernandez-venecuela","status":"publish","type":"page","link":"http:\/\/www.muntdemots.org\/2015\/participants\/alexander-hernandez-venecuela\/","title":{"rendered":"Alex\u00e1nder Hern\u00e1ndez (Vene\u00e7uela)"},"content":{"rendered":"<p><a href=\"http:\/\/www.muntdemots.org\/2015\/wp-content\/uploads\/2015\/09\/D-\u00dcO-FLUTERCISSI-\u00f4-Y-ALEX-\u00fcNDER-HERN-\u00fcNDEZ.jpg\"><img decoding=\"async\" loading=\"lazy\" class=\"size-medium wp-image-7838 alignright\" src=\"http:\/\/www.muntdemots.org\/2015\/wp-content\/uploads\/2015\/09\/D-\u00dcO-FLUTERCISSI-\u00f4-Y-ALEX-\u00fcNDER-HERN-\u00fcNDEZ-300x225.jpg\" alt=\"OLYMPUS DIGITAL CAMERA\" width=\"300\" height=\"225\" srcset=\"http:\/\/www.muntdemots.org\/2015\/wp-content\/uploads\/2015\/09\/D-\u00dcO-FLUTERCISSI-\u00f4-Y-ALEX-\u00fcNDER-HERN-\u00fcNDEZ-300x225.jpg 300w, http:\/\/www.muntdemots.org\/2015\/wp-content\/uploads\/2015\/09\/D-\u00dcO-FLUTERCISSI-\u00f4-Y-ALEX-\u00fcNDER-HERN-\u00fcNDEZ-1024x768.jpg 1024w, http:\/\/www.muntdemots.org\/2015\/wp-content\/uploads\/2015\/09\/D-\u00dcO-FLUTERCISSI-\u00f4-Y-ALEX-\u00fcNDER-HERN-\u00fcNDEZ.jpg 1280w\" sizes=\"(max-width: 300px) 100vw, 300px\" \/><\/a><\/p>\n<p>\u00c9s vene\u00e7ol\u00e0, periodista i narrador de contes des del 1984. Va n\u00e9ixer a la ciutat de Maracaibo. Ha adaptat contes dels pobles ind\u00edgenes de Vene\u00e7uela per a llibres i sessions de narraci\u00f3 oral. Ha treballat a la r\u00e0dio i s\u2019ha dedicat a recopilar contes i a investigar sobre les formes tradicionals d\u2019explicar contes. Actualment viu a Tarragona.<\/p>\n<p>&nbsp;<\/p>\n<p>&nbsp;<\/p>\n<hr \/>\n<p><strong>CUENTOS DE LA CARIBANA R\u00c0DIO<\/strong><\/p>\n<p>Ens remet als temps en qu\u00e8 la fam\u00edlia sencera plorava davant d\u2019una caixa sonora quan s\u2019emetien radionovel\u00b7les. O la hist\u00f2ria de la dona que quan dormia somiava i en els somnis una altra dona li explicava qu\u00e8 havia de fer per espantar els huracans.<\/p>\n<p>Adults \/ Castell\u00e0<br \/>\nDIJOUS 22<br \/>\nHora: 20.00 h<br \/>\n<a href=\"http:\/\/www.muntdemots.org\/2015\/locations\/casa-america-de-catalunya\/\">CASA AM\u00c8RICA CATALUNYA<\/a><br \/>\nActivitat gratu\u00efta<\/p>\n<p>&nbsp;<\/p>\n<hr \/>\n<p>CONFER\u00c8NCIA<br \/>\n<strong>L\u2019ARBRE DE TOTES LES FRUITES <\/strong><\/p>\n<p>La narraci\u00f3 oral tradicional \u00e9s com l\u2019arbre de totes les fuites, que ni els animals ni les persones podien abastar. \u00c9s el narrador, amb la seva m\u00e0gia particular, qui treballa en cada conte com a mediador entre els animals, el lloc dels esperits, els humans i el m\u00f3n present.<\/p>\n<p>Adults \/ Castell\u00e0<br \/>\nDIVENDRES 23<br \/>\nHora: 19.30h<br \/>\n<a href=\"http:\/\/www.muntdemots.org\/2015\/locations\/biblioteca-vila-de-gracia\/\">CENTRE D\u2019INTER\u00c8S EN LA NARRACI\u00d3 ORAL BIBLIOTECA VILA DE GR\u00c0CIA<\/a><br \/>\nActivitat gratu\u00efta<\/p>\n<p>&nbsp;<\/p>\n<hr \/>\n<p><strong>OMUMBO ROMBOMBA <\/strong><br \/>\nAlex\u00e1nder Hern\u00e1ndez (Vene\u00e7uela),\u2028Flutercussi\u00f3: Francisco Monta\u00f1ez i Isabel Serra<\/p>\n<p>Aquests contes i can\u00e7ons provenen de la tradici\u00f3 oral dels pobles que els van inspirar a l\u2019\u00c0frica i a Am\u00e8rica. I \u00e9s que en aquells temps, quan els animals parlaven, ho feien en ambd\u00f3s mons i en moltes lleng\u00fces. Tamb\u00e9 els arbres meravellosos, carregats amb totes les fruites, podien trobar-se a l\u2019Amazones o enmig del Camerun.<\/p>\n<p>Adults \/ Castell\u00e0<br \/>\nDISSABTE 24<br \/>\nHora: 20.30h<br \/>\n<a href=\"http:\/\/www.muntdemots.org\/2015\/locations\/harlem-jazz-club\/\">HARLEM JAZZ CLUB<\/a><br \/>\nEntrada: 7\u20ac<\/p>\n","protected":false},"excerpt":{"rendered":"<p>\u00c9s vene\u00e7ol\u00e0, periodista i narrador de contes des del 1984. Va n\u00e9ixer a la ciutat de Maracaibo. Ha adaptat contes dels pobles ind\u00edgenes de Vene\u00e7uela per a llibres i sessions de narraci\u00f3 oral. Ha treballat a la r\u00e0dio i s\u2019ha dedicat a recopilar contes i a investigar sobre les formes tradicionals d\u2019explicar contes. Actualment viu [&hellip;]<\/p>\n","protected":false},"author":28,"featured_media":0,"parent":4,"menu_order":0,"comment_status":"closed","ping_status":"closed","template":"","meta":{"_mi_skip_tracking":false},"yoast_head":"<!-- This site is optimized with the Yoast SEO plugin v20.5 - https:\/\/yoast.com\/wordpress\/plugins\/seo\/ -->\n<title>Alex\u00e1nder Hern\u00e1ndez (Vene\u00e7uela) - Munt de Mots<\/title>\n<meta name=\"robots\" content=\"index, follow, max-snippet:-1, max-image-preview:large, max-video-preview:-1\" \/>\n<link rel=\"canonical\" href=\"http:\/\/www.muntdemots.org\/2015\/participants\/alexander-hernandez-venecuela\/\" \/>\n<meta property=\"og:locale\" content=\"ca_ES\" \/>\n<meta property=\"og:type\" content=\"article\" \/>\n<meta property=\"og:title\" content=\"Alex\u00e1nder Hern\u00e1ndez (Vene\u00e7uela) - Munt de Mots\" \/>\n<meta property=\"og:description\" content=\"\u00c9s vene\u00e7ol\u00e0, periodista i narrador de contes des del 1984. Va n\u00e9ixer a la ciutat de Maracaibo. Ha adaptat contes dels pobles ind\u00edgenes de Vene\u00e7uela per a llibres i sessions de narraci\u00f3 oral. Ha treballat a la r\u00e0dio i s\u2019ha dedicat a recopilar contes i a investigar sobre les formes tradicionals d\u2019explicar contes. Actualment viu [&hellip;]\" \/>\n<meta property=\"og:url\" content=\"http:\/\/www.muntdemots.org\/2015\/participants\/alexander-hernandez-venecuela\/\" \/>\n<meta property=\"og:site_name\" content=\"Munt de Mots\" \/>\n<meta property=\"article:publisher\" content=\"https:\/\/www.facebook.com\/FestivalMuntdeMots\" \/>\n<meta property=\"article:modified_time\" content=\"2015-09-15T10:52:18+00:00\" \/>\n<meta name=\"twitter:card\" content=\"summary_large_image\" \/>\n<meta name=\"twitter:site\" content=\"@muntdemots\" \/>\n<meta name=\"twitter:label1\" content=\"Temps estimat de lectura\" \/>\n\t<meta name=\"twitter:data1\" content=\"2 minuts\" \/>\n<script type=\"application\/ld+json\" class=\"yoast-schema-graph\">{\"@context\":\"https:\/\/schema.org\",\"@graph\":[{\"@type\":\"WebPage\",\"@id\":\"http:\/\/www.muntdemots.org\/2015\/participants\/alexander-hernandez-venecuela\/\",\"url\":\"http:\/\/www.muntdemots.org\/2015\/participants\/alexander-hernandez-venecuela\/\",\"name\":\"Alex\u00e1nder Hern\u00e1ndez (Vene\u00e7uela) - Munt de Mots\",\"isPartOf\":{\"@id\":\"http:\/\/www.muntdemots.org\/2015\/#website\"},\"datePublished\":\"2015-09-15T09:54:58+00:00\",\"dateModified\":\"2015-09-15T10:52:18+00:00\",\"breadcrumb\":{\"@id\":\"http:\/\/www.muntdemots.org\/2015\/participants\/alexander-hernandez-venecuela\/#breadcrumb\"},\"inLanguage\":\"ca\",\"potentialAction\":[{\"@type\":\"ReadAction\",\"target\":[\"http:\/\/www.muntdemots.org\/2015\/participants\/alexander-hernandez-venecuela\/\"]}]},{\"@type\":\"BreadcrumbList\",\"@id\":\"http:\/\/www.muntdemots.org\/2015\/participants\/alexander-hernandez-venecuela\/#breadcrumb\",\"itemListElement\":[{\"@type\":\"ListItem\",\"position\":1,\"name\":\"Inici\",\"item\":\"http:\/\/www.muntdemots.org\/2015\/\"},{\"@type\":\"ListItem\",\"position\":2,\"name\":\"Participants\",\"item\":\"http:\/\/www.muntdemots.org\/2015\/participants\/\"},{\"@type\":\"ListItem\",\"position\":3,\"name\":\"Alex\u00e1nder Hern\u00e1ndez (Vene\u00e7uela)\"}]},{\"@type\":\"WebSite\",\"@id\":\"http:\/\/www.muntdemots.org\/2015\/#website\",\"url\":\"http:\/\/www.muntdemots.org\/2015\/\",\"name\":\"Munt de Mots\",\"description\":\"\",\"potentialAction\":[{\"@type\":\"SearchAction\",\"target\":{\"@type\":\"EntryPoint\",\"urlTemplate\":\"http:\/\/www.muntdemots.org\/2015\/?s={search_term_string}\"},\"query-input\":\"required name=search_term_string\"}],\"inLanguage\":\"ca\"}]}<\/script>\n<!-- \/ Yoast SEO plugin. -->","yoast_head_json":{"title":"Alex\u00e1nder Hern\u00e1ndez (Vene\u00e7uela) - Munt de Mots","robots":{"index":"index","follow":"follow","max-snippet":"max-snippet:-1","max-image-preview":"max-image-preview:large","max-video-preview":"max-video-preview:-1"},"canonical":"http:\/\/www.muntdemots.org\/2015\/participants\/alexander-hernandez-venecuela\/","og_locale":"ca_ES","og_type":"article","og_title":"Alex\u00e1nder Hern\u00e1ndez (Vene\u00e7uela) - Munt de Mots","og_description":"\u00c9s vene\u00e7ol\u00e0, periodista i narrador de contes des del 1984. Va n\u00e9ixer a la ciutat de Maracaibo. Ha adaptat contes dels pobles ind\u00edgenes de Vene\u00e7uela per a llibres i sessions de narraci\u00f3 oral. Ha treballat a la r\u00e0dio i s\u2019ha dedicat a recopilar contes i a investigar sobre les formes tradicionals d\u2019explicar contes. Actualment viu [&hellip;]","og_url":"http:\/\/www.muntdemots.org\/2015\/participants\/alexander-hernandez-venecuela\/","og_site_name":"Munt de Mots","article_publisher":"https:\/\/www.facebook.com\/FestivalMuntdeMots","article_modified_time":"2015-09-15T10:52:18+00:00","twitter_card":"summary_large_image","twitter_site":"@muntdemots","twitter_misc":{"Temps estimat de lectura":"2 minuts"},"schema":{"@context":"https:\/\/schema.org","@graph":[{"@type":"WebPage","@id":"http:\/\/www.muntdemots.org\/2015\/participants\/alexander-hernandez-venecuela\/","url":"http:\/\/www.muntdemots.org\/2015\/participants\/alexander-hernandez-venecuela\/","name":"Alex\u00e1nder Hern\u00e1ndez (Vene\u00e7uela) - Munt de Mots","isPartOf":{"@id":"http:\/\/www.muntdemots.org\/2015\/#website"},"datePublished":"2015-09-15T09:54:58+00:00","dateModified":"2015-09-15T10:52:18+00:00","breadcrumb":{"@id":"http:\/\/www.muntdemots.org\/2015\/participants\/alexander-hernandez-venecuela\/#breadcrumb"},"inLanguage":"ca","potentialAction":[{"@type":"ReadAction","target":["http:\/\/www.muntdemots.org\/2015\/participants\/alexander-hernandez-venecuela\/"]}]},{"@type":"BreadcrumbList","@id":"http:\/\/www.muntdemots.org\/2015\/participants\/alexander-hernandez-venecuela\/#breadcrumb","itemListElement":[{"@type":"ListItem","position":1,"name":"Inici","item":"http:\/\/www.muntdemots.org\/2015\/"},{"@type":"ListItem","position":2,"name":"Participants","item":"http:\/\/www.muntdemots.org\/2015\/participants\/"},{"@type":"ListItem","position":3,"name":"Alex\u00e1nder Hern\u00e1ndez (Vene\u00e7uela)"}]},{"@type":"WebSite","@id":"http:\/\/www.muntdemots.org\/2015\/#website","url":"http:\/\/www.muntdemots.org\/2015\/","name":"Munt de Mots","description":"","potentialAction":[{"@type":"SearchAction","target":{"@type":"EntryPoint","urlTemplate":"http:\/\/www.muntdemots.org\/2015\/?s={search_term_string}"},"query-input":"required name=search_term_string"}],"inLanguage":"ca"}]}},"_links":{"self":[{"href":"http:\/\/www.muntdemots.org\/2015\/wp-json\/wp\/v2\/pages\/7834"}],"collection":[{"href":"http:\/\/www.muntdemots.org\/2015\/wp-json\/wp\/v2\/pages"}],"about":[{"href":"http:\/\/www.muntdemots.org\/2015\/wp-json\/wp\/v2\/types\/page"}],"author":[{"embeddable":true,"href":"http:\/\/www.muntdemots.org\/2015\/wp-json\/wp\/v2\/users\/28"}],"replies":[{"embeddable":true,"href":"http:\/\/www.muntdemots.org\/2015\/wp-json\/wp\/v2\/comments?post=7834"}],"version-history":[{"count":7,"href":"http:\/\/www.muntdemots.org\/2015\/wp-json\/wp\/v2\/pages\/7834\/revisions"}],"predecessor-version":[{"id":7868,"href":"http:\/\/www.muntdemots.org\/2015\/wp-json\/wp\/v2\/pages\/7834\/revisions\/7868"}],"up":[{"embeddable":true,"href":"http:\/\/www.muntdemots.org\/2015\/wp-json\/wp\/v2\/pages\/4"}],"wp:attachment":[{"href":"http:\/\/www.muntdemots.org\/2015\/wp-json\/wp\/v2\/media?parent=7834"}],"curies":[{"name":"wp","href":"https:\/\/api.w.org\/{rel}","templated":true}]}}

Alexánder Hernández (Veneçuela)

<p><a href="http://www.muntdemots.org/2015/wp-content/uploads/2015/09/D-ÜO-FLUTERCISSI-ô-Y-ALEX-üNDER-HERN-üNDEZ.jpg"><img decoding="async" loading="lazy" class="size-medium wp-image-7838 alignright" src="http://www.muntdemots.org/2015/wp-content/uploads/2015/09/D-ÜO-FLUTERCISSI-ô-Y-ALEX-üNDER-HERN-üNDEZ-300x225.jpg" alt="OLYMPUS DIGITAL CAMERA" width="300" height="225" srcset="http://www.muntdemots.org/2015/wp-content/uploads/2015/09/D-ÜO-FLUTERCISSI-ô-Y-ALEX-üNDER-HERN-üNDEZ-300x225.jpg 300w, http://www.muntdemots.org/2015/wp-content/uploads/2015/09/D-ÜO-FLUTERCISSI-ô-Y-ALEX-üNDER-HERN-üNDEZ-1024x768.jpg 1024w, http://www.muntdemots.org/2015/wp-content/uploads/2015/09/D-ÜO-FLUTERCISSI-ô-Y-ALEX-üNDER-HERN-üNDEZ.jpg 1280w" sizes="(max-width: 300px) 100vw, 300px" /></a></p>
<p>És veneçolà, periodista i narrador de contes des del 1984. Va néixer a la ciutat de Maracaibo. Ha adaptat contes dels pobles indígenes de Veneçuela per a llibres i sessions de narració oral. Ha treballat a la ràdio i s’ha dedicat a recopilar contes i a investigar sobre les formes tradicionals d’explicar contes. Actualment viu a Tarragona.</p>
<p>&nbsp;</p>
<p>&nbsp;</p>
<hr />
<p><strong>CUENTOS DE LA CARIBANA RÀDIO</strong></p>
<p>Ens remet als temps en què la família sencera plorava davant d’una caixa sonora quan s’emetien radionovel·les. O la història de la dona que quan dormia somiava i en els somnis una altra dona li explicava què havia de fer per espantar els huracans.</p>
<p>Adults / Castellà<br />
DIJOUS 22<br />
Hora: 20.00 h<br />
<a href="http://www.muntdemots.org/2015/locations/casa-america-de-catalunya/">CASA AMÈRICA CATALUNYA</a><br />
Activitat gratuïta</p>
<p>&nbsp;</p>
<hr />
<p>CONFERÈNCIA<br />
<strong>L’ARBRE DE TOTES LES FRUITES </strong></p>
<p>La narració oral tradicional és com l’arbre de totes les fuites, que ni els animals ni les persones podien abastar. És el narrador, amb la seva màgia particular, qui treballa en cada conte com a mediador entre els animals, el lloc dels esperits, els humans i el món present.</p>
<p>Adults / Castellà<br />
DIVENDRES 23<br />
Hora: 19.30h<br />
<a href="http://www.muntdemots.org/2015/locations/biblioteca-vila-de-gracia/">CENTRE D’INTERÈS EN LA NARRACIÓ ORAL BIBLIOTECA VILA DE GRÀCIA</a><br />
Activitat gratuïta</p>
<p>&nbsp;</p>
<hr />
<p><strong>OMUMBO ROMBOMBA </strong><br />
Alexánder Hernández (Veneçuela), Flutercussió: Francisco Montañez i Isabel Serra</p>
<p>Aquests contes i cançons provenen de la tradició oral dels pobles que els van inspirar a l’Àfrica i a Amèrica. I és que en aquells temps, quan els animals parlaven, ho feien en ambdós mons i en moltes llengües. També els arbres meravellosos, carregats amb totes les fruites, podien trobar-se a l’Amazones o enmig del Camerun.</p>
<p>Adults / Castellà<br />
DISSABTE 24<br />
Hora: 20.30h<br />
<a href="http://www.muntdemots.org/2015/locations/harlem-jazz-club/">HARLEM JAZZ CLUB</a><br />
Entrada: 7€</p>

<p>És veneçolà, periodista i narrador de contes des del 1984. Va néixer a la ciutat de Maracaibo. Ha adaptat contes dels pobles indígenes de Veneçuela per a llibres i sessions de narració oral. Ha treballat a la ràdio i s’ha dedicat a recopilar contes i a investigar sobre les formes tradicionals d’explicar contes. Actualment viu [&hellip;]</p>

<!-- This site is optimized with the Yoast SEO plugin v20.5 - https://yoast.com/wordpress/plugins/seo/ -->
<title>Alexánder Hernández (Veneçuela) - Munt de Mots</title>
<meta name="robots" content="index, follow, max-snippet:-1, max-image-preview:large, max-video-preview:-1" />
<link rel="canonical" href="http://www.muntdemots.org/2015/participants/alexander-hernandez-venecuela/" />
<meta property="og:locale" content="ca_ES" />
<meta property="og:type" content="article" />
<meta property="og:title" content="Alexánder Hernández (Veneçuela) - Munt de Mots" />
<meta property="og:description" content="És veneçolà, periodista i narrador de contes des del 1984. Va néixer a la ciutat de Maracaibo. Ha adaptat contes dels pobles indígenes de Veneçuela per a llibres i sessions de narració oral. Ha treballat a la ràdio i s’ha dedicat a recopilar contes i a investigar sobre les formes tradicionals d’explicar contes. Actualment viu [&hellip;]" />
<meta property="og:url" content="http://www.muntdemots.org/2015/participants/alexander-hernandez-venecuela/" />
<meta property="og:site_name" content="Munt de Mots" />
<meta property="article:publisher" content="https://www.facebook.com/FestivalMuntdeMots" />
<meta property="article:modified_time" content="2015-09-15T10:52:18+00:00" />
<meta name="twitter:card" content="summary_large_image" />
<meta name="twitter:site" content="@muntdemots" />
<meta name="twitter:label1" content="Temps estimat de lectura" />
	<meta name="twitter:data1" content="2 minuts" />
<script type="application/ld+json" class="yoast-schema-graph">{"@context":"https://schema.org","@graph":[{"@type":"WebPage","@id":"http://www.muntdemots.org/2015/participants/alexander-hernandez-venecuela/","url":"http://www.muntdemots.org/2015/participants/alexander-hernandez-venecuela/","name":"Alexánder Hernández (Veneçuela) - Munt de Mots","isPartOf":{"@id":"http://www.muntdemots.org/2015/#website"},"datePublished":"2015-09-15T09:54:58+00:00","dateModified":"2015-09-15T10:52:18+00:00","breadcrumb":{"@id":"http://www.muntdemots.org/2015/participants/alexander-hernandez-venecuela/#breadcrumb"},"inLanguage":"ca","potentialAction":[{"@type":"ReadAction","target":["http://www.muntdemots.org/2015/participants/alexander-hernandez-venecuela/"]}]},{"@type":"BreadcrumbList","@id":"http://www.muntdemots.org/2015/participants/alexander-hernandez-venecuela/#breadcrumb","itemListElement":[{"@type":"ListItem","position":1,"name":"Inici","item":"http://www.muntdemots.org/2015/"},{"@type":"ListItem","position":2,"name":"Participants","item":"http://www.muntdemots.org/2015/participants/"},{"@type":"ListItem","position":3,"name":"Alexánder Hernández (Veneçuela)"}]},{"@type":"WebSite","@id":"http://www.muntdemots.org/2015/#website","url":"http://www.muntdemots.org/2015/","name":"Munt de Mots","description":"","potentialAction":[{"@type":"SearchAction","target":{"@type":"EntryPoint","urlTemplate":"http://www.muntdemots.org/2015/?s={search_term_string}"},"query-input":"required name=search_term_string"}],"inLanguage":"ca"}]}</script>
<!-- / Yoast SEO plugin. -->

Alexánder Hernández (Veneçuela) - Munt de Mots

És veneçolà, periodista i narrador de contes des del 1984. Va néixer a la ciutat de Maracaibo. Ha adaptat contes dels pobles indígenes de Veneçuela per a llibres i sessions de narració oral. Ha treballat a la ràdio i s’ha dedicat a recopilar contes i a investigar sobre les formes tradicionals d’explicar contes. Actualment viu [&hellip;]
