{"id":7484,"date":"2014-10-02T14:11:57","date_gmt":"2014-10-02T14:11:57","guid":{"rendered":"http:\/\/www.muntdemots.org\/2014\/?page_id=7484"},"modified":"2014-10-14T14:51:10","modified_gmt":"2014-10-14T14:51:10","slug":"cristina-serrat","status":"publish","type":"page","link":"http:\/\/www.muntdemots.org\/2014\/cristina-serrat\/","title":{"rendered":"Cristina Serrat"},"content":{"rendered":"<p><a href=\"http:\/\/www.muntdemots.org\/2014\/wp-content\/uploads\/2014\/10\/DSC4852.jpg\"><img decoding=\"async\" loading=\"lazy\" class=\"alignright  wp-image-7527\" src=\"http:\/\/www.muntdemots.org\/2014\/wp-content\/uploads\/2014\/10\/DSC4852-891x1024.jpg\" alt=\"_DSC4852\" width=\"210\" height=\"242\" srcset=\"http:\/\/www.muntdemots.org\/2014\/wp-content\/uploads\/2014\/10\/DSC4852-891x1024.jpg 891w, http:\/\/www.muntdemots.org\/2014\/wp-content\/uploads\/2014\/10\/DSC4852-261x300.jpg 261w, http:\/\/www.muntdemots.org\/2014\/wp-content\/uploads\/2014\/10\/DSC4852.jpg 1617w\" sizes=\"(max-width: 210px) 100vw, 210px\" \/><\/a><\/p>\n<p>Llicenciada en periodisme, no recorda la primera vegada que va comen\u00e7ar a escriure (de tant temps que en fa) i, actualment, s&#8217;envolta de paraules narrades, escrites, recitades, cantades i parlades per a fer espectacles de narraci\u00f3 oral, cant i teatre. \u00c9s terapeuta corporal i combina aquesta activitat amb la de narradora, actriu, escriptora i periodista, mentre es va formant com a cantant professional. \u00c9s membre activa de l&#8217;Associaci\u00f3 de Creadores Esc\u00e8niques, Projecte Vaca. Aqu\u00ed podeu consultar el weu blog:\u00a0<a href=\"http:\/\/cristinaserrat.wordpress.com\/\" target=\"_blank\"><span lang=\"IT\">http:\/\/cristinaserrat.<wbr \/>wordpress.com<\/span><\/a><\/p>\n","protected":false},"excerpt":{"rendered":"<p>Llicenciada en periodisme, no recorda la primera vegada que va comen\u00e7ar a escriure (de tant temps que en fa) i, actualment, s&#8217;envolta de paraules narrades, escrites, recitades, cantades i parlades per a fer espectacles de narraci\u00f3 oral, cant i teatre. \u00c9s terapeuta corporal i combina aquesta activitat amb la de narradora, actriu, escriptora i periodista, [&hellip;]<\/p>\n","protected":false},"author":1,"featured_media":0,"parent":0,"menu_order":0,"comment_status":"open","ping_status":"open","template":"","meta":{"_mi_skip_tracking":false},"yoast_head":"<!-- This site is optimized with the Yoast SEO plugin v20.5 - https:\/\/yoast.com\/wordpress\/plugins\/seo\/ -->\n<title>Cristina Serrat - Munt de Mots<\/title>\n<meta name=\"robots\" content=\"index, follow, max-snippet:-1, max-image-preview:large, max-video-preview:-1\" \/>\n<link rel=\"canonical\" href=\"http:\/\/www.muntdemots.org\/2014\/cristina-serrat\/\" \/>\n<meta property=\"og:locale\" content=\"ca_ES\" \/>\n<meta property=\"og:type\" content=\"article\" \/>\n<meta property=\"og:title\" content=\"Cristina Serrat - Munt de Mots\" \/>\n<meta property=\"og:description\" content=\"Llicenciada en periodisme, no recorda la primera vegada que va comen\u00e7ar a escriure (de tant temps que en fa) i, actualment, s&#8217;envolta de paraules narrades, escrites, recitades, cantades i parlades per a fer espectacles de narraci\u00f3 oral, cant i teatre. \u00c9s terapeuta corporal i combina aquesta activitat amb la de narradora, actriu, escriptora i periodista, [&hellip;]\" \/>\n<meta property=\"og:url\" content=\"http:\/\/www.muntdemots.org\/2014\/cristina-serrat\/\" \/>\n<meta property=\"og:site_name\" content=\"Munt de Mots\" \/>\n<meta property=\"article:publisher\" content=\"https:\/\/www.facebook.com\/FestivalMuntdeMots\" \/>\n<meta property=\"article:modified_time\" content=\"2014-10-14T14:51:10+00:00\" \/>\n<meta property=\"og:image\" content=\"http:\/\/www.muntdemots.org\/2014\/wp-content\/uploads\/2014\/10\/DSC4852-891x1024.jpg\" \/>\n<meta name=\"twitter:card\" content=\"summary_large_image\" \/>\n<meta name=\"twitter:site\" content=\"@muntdemots\" \/>\n<script type=\"application\/ld+json\" class=\"yoast-schema-graph\">{\"@context\":\"https:\/\/schema.org\",\"@graph\":[{\"@type\":\"WebPage\",\"@id\":\"http:\/\/www.muntdemots.org\/2014\/cristina-serrat\/\",\"url\":\"http:\/\/www.muntdemots.org\/2014\/cristina-serrat\/\",\"name\":\"Cristina Serrat - Munt de Mots\",\"isPartOf\":{\"@id\":\"https:\/\/www.muntdemots.org\/2014\/#website\"},\"datePublished\":\"2014-10-02T14:11:57+00:00\",\"dateModified\":\"2014-10-14T14:51:10+00:00\",\"breadcrumb\":{\"@id\":\"http:\/\/www.muntdemots.org\/2014\/cristina-serrat\/#breadcrumb\"},\"inLanguage\":\"ca\",\"potentialAction\":[{\"@type\":\"ReadAction\",\"target\":[\"http:\/\/www.muntdemots.org\/2014\/cristina-serrat\/\"]}]},{\"@type\":\"BreadcrumbList\",\"@id\":\"http:\/\/www.muntdemots.org\/2014\/cristina-serrat\/#breadcrumb\",\"itemListElement\":[{\"@type\":\"ListItem\",\"position\":1,\"name\":\"Inici\",\"item\":\"https:\/\/www.muntdemots.org\/2014\/\"},{\"@type\":\"ListItem\",\"position\":2,\"name\":\"Cristina Serrat\"}]},{\"@type\":\"WebSite\",\"@id\":\"https:\/\/www.muntdemots.org\/2014\/#website\",\"url\":\"https:\/\/www.muntdemots.org\/2014\/\",\"name\":\"Munt de Mots\",\"description\":\"\",\"potentialAction\":[{\"@type\":\"SearchAction\",\"target\":{\"@type\":\"EntryPoint\",\"urlTemplate\":\"https:\/\/www.muntdemots.org\/2014\/?s={search_term_string}\"},\"query-input\":\"required name=search_term_string\"}],\"inLanguage\":\"ca\"}]}<\/script>\n<!-- \/ Yoast SEO plugin. -->","yoast_head_json":{"title":"Cristina Serrat - Munt de Mots","robots":{"index":"index","follow":"follow","max-snippet":"max-snippet:-1","max-image-preview":"max-image-preview:large","max-video-preview":"max-video-preview:-1"},"canonical":"http:\/\/www.muntdemots.org\/2014\/cristina-serrat\/","og_locale":"ca_ES","og_type":"article","og_title":"Cristina Serrat - Munt de Mots","og_description":"Llicenciada en periodisme, no recorda la primera vegada que va comen\u00e7ar a escriure (de tant temps que en fa) i, actualment, s&#8217;envolta de paraules narrades, escrites, recitades, cantades i parlades per a fer espectacles de narraci\u00f3 oral, cant i teatre. \u00c9s terapeuta corporal i combina aquesta activitat amb la de narradora, actriu, escriptora i periodista, [&hellip;]","og_url":"http:\/\/www.muntdemots.org\/2014\/cristina-serrat\/","og_site_name":"Munt de Mots","article_publisher":"https:\/\/www.facebook.com\/FestivalMuntdeMots","article_modified_time":"2014-10-14T14:51:10+00:00","og_image":[{"url":"http:\/\/www.muntdemots.org\/2014\/wp-content\/uploads\/2014\/10\/DSC4852-891x1024.jpg"}],"twitter_card":"summary_large_image","twitter_site":"@muntdemots","schema":{"@context":"https:\/\/schema.org","@graph":[{"@type":"WebPage","@id":"http:\/\/www.muntdemots.org\/2014\/cristina-serrat\/","url":"http:\/\/www.muntdemots.org\/2014\/cristina-serrat\/","name":"Cristina Serrat - Munt de Mots","isPartOf":{"@id":"https:\/\/www.muntdemots.org\/2014\/#website"},"datePublished":"2014-10-02T14:11:57+00:00","dateModified":"2014-10-14T14:51:10+00:00","breadcrumb":{"@id":"http:\/\/www.muntdemots.org\/2014\/cristina-serrat\/#breadcrumb"},"inLanguage":"ca","potentialAction":[{"@type":"ReadAction","target":["http:\/\/www.muntdemots.org\/2014\/cristina-serrat\/"]}]},{"@type":"BreadcrumbList","@id":"http:\/\/www.muntdemots.org\/2014\/cristina-serrat\/#breadcrumb","itemListElement":[{"@type":"ListItem","position":1,"name":"Inici","item":"https:\/\/www.muntdemots.org\/2014\/"},{"@type":"ListItem","position":2,"name":"Cristina Serrat"}]},{"@type":"WebSite","@id":"https:\/\/www.muntdemots.org\/2014\/#website","url":"https:\/\/www.muntdemots.org\/2014\/","name":"Munt de Mots","description":"","potentialAction":[{"@type":"SearchAction","target":{"@type":"EntryPoint","urlTemplate":"https:\/\/www.muntdemots.org\/2014\/?s={search_term_string}"},"query-input":"required name=search_term_string"}],"inLanguage":"ca"}]}},"_links":{"self":[{"href":"http:\/\/www.muntdemots.org\/2014\/wp-json\/wp\/v2\/pages\/7484"}],"collection":[{"href":"http:\/\/www.muntdemots.org\/2014\/wp-json\/wp\/v2\/pages"}],"about":[{"href":"http:\/\/www.muntdemots.org\/2014\/wp-json\/wp\/v2\/types\/page"}],"author":[{"embeddable":true,"href":"http:\/\/www.muntdemots.org\/2014\/wp-json\/wp\/v2\/users\/1"}],"replies":[{"embeddable":true,"href":"http:\/\/www.muntdemots.org\/2014\/wp-json\/wp\/v2\/comments?post=7484"}],"version-history":[{"count":4,"href":"http:\/\/www.muntdemots.org\/2014\/wp-json\/wp\/v2\/pages\/7484\/revisions"}],"predecessor-version":[{"id":7529,"href":"http:\/\/www.muntdemots.org\/2014\/wp-json\/wp\/v2\/pages\/7484\/revisions\/7529"}],"wp:attachment":[{"href":"http:\/\/www.muntdemots.org\/2014\/wp-json\/wp\/v2\/media?parent=7484"}],"curies":[{"name":"wp","href":"https:\/\/api.w.org\/{rel}","templated":true}]}}

<p><a href="http://www.muntdemots.org/2014/wp-content/uploads/2014/10/DSC4852.jpg"><img decoding="async" loading="lazy" class="alignright  wp-image-7527" src="http://www.muntdemots.org/2014/wp-content/uploads/2014/10/DSC4852-891x1024.jpg" alt="_DSC4852" width="210" height="242" srcset="http://www.muntdemots.org/2014/wp-content/uploads/2014/10/DSC4852-891x1024.jpg 891w, http://www.muntdemots.org/2014/wp-content/uploads/2014/10/DSC4852-261x300.jpg 261w, http://www.muntdemots.org/2014/wp-content/uploads/2014/10/DSC4852.jpg 1617w" sizes="(max-width: 210px) 100vw, 210px" /></a></p>
<p>Llicenciada en periodisme, no recorda la primera vegada que va començar a escriure (de tant temps que en fa) i, actualment, s&#8217;envolta de paraules narrades, escrites, recitades, cantades i parlades per a fer espectacles de narració oral, cant i teatre. És terapeuta corporal i combina aquesta activitat amb la de narradora, actriu, escriptora i periodista, mentre es va formant com a cantant professional. És membre activa de l&#8217;Associació de Creadores Escèniques, Projecte Vaca. Aquí podeu consultar el weu blog: <a href="http://cristinaserrat.wordpress.com/" target="_blank"><span lang="IT">http://cristinaserrat.<wbr />wordpress.com</span></a></p>

<p>Llicenciada en periodisme, no recorda la primera vegada que va començar a escriure (de tant temps que en fa) i, actualment, s&#8217;envolta de paraules narrades, escrites, recitades, cantades i parlades per a fer espectacles de narració oral, cant i teatre. És terapeuta corporal i combina aquesta activitat amb la de narradora, actriu, escriptora i periodista, [&hellip;]</p>

<!-- This site is optimized with the Yoast SEO plugin v20.5 - https://yoast.com/wordpress/plugins/seo/ -->
<title>Cristina Serrat - Munt de Mots</title>
<meta name="robots" content="index, follow, max-snippet:-1, max-image-preview:large, max-video-preview:-1" />
<link rel="canonical" href="http://www.muntdemots.org/2014/cristina-serrat/" />
<meta property="og:locale" content="ca_ES" />
<meta property="og:type" content="article" />
<meta property="og:title" content="Cristina Serrat - Munt de Mots" />
<meta property="og:description" content="Llicenciada en periodisme, no recorda la primera vegada que va començar a escriure (de tant temps que en fa) i, actualment, s&#8217;envolta de paraules narrades, escrites, recitades, cantades i parlades per a fer espectacles de narració oral, cant i teatre. És terapeuta corporal i combina aquesta activitat amb la de narradora, actriu, escriptora i periodista, [&hellip;]" />
<meta property="og:url" content="http://www.muntdemots.org/2014/cristina-serrat/" />
<meta property="og:site_name" content="Munt de Mots" />
<meta property="article:publisher" content="https://www.facebook.com/FestivalMuntdeMots" />
<meta property="article:modified_time" content="2014-10-14T14:51:10+00:00" />
<meta property="og:image" content="http://www.muntdemots.org/2014/wp-content/uploads/2014/10/DSC4852-891x1024.jpg" />
<meta name="twitter:card" content="summary_large_image" />
<meta name="twitter:site" content="@muntdemots" />
<script type="application/ld+json" class="yoast-schema-graph">{"@context":"https://schema.org","@graph":[{"@type":"WebPage","@id":"http://www.muntdemots.org/2014/cristina-serrat/","url":"http://www.muntdemots.org/2014/cristina-serrat/","name":"Cristina Serrat - Munt de Mots","isPartOf":{"@id":"https://www.muntdemots.org/2014/#website"},"datePublished":"2014-10-02T14:11:57+00:00","dateModified":"2014-10-14T14:51:10+00:00","breadcrumb":{"@id":"http://www.muntdemots.org/2014/cristina-serrat/#breadcrumb"},"inLanguage":"ca","potentialAction":[{"@type":"ReadAction","target":["http://www.muntdemots.org/2014/cristina-serrat/"]}]},{"@type":"BreadcrumbList","@id":"http://www.muntdemots.org/2014/cristina-serrat/#breadcrumb","itemListElement":[{"@type":"ListItem","position":1,"name":"Inici","item":"https://www.muntdemots.org/2014/"},{"@type":"ListItem","position":2,"name":"Cristina Serrat"}]},{"@type":"WebSite","@id":"https://www.muntdemots.org/2014/#website","url":"https://www.muntdemots.org/2014/","name":"Munt de Mots","description":"","potentialAction":[{"@type":"SearchAction","target":{"@type":"EntryPoint","urlTemplate":"https://www.muntdemots.org/2014/?s={search_term_string}"},"query-input":"required name=search_term_string"}],"inLanguage":"ca"}]}</script>
<!-- / Yoast SEO plugin. -->

Llicenciada en periodisme, no recorda la primera vegada que va començar a escriure (de tant temps que en fa) i, actualment, s&#8217;envolta de paraules narrades, escrites, recitades, cantades i parlades per a fer espectacles de narració oral, cant i teatre. És terapeuta corporal i combina aquesta activitat amb la de narradora, actriu, escriptora i periodista, [&hellip;]
