{"id":7326,"date":"2014-09-25T09:46:34","date_gmt":"2014-09-25T09:46:34","guid":{"rendered":"http:\/\/www.muntdemots.org\/2014\/?page_id=7326"},"modified":"2014-09-25T09:46:34","modified_gmt":"2014-09-25T09:46:34","slug":"sandra-rossi","status":"publish","type":"page","link":"http:\/\/www.muntdemots.org\/2014\/participants\/sandra-rossi\/","title":{"rendered":"Sandra Rossi"},"content":{"rendered":"<p><a href=\"http:\/\/www.muntdemots.org\/2014\/wp-content\/uploads\/2014\/09\/13_2.jpg\"><img decoding=\"async\" loading=\"lazy\" class=\"size-medium wp-image-7327 alignright\" src=\"http:\/\/www.muntdemots.org\/2014\/wp-content\/uploads\/2014\/09\/13_2-300x204.jpg\" alt=\"13_2\" width=\"300\" height=\"204\" srcset=\"http:\/\/www.muntdemots.org\/2014\/wp-content\/uploads\/2014\/09\/13_2-300x204.jpg 300w, http:\/\/www.muntdemots.org\/2014\/wp-content\/uploads\/2014\/09\/13_2.jpg 850w\" sizes=\"(max-width: 300px) 100vw, 300px\" \/><\/a><\/p>\n<p>Vaig n\u00e9ixer i cr\u00e9ixer a la ciutat de Buenos Aires, on les paraules envolten cadencioses i fa m\u00e9s de vint anys que visc a Catalunya. Des de sempre els contes van ser per a mi cau i porta, refugi i passaport. S\u00f3c narradora, actriu i compositora d\u2019hist\u00f2ries i m\u2019apassiona la m\u00fasica de les paraules compartides. Formada en diferents disciplines art\u00edstiques, des de fa deu anys em dedico professionalment a l\u2019art de contar i comunicar amb espectacles de narraci\u00f3 i teatre, tant per a p\u00fablic familiar com adult.<\/p>\n<p>Espectacles: <a href=\"\/2014\/events\/histories-principesques\/\">Hist\u00f2ries principesques<\/a>.<\/p>\n","protected":false},"excerpt":{"rendered":"<p>Vaig n\u00e9ixer i cr\u00e9ixer a la ciutat de Buenos Aires, on les paraules envolten cadencioses i fa m\u00e9s de vint anys que visc a Catalunya. Des de sempre els contes van ser per a mi cau i porta, refugi i passaport. S\u00f3c narradora, actriu i compositora d\u2019hist\u00f2ries i m\u2019apassiona la m\u00fasica de les paraules compartides. [&hellip;]<\/p>\n","protected":false},"author":1,"featured_media":0,"parent":4,"menu_order":0,"comment_status":"open","ping_status":"open","template":"","meta":{"_mi_skip_tracking":false},"yoast_head":"<!-- This site is optimized with the Yoast SEO plugin v20.5 - https:\/\/yoast.com\/wordpress\/plugins\/seo\/ -->\n<title>Sandra Rossi - Munt de Mots<\/title>\n<meta name=\"robots\" content=\"index, follow, max-snippet:-1, max-image-preview:large, max-video-preview:-1\" \/>\n<link rel=\"canonical\" href=\"http:\/\/www.muntdemots.org\/2014\/participants\/sandra-rossi\/\" \/>\n<meta property=\"og:locale\" content=\"ca_ES\" \/>\n<meta property=\"og:type\" content=\"article\" \/>\n<meta property=\"og:title\" content=\"Sandra Rossi - Munt de Mots\" \/>\n<meta property=\"og:description\" content=\"Vaig n\u00e9ixer i cr\u00e9ixer a la ciutat de Buenos Aires, on les paraules envolten cadencioses i fa m\u00e9s de vint anys que visc a Catalunya. Des de sempre els contes van ser per a mi cau i porta, refugi i passaport. S\u00f3c narradora, actriu i compositora d\u2019hist\u00f2ries i m\u2019apassiona la m\u00fasica de les paraules compartides. [&hellip;]\" \/>\n<meta property=\"og:url\" content=\"http:\/\/www.muntdemots.org\/2014\/participants\/sandra-rossi\/\" \/>\n<meta property=\"og:site_name\" content=\"Munt de Mots\" \/>\n<meta property=\"article:publisher\" content=\"https:\/\/www.facebook.com\/FestivalMuntdeMots\" \/>\n<meta property=\"og:image\" content=\"http:\/\/www.muntdemots.org\/2014\/wp-content\/uploads\/2014\/09\/13_2-300x204.jpg\" \/>\n<meta name=\"twitter:card\" content=\"summary_large_image\" \/>\n<meta name=\"twitter:site\" content=\"@muntdemots\" \/>\n<meta name=\"twitter:label1\" content=\"Temps estimat de lectura\" \/>\n\t<meta name=\"twitter:data1\" content=\"1 minut\" \/>\n<script type=\"application\/ld+json\" class=\"yoast-schema-graph\">{\"@context\":\"https:\/\/schema.org\",\"@graph\":[{\"@type\":\"WebPage\",\"@id\":\"http:\/\/www.muntdemots.org\/2014\/participants\/sandra-rossi\/\",\"url\":\"http:\/\/www.muntdemots.org\/2014\/participants\/sandra-rossi\/\",\"name\":\"Sandra Rossi - Munt de Mots\",\"isPartOf\":{\"@id\":\"http:\/\/www.muntdemots.org\/2014\/#website\"},\"datePublished\":\"2014-09-25T09:46:34+00:00\",\"dateModified\":\"2014-09-25T09:46:34+00:00\",\"breadcrumb\":{\"@id\":\"http:\/\/www.muntdemots.org\/2014\/participants\/sandra-rossi\/#breadcrumb\"},\"inLanguage\":\"ca\",\"potentialAction\":[{\"@type\":\"ReadAction\",\"target\":[\"http:\/\/www.muntdemots.org\/2014\/participants\/sandra-rossi\/\"]}]},{\"@type\":\"BreadcrumbList\",\"@id\":\"http:\/\/www.muntdemots.org\/2014\/participants\/sandra-rossi\/#breadcrumb\",\"itemListElement\":[{\"@type\":\"ListItem\",\"position\":1,\"name\":\"Inici\",\"item\":\"http:\/\/www.muntdemots.org\/2014\/\"},{\"@type\":\"ListItem\",\"position\":2,\"name\":\"Participants\",\"item\":\"http:\/\/www.muntdemots.org\/2014\/participants\/\"},{\"@type\":\"ListItem\",\"position\":3,\"name\":\"Sandra Rossi\"}]},{\"@type\":\"WebSite\",\"@id\":\"http:\/\/www.muntdemots.org\/2014\/#website\",\"url\":\"http:\/\/www.muntdemots.org\/2014\/\",\"name\":\"Munt de Mots\",\"description\":\"\",\"potentialAction\":[{\"@type\":\"SearchAction\",\"target\":{\"@type\":\"EntryPoint\",\"urlTemplate\":\"http:\/\/www.muntdemots.org\/2014\/?s={search_term_string}\"},\"query-input\":\"required name=search_term_string\"}],\"inLanguage\":\"ca\"}]}<\/script>\n<!-- \/ Yoast SEO plugin. -->","yoast_head_json":{"title":"Sandra Rossi - Munt de Mots","robots":{"index":"index","follow":"follow","max-snippet":"max-snippet:-1","max-image-preview":"max-image-preview:large","max-video-preview":"max-video-preview:-1"},"canonical":"http:\/\/www.muntdemots.org\/2014\/participants\/sandra-rossi\/","og_locale":"ca_ES","og_type":"article","og_title":"Sandra Rossi - Munt de Mots","og_description":"Vaig n\u00e9ixer i cr\u00e9ixer a la ciutat de Buenos Aires, on les paraules envolten cadencioses i fa m\u00e9s de vint anys que visc a Catalunya. Des de sempre els contes van ser per a mi cau i porta, refugi i passaport. S\u00f3c narradora, actriu i compositora d\u2019hist\u00f2ries i m\u2019apassiona la m\u00fasica de les paraules compartides. [&hellip;]","og_url":"http:\/\/www.muntdemots.org\/2014\/participants\/sandra-rossi\/","og_site_name":"Munt de Mots","article_publisher":"https:\/\/www.facebook.com\/FestivalMuntdeMots","og_image":[{"url":"http:\/\/www.muntdemots.org\/2014\/wp-content\/uploads\/2014\/09\/13_2-300x204.jpg"}],"twitter_card":"summary_large_image","twitter_site":"@muntdemots","twitter_misc":{"Temps estimat de lectura":"1 minut"},"schema":{"@context":"https:\/\/schema.org","@graph":[{"@type":"WebPage","@id":"http:\/\/www.muntdemots.org\/2014\/participants\/sandra-rossi\/","url":"http:\/\/www.muntdemots.org\/2014\/participants\/sandra-rossi\/","name":"Sandra Rossi - Munt de Mots","isPartOf":{"@id":"http:\/\/www.muntdemots.org\/2014\/#website"},"datePublished":"2014-09-25T09:46:34+00:00","dateModified":"2014-09-25T09:46:34+00:00","breadcrumb":{"@id":"http:\/\/www.muntdemots.org\/2014\/participants\/sandra-rossi\/#breadcrumb"},"inLanguage":"ca","potentialAction":[{"@type":"ReadAction","target":["http:\/\/www.muntdemots.org\/2014\/participants\/sandra-rossi\/"]}]},{"@type":"BreadcrumbList","@id":"http:\/\/www.muntdemots.org\/2014\/participants\/sandra-rossi\/#breadcrumb","itemListElement":[{"@type":"ListItem","position":1,"name":"Inici","item":"http:\/\/www.muntdemots.org\/2014\/"},{"@type":"ListItem","position":2,"name":"Participants","item":"http:\/\/www.muntdemots.org\/2014\/participants\/"},{"@type":"ListItem","position":3,"name":"Sandra Rossi"}]},{"@type":"WebSite","@id":"http:\/\/www.muntdemots.org\/2014\/#website","url":"http:\/\/www.muntdemots.org\/2014\/","name":"Munt de Mots","description":"","potentialAction":[{"@type":"SearchAction","target":{"@type":"EntryPoint","urlTemplate":"http:\/\/www.muntdemots.org\/2014\/?s={search_term_string}"},"query-input":"required name=search_term_string"}],"inLanguage":"ca"}]}},"_links":{"self":[{"href":"http:\/\/www.muntdemots.org\/2014\/wp-json\/wp\/v2\/pages\/7326"}],"collection":[{"href":"http:\/\/www.muntdemots.org\/2014\/wp-json\/wp\/v2\/pages"}],"about":[{"href":"http:\/\/www.muntdemots.org\/2014\/wp-json\/wp\/v2\/types\/page"}],"author":[{"embeddable":true,"href":"http:\/\/www.muntdemots.org\/2014\/wp-json\/wp\/v2\/users\/1"}],"replies":[{"embeddable":true,"href":"http:\/\/www.muntdemots.org\/2014\/wp-json\/wp\/v2\/comments?post=7326"}],"version-history":[{"count":1,"href":"http:\/\/www.muntdemots.org\/2014\/wp-json\/wp\/v2\/pages\/7326\/revisions"}],"predecessor-version":[{"id":7329,"href":"http:\/\/www.muntdemots.org\/2014\/wp-json\/wp\/v2\/pages\/7326\/revisions\/7329"}],"up":[{"embeddable":true,"href":"http:\/\/www.muntdemots.org\/2014\/wp-json\/wp\/v2\/pages\/4"}],"wp:attachment":[{"href":"http:\/\/www.muntdemots.org\/2014\/wp-json\/wp\/v2\/media?parent=7326"}],"curies":[{"name":"wp","href":"https:\/\/api.w.org\/{rel}","templated":true}]}}

<p><a href="http://www.muntdemots.org/2014/wp-content/uploads/2014/09/13_2.jpg"><img decoding="async" loading="lazy" class="size-medium wp-image-7327 alignright" src="http://www.muntdemots.org/2014/wp-content/uploads/2014/09/13_2-300x204.jpg" alt="13_2" width="300" height="204" srcset="http://www.muntdemots.org/2014/wp-content/uploads/2014/09/13_2-300x204.jpg 300w, http://www.muntdemots.org/2014/wp-content/uploads/2014/09/13_2.jpg 850w" sizes="(max-width: 300px) 100vw, 300px" /></a></p>
<p>Vaig néixer i créixer a la ciutat de Buenos Aires, on les paraules envolten cadencioses i fa més de vint anys que visc a Catalunya. Des de sempre els contes van ser per a mi cau i porta, refugi i passaport. Sóc narradora, actriu i compositora d’històries i m’apassiona la música de les paraules compartides. Formada en diferents disciplines artístiques, des de fa deu anys em dedico professionalment a l’art de contar i comunicar amb espectacles de narració i teatre, tant per a públic familiar com adult.</p>
<p>Espectacles: <a href="/2014/events/histories-principesques/">Històries principesques</a>.</p>

<p>Vaig néixer i créixer a la ciutat de Buenos Aires, on les paraules envolten cadencioses i fa més de vint anys que visc a Catalunya. Des de sempre els contes van ser per a mi cau i porta, refugi i passaport. Sóc narradora, actriu i compositora d’històries i m’apassiona la música de les paraules compartides. [&hellip;]</p>

<!-- This site is optimized with the Yoast SEO plugin v20.5 - https://yoast.com/wordpress/plugins/seo/ -->
<title>Sandra Rossi - Munt de Mots</title>
<meta name="robots" content="index, follow, max-snippet:-1, max-image-preview:large, max-video-preview:-1" />
<link rel="canonical" href="http://www.muntdemots.org/2014/participants/sandra-rossi/" />
<meta property="og:locale" content="ca_ES" />
<meta property="og:type" content="article" />
<meta property="og:title" content="Sandra Rossi - Munt de Mots" />
<meta property="og:description" content="Vaig néixer i créixer a la ciutat de Buenos Aires, on les paraules envolten cadencioses i fa més de vint anys que visc a Catalunya. Des de sempre els contes van ser per a mi cau i porta, refugi i passaport. Sóc narradora, actriu i compositora d’històries i m’apassiona la música de les paraules compartides. [&hellip;]" />
<meta property="og:url" content="http://www.muntdemots.org/2014/participants/sandra-rossi/" />
<meta property="og:site_name" content="Munt de Mots" />
<meta property="article:publisher" content="https://www.facebook.com/FestivalMuntdeMots" />
<meta property="og:image" content="http://www.muntdemots.org/2014/wp-content/uploads/2014/09/13_2-300x204.jpg" />
<meta name="twitter:card" content="summary_large_image" />
<meta name="twitter:site" content="@muntdemots" />
<meta name="twitter:label1" content="Temps estimat de lectura" />
	<meta name="twitter:data1" content="1 minut" />
<script type="application/ld+json" class="yoast-schema-graph">{"@context":"https://schema.org","@graph":[{"@type":"WebPage","@id":"http://www.muntdemots.org/2014/participants/sandra-rossi/","url":"http://www.muntdemots.org/2014/participants/sandra-rossi/","name":"Sandra Rossi - Munt de Mots","isPartOf":{"@id":"http://www.muntdemots.org/2014/#website"},"datePublished":"2014-09-25T09:46:34+00:00","dateModified":"2014-09-25T09:46:34+00:00","breadcrumb":{"@id":"http://www.muntdemots.org/2014/participants/sandra-rossi/#breadcrumb"},"inLanguage":"ca","potentialAction":[{"@type":"ReadAction","target":["http://www.muntdemots.org/2014/participants/sandra-rossi/"]}]},{"@type":"BreadcrumbList","@id":"http://www.muntdemots.org/2014/participants/sandra-rossi/#breadcrumb","itemListElement":[{"@type":"ListItem","position":1,"name":"Inici","item":"http://www.muntdemots.org/2014/"},{"@type":"ListItem","position":2,"name":"Participants","item":"http://www.muntdemots.org/2014/participants/"},{"@type":"ListItem","position":3,"name":"Sandra Rossi"}]},{"@type":"WebSite","@id":"http://www.muntdemots.org/2014/#website","url":"http://www.muntdemots.org/2014/","name":"Munt de Mots","description":"","potentialAction":[{"@type":"SearchAction","target":{"@type":"EntryPoint","urlTemplate":"http://www.muntdemots.org/2014/?s={search_term_string}"},"query-input":"required name=search_term_string"}],"inLanguage":"ca"}]}</script>
<!-- / Yoast SEO plugin. -->

Vaig néixer i créixer a la ciutat de Buenos Aires, on les paraules envolten cadencioses i fa més de vint anys que visc a Catalunya. Des de sempre els contes van ser per a mi cau i porta, refugi i passaport. Sóc narradora, actriu i compositora d’històries i m’apassiona la música de les paraules compartides. [&hellip;]
