{"id":7316,"date":"2014-09-25T09:35:23","date_gmt":"2014-09-25T09:35:23","guid":{"rendered":"http:\/\/www.muntdemots.org\/2014\/?page_id=7316"},"modified":"2014-09-25T09:35:23","modified_gmt":"2014-09-25T09:35:23","slug":"ruben-martinez-santana","status":"publish","type":"page","link":"http:\/\/www.muntdemots.org\/2014\/participants\/ruben-martinez-santana\/","title":{"rendered":"Rub\u00e9n Mart\u00ednez Santana"},"content":{"rendered":"<p><a href=\"http:\/\/www.muntdemots.org\/2014\/wp-content\/uploads\/2014\/09\/20121002_AbrapalabraRubenMartinez_4045.jpg\"><img decoding=\"async\" loading=\"lazy\" class=\"size-medium wp-image-7317 alignright\" src=\"http:\/\/www.muntdemots.org\/2014\/wp-content\/uploads\/2014\/09\/20121002_AbrapalabraRubenMartinez_4045-300x200.jpg\" alt=\"20121002_AbrapalabraRubenMartinez_4045\" width=\"300\" height=\"200\" srcset=\"http:\/\/www.muntdemots.org\/2014\/wp-content\/uploads\/2014\/09\/20121002_AbrapalabraRubenMartinez_4045-300x200.jpg 300w, http:\/\/www.muntdemots.org\/2014\/wp-content\/uploads\/2014\/09\/20121002_AbrapalabraRubenMartinez_4045-1024x682.jpg 1024w, http:\/\/www.muntdemots.org\/2014\/wp-content\/uploads\/2014\/09\/20121002_AbrapalabraRubenMartinez_4045-420x280.jpg 420w\" sizes=\"(max-width: 300px) 100vw, 300px\" \/><\/a><\/p>\n<p>\u00c9s narrador oral des de fa 30 anys i Comunicador Social per la Universitat Central de Vene\u00e7uela. Ha publicat diversos llibres de poesia, dramat\u00fargia, contes, aix\u00ed com quatre discos amb la seva m\u00fasica. Ha estrenat l&#8217;\u00f2pera infantil en un acte <em><i>Campana de Silencio <\/i><\/em>(1992) i la missa de <em><i>R\u00e8quiem<\/i><\/em> (1993), totes dues compostes i dirigides per ell. \u00c9s autor de les can\u00e7ons de l&#8217;espectacle <em><i>Variaciones<\/i><\/em>.<\/p>\n<p>Espectacles: <a href=\"\/2014\/events\/mujeres-y-respuestas\/%20\">Mujeres y respuestas<\/a>, <a href=\"\/2014\/events\/cuentos-mutantes-y-metamorficos\/\">Cuentos mutantes y metam\u00f3rficos<\/a> i <a href=\"\/2014\/events\/variaciones\/\">Variaciones<\/a>.<\/p>\n","protected":false},"excerpt":{"rendered":"<p>\u00c9s narrador oral des de fa 30 anys i Comunicador Social per la Universitat Central de Vene\u00e7uela. Ha publicat diversos llibres de poesia, dramat\u00fargia, contes, aix\u00ed com quatre discos amb la seva m\u00fasica. Ha estrenat l&#8217;\u00f2pera infantil en un acte Campana de Silencio (1992) i la missa de R\u00e8quiem (1993), totes dues compostes i dirigides [&hellip;]<\/p>\n","protected":false},"author":1,"featured_media":0,"parent":4,"menu_order":0,"comment_status":"open","ping_status":"open","template":"","meta":{"_mi_skip_tracking":false},"yoast_head":"<!-- This site is optimized with the Yoast SEO plugin v20.5 - https:\/\/yoast.com\/wordpress\/plugins\/seo\/ -->\n<title>Rub\u00e9n Mart\u00ednez Santana - Munt de Mots<\/title>\n<meta name=\"robots\" content=\"index, follow, max-snippet:-1, max-image-preview:large, max-video-preview:-1\" \/>\n<link rel=\"canonical\" href=\"http:\/\/www.muntdemots.org\/2014\/participants\/ruben-martinez-santana\/\" \/>\n<meta property=\"og:locale\" content=\"ca_ES\" \/>\n<meta property=\"og:type\" content=\"article\" \/>\n<meta property=\"og:title\" content=\"Rub\u00e9n Mart\u00ednez Santana - Munt de Mots\" \/>\n<meta property=\"og:description\" content=\"\u00c9s narrador oral des de fa 30 anys i Comunicador Social per la Universitat Central de Vene\u00e7uela. Ha publicat diversos llibres de poesia, dramat\u00fargia, contes, aix\u00ed com quatre discos amb la seva m\u00fasica. Ha estrenat l&#8217;\u00f2pera infantil en un acte Campana de Silencio (1992) i la missa de R\u00e8quiem (1993), totes dues compostes i dirigides [&hellip;]\" \/>\n<meta property=\"og:url\" content=\"http:\/\/www.muntdemots.org\/2014\/participants\/ruben-martinez-santana\/\" \/>\n<meta property=\"og:site_name\" content=\"Munt de Mots\" \/>\n<meta property=\"article:publisher\" content=\"https:\/\/www.facebook.com\/FestivalMuntdeMots\" \/>\n<meta property=\"og:image\" content=\"http:\/\/www.muntdemots.org\/2014\/wp-content\/uploads\/2014\/09\/20121002_AbrapalabraRubenMartinez_4045-300x200.jpg\" \/>\n<meta name=\"twitter:card\" content=\"summary_large_image\" \/>\n<meta name=\"twitter:site\" content=\"@muntdemots\" \/>\n<script type=\"application\/ld+json\" class=\"yoast-schema-graph\">{\"@context\":\"https:\/\/schema.org\",\"@graph\":[{\"@type\":\"WebPage\",\"@id\":\"http:\/\/www.muntdemots.org\/2014\/participants\/ruben-martinez-santana\/\",\"url\":\"http:\/\/www.muntdemots.org\/2014\/participants\/ruben-martinez-santana\/\",\"name\":\"Rub\u00e9n Mart\u00ednez Santana - Munt de Mots\",\"isPartOf\":{\"@id\":\"http:\/\/www.muntdemots.org\/2014\/#website\"},\"datePublished\":\"2014-09-25T09:35:23+00:00\",\"dateModified\":\"2014-09-25T09:35:23+00:00\",\"breadcrumb\":{\"@id\":\"http:\/\/www.muntdemots.org\/2014\/participants\/ruben-martinez-santana\/#breadcrumb\"},\"inLanguage\":\"ca\",\"potentialAction\":[{\"@type\":\"ReadAction\",\"target\":[\"http:\/\/www.muntdemots.org\/2014\/participants\/ruben-martinez-santana\/\"]}]},{\"@type\":\"BreadcrumbList\",\"@id\":\"http:\/\/www.muntdemots.org\/2014\/participants\/ruben-martinez-santana\/#breadcrumb\",\"itemListElement\":[{\"@type\":\"ListItem\",\"position\":1,\"name\":\"Inici\",\"item\":\"http:\/\/www.muntdemots.org\/2014\/\"},{\"@type\":\"ListItem\",\"position\":2,\"name\":\"Participants\",\"item\":\"http:\/\/www.muntdemots.org\/2014\/participants\/\"},{\"@type\":\"ListItem\",\"position\":3,\"name\":\"Rub\u00e9n Mart\u00ednez Santana\"}]},{\"@type\":\"WebSite\",\"@id\":\"http:\/\/www.muntdemots.org\/2014\/#website\",\"url\":\"http:\/\/www.muntdemots.org\/2014\/\",\"name\":\"Munt de Mots\",\"description\":\"\",\"potentialAction\":[{\"@type\":\"SearchAction\",\"target\":{\"@type\":\"EntryPoint\",\"urlTemplate\":\"http:\/\/www.muntdemots.org\/2014\/?s={search_term_string}\"},\"query-input\":\"required name=search_term_string\"}],\"inLanguage\":\"ca\"}]}<\/script>\n<!-- \/ Yoast SEO plugin. -->","yoast_head_json":{"title":"Rub\u00e9n Mart\u00ednez Santana - Munt de Mots","robots":{"index":"index","follow":"follow","max-snippet":"max-snippet:-1","max-image-preview":"max-image-preview:large","max-video-preview":"max-video-preview:-1"},"canonical":"http:\/\/www.muntdemots.org\/2014\/participants\/ruben-martinez-santana\/","og_locale":"ca_ES","og_type":"article","og_title":"Rub\u00e9n Mart\u00ednez Santana - Munt de Mots","og_description":"\u00c9s narrador oral des de fa 30 anys i Comunicador Social per la Universitat Central de Vene\u00e7uela. Ha publicat diversos llibres de poesia, dramat\u00fargia, contes, aix\u00ed com quatre discos amb la seva m\u00fasica. Ha estrenat l&#8217;\u00f2pera infantil en un acte Campana de Silencio (1992) i la missa de R\u00e8quiem (1993), totes dues compostes i dirigides [&hellip;]","og_url":"http:\/\/www.muntdemots.org\/2014\/participants\/ruben-martinez-santana\/","og_site_name":"Munt de Mots","article_publisher":"https:\/\/www.facebook.com\/FestivalMuntdeMots","og_image":[{"url":"http:\/\/www.muntdemots.org\/2014\/wp-content\/uploads\/2014\/09\/20121002_AbrapalabraRubenMartinez_4045-300x200.jpg"}],"twitter_card":"summary_large_image","twitter_site":"@muntdemots","schema":{"@context":"https:\/\/schema.org","@graph":[{"@type":"WebPage","@id":"http:\/\/www.muntdemots.org\/2014\/participants\/ruben-martinez-santana\/","url":"http:\/\/www.muntdemots.org\/2014\/participants\/ruben-martinez-santana\/","name":"Rub\u00e9n Mart\u00ednez Santana - Munt de Mots","isPartOf":{"@id":"http:\/\/www.muntdemots.org\/2014\/#website"},"datePublished":"2014-09-25T09:35:23+00:00","dateModified":"2014-09-25T09:35:23+00:00","breadcrumb":{"@id":"http:\/\/www.muntdemots.org\/2014\/participants\/ruben-martinez-santana\/#breadcrumb"},"inLanguage":"ca","potentialAction":[{"@type":"ReadAction","target":["http:\/\/www.muntdemots.org\/2014\/participants\/ruben-martinez-santana\/"]}]},{"@type":"BreadcrumbList","@id":"http:\/\/www.muntdemots.org\/2014\/participants\/ruben-martinez-santana\/#breadcrumb","itemListElement":[{"@type":"ListItem","position":1,"name":"Inici","item":"http:\/\/www.muntdemots.org\/2014\/"},{"@type":"ListItem","position":2,"name":"Participants","item":"http:\/\/www.muntdemots.org\/2014\/participants\/"},{"@type":"ListItem","position":3,"name":"Rub\u00e9n Mart\u00ednez Santana"}]},{"@type":"WebSite","@id":"http:\/\/www.muntdemots.org\/2014\/#website","url":"http:\/\/www.muntdemots.org\/2014\/","name":"Munt de Mots","description":"","potentialAction":[{"@type":"SearchAction","target":{"@type":"EntryPoint","urlTemplate":"http:\/\/www.muntdemots.org\/2014\/?s={search_term_string}"},"query-input":"required name=search_term_string"}],"inLanguage":"ca"}]}},"_links":{"self":[{"href":"http:\/\/www.muntdemots.org\/2014\/wp-json\/wp\/v2\/pages\/7316"}],"collection":[{"href":"http:\/\/www.muntdemots.org\/2014\/wp-json\/wp\/v2\/pages"}],"about":[{"href":"http:\/\/www.muntdemots.org\/2014\/wp-json\/wp\/v2\/types\/page"}],"author":[{"embeddable":true,"href":"http:\/\/www.muntdemots.org\/2014\/wp-json\/wp\/v2\/users\/1"}],"replies":[{"embeddable":true,"href":"http:\/\/www.muntdemots.org\/2014\/wp-json\/wp\/v2\/comments?post=7316"}],"version-history":[{"count":1,"href":"http:\/\/www.muntdemots.org\/2014\/wp-json\/wp\/v2\/pages\/7316\/revisions"}],"predecessor-version":[{"id":7321,"href":"http:\/\/www.muntdemots.org\/2014\/wp-json\/wp\/v2\/pages\/7316\/revisions\/7321"}],"up":[{"embeddable":true,"href":"http:\/\/www.muntdemots.org\/2014\/wp-json\/wp\/v2\/pages\/4"}],"wp:attachment":[{"href":"http:\/\/www.muntdemots.org\/2014\/wp-json\/wp\/v2\/media?parent=7316"}],"curies":[{"name":"wp","href":"https:\/\/api.w.org\/{rel}","templated":true}]}}

Rubén Martínez Santana

<p><a href="http://www.muntdemots.org/2014/wp-content/uploads/2014/09/20121002_AbrapalabraRubenMartinez_4045.jpg"><img decoding="async" loading="lazy" class="size-medium wp-image-7317 alignright" src="http://www.muntdemots.org/2014/wp-content/uploads/2014/09/20121002_AbrapalabraRubenMartinez_4045-300x200.jpg" alt="20121002_AbrapalabraRubenMartinez_4045" width="300" height="200" srcset="http://www.muntdemots.org/2014/wp-content/uploads/2014/09/20121002_AbrapalabraRubenMartinez_4045-300x200.jpg 300w, http://www.muntdemots.org/2014/wp-content/uploads/2014/09/20121002_AbrapalabraRubenMartinez_4045-1024x682.jpg 1024w, http://www.muntdemots.org/2014/wp-content/uploads/2014/09/20121002_AbrapalabraRubenMartinez_4045-420x280.jpg 420w" sizes="(max-width: 300px) 100vw, 300px" /></a></p>
<p>És narrador oral des de fa 30 anys i Comunicador Social per la Universitat Central de Veneçuela. Ha publicat diversos llibres de poesia, dramatúrgia, contes, així com quatre discos amb la seva música. Ha estrenat l&#8217;òpera infantil en un acte <em><i>Campana de Silencio </i></em>(1992) i la missa de <em><i>Rèquiem</i></em> (1993), totes dues compostes i dirigides per ell. És autor de les cançons de l&#8217;espectacle <em><i>Variaciones</i></em>.</p>
<p>Espectacles: <a href="/2014/events/mujeres-y-respuestas/%20">Mujeres y respuestas</a>, <a href="/2014/events/cuentos-mutantes-y-metamorficos/">Cuentos mutantes y metamórficos</a> i <a href="/2014/events/variaciones/">Variaciones</a>.</p>

<p>És narrador oral des de fa 30 anys i Comunicador Social per la Universitat Central de Veneçuela. Ha publicat diversos llibres de poesia, dramatúrgia, contes, així com quatre discos amb la seva música. Ha estrenat l&#8217;òpera infantil en un acte Campana de Silencio (1992) i la missa de Rèquiem (1993), totes dues compostes i dirigides [&hellip;]</p>

<!-- This site is optimized with the Yoast SEO plugin v20.5 - https://yoast.com/wordpress/plugins/seo/ -->
<title>Rubén Martínez Santana - Munt de Mots</title>
<meta name="robots" content="index, follow, max-snippet:-1, max-image-preview:large, max-video-preview:-1" />
<link rel="canonical" href="http://www.muntdemots.org/2014/participants/ruben-martinez-santana/" />
<meta property="og:locale" content="ca_ES" />
<meta property="og:type" content="article" />
<meta property="og:title" content="Rubén Martínez Santana - Munt de Mots" />
<meta property="og:description" content="És narrador oral des de fa 30 anys i Comunicador Social per la Universitat Central de Veneçuela. Ha publicat diversos llibres de poesia, dramatúrgia, contes, així com quatre discos amb la seva música. Ha estrenat l&#8217;òpera infantil en un acte Campana de Silencio (1992) i la missa de Rèquiem (1993), totes dues compostes i dirigides [&hellip;]" />
<meta property="og:url" content="http://www.muntdemots.org/2014/participants/ruben-martinez-santana/" />
<meta property="og:site_name" content="Munt de Mots" />
<meta property="article:publisher" content="https://www.facebook.com/FestivalMuntdeMots" />
<meta property="og:image" content="http://www.muntdemots.org/2014/wp-content/uploads/2014/09/20121002_AbrapalabraRubenMartinez_4045-300x200.jpg" />
<meta name="twitter:card" content="summary_large_image" />
<meta name="twitter:site" content="@muntdemots" />
<script type="application/ld+json" class="yoast-schema-graph">{"@context":"https://schema.org","@graph":[{"@type":"WebPage","@id":"http://www.muntdemots.org/2014/participants/ruben-martinez-santana/","url":"http://www.muntdemots.org/2014/participants/ruben-martinez-santana/","name":"Rubén Martínez Santana - Munt de Mots","isPartOf":{"@id":"http://www.muntdemots.org/2014/#website"},"datePublished":"2014-09-25T09:35:23+00:00","dateModified":"2014-09-25T09:35:23+00:00","breadcrumb":{"@id":"http://www.muntdemots.org/2014/participants/ruben-martinez-santana/#breadcrumb"},"inLanguage":"ca","potentialAction":[{"@type":"ReadAction","target":["http://www.muntdemots.org/2014/participants/ruben-martinez-santana/"]}]},{"@type":"BreadcrumbList","@id":"http://www.muntdemots.org/2014/participants/ruben-martinez-santana/#breadcrumb","itemListElement":[{"@type":"ListItem","position":1,"name":"Inici","item":"http://www.muntdemots.org/2014/"},{"@type":"ListItem","position":2,"name":"Participants","item":"http://www.muntdemots.org/2014/participants/"},{"@type":"ListItem","position":3,"name":"Rubén Martínez Santana"}]},{"@type":"WebSite","@id":"http://www.muntdemots.org/2014/#website","url":"http://www.muntdemots.org/2014/","name":"Munt de Mots","description":"","potentialAction":[{"@type":"SearchAction","target":{"@type":"EntryPoint","urlTemplate":"http://www.muntdemots.org/2014/?s={search_term_string}"},"query-input":"required name=search_term_string"}],"inLanguage":"ca"}]}</script>
<!-- / Yoast SEO plugin. -->

Rubén Martínez Santana - Munt de Mots

És narrador oral des de fa 30 anys i Comunicador Social per la Universitat Central de Veneçuela. Ha publicat diversos llibres de poesia, dramatúrgia, contes, així com quatre discos amb la seva música. Ha estrenat l&#8217;òpera infantil en un acte Campana de Silencio (1992) i la missa de Rèquiem (1993), totes dues compostes i dirigides [&hellip;]
