{"id":7293,"date":"2014-09-25T08:00:18","date_gmt":"2014-09-25T08:00:18","guid":{"rendered":"http:\/\/www.muntdemots.org\/2014\/?page_id=7293"},"modified":"2014-10-02T13:33:10","modified_gmt":"2014-10-02T13:33:10","slug":"laura-rodriguez","status":"publish","type":"page","link":"http:\/\/www.muntdemots.org\/2014\/participants\/laura-rodriguez\/","title":{"rendered":"Laura Rodr\u00edguez"},"content":{"rendered":"<p><a href=\"http:\/\/www.muntdemots.org\/2014\/wp-content\/uploads\/2014\/10\/LauraRodriguez.jpg\"><img decoding=\"async\" loading=\"lazy\" class=\"alignright size-medium wp-image-7467\" src=\"http:\/\/www.muntdemots.org\/2014\/wp-content\/uploads\/2014\/10\/LauraRodriguez-300x202.jpg\" alt=\"LauraRodriguez\" width=\"300\" height=\"202\" srcset=\"http:\/\/www.muntdemots.org\/2014\/wp-content\/uploads\/2014\/10\/LauraRodriguez-300x202.jpg 300w, http:\/\/www.muntdemots.org\/2014\/wp-content\/uploads\/2014\/10\/LauraRodriguez.jpg 400w\" sizes=\"(max-width: 300px) 100vw, 300px\" \/><\/a><\/p>\n<p>Va passar d&#8217;enfilar-se en una cadira per declamar poemes a l&#8217;hora de les postres a fer petits papers a les obres de teatre de la companyia en qu\u00e8 actuava la seva mare. Despr\u00e9s de formar-se f\u00edsicament i intel\u00b7lectual a les escoles de teatre (&#8220;El Timbal, Col\u00b7legi de Teatre&#8230;), va comen\u00e7ar a narrar contes. Ha narrat en multitud de biblioteques i pubs de Catalunya i d&#8217;arreu d&#8217;Espanya. Tamb\u00e9 a l&#8217;Havana i al Harlem Hispano de Nova York.<\/p>\n<p>Espectacles: <a href=\"\/2014\/events\/sopem\/\">Sopem?<\/a><\/p>\n","protected":false},"excerpt":{"rendered":"<p>Va passar d&#8217;enfilar-se en una cadira per declamar poemes a l&#8217;hora de les postres a fer petits papers a les obres de teatre de la companyia en qu\u00e8 actuava la seva mare. Despr\u00e9s de formar-se f\u00edsicament i intel\u00b7lectual a les escoles de teatre (&#8220;El Timbal, Col\u00b7legi de Teatre&#8230;), va comen\u00e7ar a narrar contes. Ha narrat [&hellip;]<\/p>\n","protected":false},"author":1,"featured_media":0,"parent":4,"menu_order":0,"comment_status":"open","ping_status":"open","template":"","meta":{"_mi_skip_tracking":false},"yoast_head":"<!-- This site is optimized with the Yoast SEO plugin v20.5 - https:\/\/yoast.com\/wordpress\/plugins\/seo\/ -->\n<title>Laura Rodr\u00edguez - Munt de Mots<\/title>\n<meta name=\"robots\" content=\"index, follow, max-snippet:-1, max-image-preview:large, max-video-preview:-1\" \/>\n<link rel=\"canonical\" href=\"http:\/\/www.muntdemots.org\/2014\/participants\/laura-rodriguez\/\" \/>\n<meta property=\"og:locale\" content=\"ca_ES\" \/>\n<meta property=\"og:type\" content=\"article\" \/>\n<meta property=\"og:title\" content=\"Laura Rodr\u00edguez - Munt de Mots\" \/>\n<meta property=\"og:description\" content=\"Va passar d&#8217;enfilar-se en una cadira per declamar poemes a l&#8217;hora de les postres a fer petits papers a les obres de teatre de la companyia en qu\u00e8 actuava la seva mare. Despr\u00e9s de formar-se f\u00edsicament i intel\u00b7lectual a les escoles de teatre (&#8220;El Timbal, Col\u00b7legi de Teatre&#8230;), va comen\u00e7ar a narrar contes. Ha narrat [&hellip;]\" \/>\n<meta property=\"og:url\" content=\"http:\/\/www.muntdemots.org\/2014\/participants\/laura-rodriguez\/\" \/>\n<meta property=\"og:site_name\" content=\"Munt de Mots\" \/>\n<meta property=\"article:publisher\" content=\"https:\/\/www.facebook.com\/FestivalMuntdeMots\" \/>\n<meta property=\"article:modified_time\" content=\"2014-10-02T13:33:10+00:00\" \/>\n<meta property=\"og:image\" content=\"http:\/\/www.muntdemots.org\/2014\/wp-content\/uploads\/2014\/10\/LauraRodriguez-300x202.jpg\" \/>\n<meta name=\"twitter:card\" content=\"summary_large_image\" \/>\n<meta name=\"twitter:site\" content=\"@muntdemots\" \/>\n<script type=\"application\/ld+json\" class=\"yoast-schema-graph\">{\"@context\":\"https:\/\/schema.org\",\"@graph\":[{\"@type\":\"WebPage\",\"@id\":\"http:\/\/www.muntdemots.org\/2014\/participants\/laura-rodriguez\/\",\"url\":\"http:\/\/www.muntdemots.org\/2014\/participants\/laura-rodriguez\/\",\"name\":\"Laura Rodr\u00edguez - Munt de Mots\",\"isPartOf\":{\"@id\":\"https:\/\/www.muntdemots.org\/2014\/#website\"},\"datePublished\":\"2014-09-25T08:00:18+00:00\",\"dateModified\":\"2014-10-02T13:33:10+00:00\",\"breadcrumb\":{\"@id\":\"http:\/\/www.muntdemots.org\/2014\/participants\/laura-rodriguez\/#breadcrumb\"},\"inLanguage\":\"ca\",\"potentialAction\":[{\"@type\":\"ReadAction\",\"target\":[\"http:\/\/www.muntdemots.org\/2014\/participants\/laura-rodriguez\/\"]}]},{\"@type\":\"BreadcrumbList\",\"@id\":\"http:\/\/www.muntdemots.org\/2014\/participants\/laura-rodriguez\/#breadcrumb\",\"itemListElement\":[{\"@type\":\"ListItem\",\"position\":1,\"name\":\"Inici\",\"item\":\"https:\/\/www.muntdemots.org\/2014\/\"},{\"@type\":\"ListItem\",\"position\":2,\"name\":\"Participants\",\"item\":\"http:\/\/www.muntdemots.org\/2014\/participants\/\"},{\"@type\":\"ListItem\",\"position\":3,\"name\":\"Laura Rodr\u00edguez\"}]},{\"@type\":\"WebSite\",\"@id\":\"https:\/\/www.muntdemots.org\/2014\/#website\",\"url\":\"https:\/\/www.muntdemots.org\/2014\/\",\"name\":\"Munt de Mots\",\"description\":\"\",\"potentialAction\":[{\"@type\":\"SearchAction\",\"target\":{\"@type\":\"EntryPoint\",\"urlTemplate\":\"https:\/\/www.muntdemots.org\/2014\/?s={search_term_string}\"},\"query-input\":\"required name=search_term_string\"}],\"inLanguage\":\"ca\"}]}<\/script>\n<!-- \/ Yoast SEO plugin. -->","yoast_head_json":{"title":"Laura Rodr\u00edguez - Munt de Mots","robots":{"index":"index","follow":"follow","max-snippet":"max-snippet:-1","max-image-preview":"max-image-preview:large","max-video-preview":"max-video-preview:-1"},"canonical":"http:\/\/www.muntdemots.org\/2014\/participants\/laura-rodriguez\/","og_locale":"ca_ES","og_type":"article","og_title":"Laura Rodr\u00edguez - Munt de Mots","og_description":"Va passar d&#8217;enfilar-se en una cadira per declamar poemes a l&#8217;hora de les postres a fer petits papers a les obres de teatre de la companyia en qu\u00e8 actuava la seva mare. Despr\u00e9s de formar-se f\u00edsicament i intel\u00b7lectual a les escoles de teatre (&#8220;El Timbal, Col\u00b7legi de Teatre&#8230;), va comen\u00e7ar a narrar contes. Ha narrat [&hellip;]","og_url":"http:\/\/www.muntdemots.org\/2014\/participants\/laura-rodriguez\/","og_site_name":"Munt de Mots","article_publisher":"https:\/\/www.facebook.com\/FestivalMuntdeMots","article_modified_time":"2014-10-02T13:33:10+00:00","og_image":[{"url":"http:\/\/www.muntdemots.org\/2014\/wp-content\/uploads\/2014\/10\/LauraRodriguez-300x202.jpg"}],"twitter_card":"summary_large_image","twitter_site":"@muntdemots","schema":{"@context":"https:\/\/schema.org","@graph":[{"@type":"WebPage","@id":"http:\/\/www.muntdemots.org\/2014\/participants\/laura-rodriguez\/","url":"http:\/\/www.muntdemots.org\/2014\/participants\/laura-rodriguez\/","name":"Laura Rodr\u00edguez - Munt de Mots","isPartOf":{"@id":"https:\/\/www.muntdemots.org\/2014\/#website"},"datePublished":"2014-09-25T08:00:18+00:00","dateModified":"2014-10-02T13:33:10+00:00","breadcrumb":{"@id":"http:\/\/www.muntdemots.org\/2014\/participants\/laura-rodriguez\/#breadcrumb"},"inLanguage":"ca","potentialAction":[{"@type":"ReadAction","target":["http:\/\/www.muntdemots.org\/2014\/participants\/laura-rodriguez\/"]}]},{"@type":"BreadcrumbList","@id":"http:\/\/www.muntdemots.org\/2014\/participants\/laura-rodriguez\/#breadcrumb","itemListElement":[{"@type":"ListItem","position":1,"name":"Inici","item":"https:\/\/www.muntdemots.org\/2014\/"},{"@type":"ListItem","position":2,"name":"Participants","item":"http:\/\/www.muntdemots.org\/2014\/participants\/"},{"@type":"ListItem","position":3,"name":"Laura Rodr\u00edguez"}]},{"@type":"WebSite","@id":"https:\/\/www.muntdemots.org\/2014\/#website","url":"https:\/\/www.muntdemots.org\/2014\/","name":"Munt de Mots","description":"","potentialAction":[{"@type":"SearchAction","target":{"@type":"EntryPoint","urlTemplate":"https:\/\/www.muntdemots.org\/2014\/?s={search_term_string}"},"query-input":"required name=search_term_string"}],"inLanguage":"ca"}]}},"_links":{"self":[{"href":"http:\/\/www.muntdemots.org\/2014\/wp-json\/wp\/v2\/pages\/7293"}],"collection":[{"href":"http:\/\/www.muntdemots.org\/2014\/wp-json\/wp\/v2\/pages"}],"about":[{"href":"http:\/\/www.muntdemots.org\/2014\/wp-json\/wp\/v2\/types\/page"}],"author":[{"embeddable":true,"href":"http:\/\/www.muntdemots.org\/2014\/wp-json\/wp\/v2\/users\/1"}],"replies":[{"embeddable":true,"href":"http:\/\/www.muntdemots.org\/2014\/wp-json\/wp\/v2\/comments?post=7293"}],"version-history":[{"count":2,"href":"http:\/\/www.muntdemots.org\/2014\/wp-json\/wp\/v2\/pages\/7293\/revisions"}],"predecessor-version":[{"id":7473,"href":"http:\/\/www.muntdemots.org\/2014\/wp-json\/wp\/v2\/pages\/7293\/revisions\/7473"}],"up":[{"embeddable":true,"href":"http:\/\/www.muntdemots.org\/2014\/wp-json\/wp\/v2\/pages\/4"}],"wp:attachment":[{"href":"http:\/\/www.muntdemots.org\/2014\/wp-json\/wp\/v2\/media?parent=7293"}],"curies":[{"name":"wp","href":"https:\/\/api.w.org\/{rel}","templated":true}]}}

Laura Rodríguez

<p><a href="http://www.muntdemots.org/2014/wp-content/uploads/2014/10/LauraRodriguez.jpg"><img decoding="async" loading="lazy" class="alignright size-medium wp-image-7467" src="http://www.muntdemots.org/2014/wp-content/uploads/2014/10/LauraRodriguez-300x202.jpg" alt="LauraRodriguez" width="300" height="202" srcset="http://www.muntdemots.org/2014/wp-content/uploads/2014/10/LauraRodriguez-300x202.jpg 300w, http://www.muntdemots.org/2014/wp-content/uploads/2014/10/LauraRodriguez.jpg 400w" sizes="(max-width: 300px) 100vw, 300px" /></a></p>
<p>Va passar d&#8217;enfilar-se en una cadira per declamar poemes a l&#8217;hora de les postres a fer petits papers a les obres de teatre de la companyia en què actuava la seva mare. Després de formar-se físicament i intel·lectual a les escoles de teatre (&#8220;El Timbal, Col·legi de Teatre&#8230;), va començar a narrar contes. Ha narrat en multitud de biblioteques i pubs de Catalunya i d&#8217;arreu d&#8217;Espanya. També a l&#8217;Havana i al Harlem Hispano de Nova York.</p>
<p>Espectacles: <a href="/2014/events/sopem/">Sopem?</a></p>

<p>Va passar d&#8217;enfilar-se en una cadira per declamar poemes a l&#8217;hora de les postres a fer petits papers a les obres de teatre de la companyia en què actuava la seva mare. Després de formar-se físicament i intel·lectual a les escoles de teatre (&#8220;El Timbal, Col·legi de Teatre&#8230;), va començar a narrar contes. Ha narrat [&hellip;]</p>

<!-- This site is optimized with the Yoast SEO plugin v20.5 - https://yoast.com/wordpress/plugins/seo/ -->
<title>Laura Rodríguez - Munt de Mots</title>
<meta name="robots" content="index, follow, max-snippet:-1, max-image-preview:large, max-video-preview:-1" />
<link rel="canonical" href="http://www.muntdemots.org/2014/participants/laura-rodriguez/" />
<meta property="og:locale" content="ca_ES" />
<meta property="og:type" content="article" />
<meta property="og:title" content="Laura Rodríguez - Munt de Mots" />
<meta property="og:description" content="Va passar d&#8217;enfilar-se en una cadira per declamar poemes a l&#8217;hora de les postres a fer petits papers a les obres de teatre de la companyia en què actuava la seva mare. Després de formar-se físicament i intel·lectual a les escoles de teatre (&#8220;El Timbal, Col·legi de Teatre&#8230;), va començar a narrar contes. Ha narrat [&hellip;]" />
<meta property="og:url" content="http://www.muntdemots.org/2014/participants/laura-rodriguez/" />
<meta property="og:site_name" content="Munt de Mots" />
<meta property="article:publisher" content="https://www.facebook.com/FestivalMuntdeMots" />
<meta property="article:modified_time" content="2014-10-02T13:33:10+00:00" />
<meta property="og:image" content="http://www.muntdemots.org/2014/wp-content/uploads/2014/10/LauraRodriguez-300x202.jpg" />
<meta name="twitter:card" content="summary_large_image" />
<meta name="twitter:site" content="@muntdemots" />
<script type="application/ld+json" class="yoast-schema-graph">{"@context":"https://schema.org","@graph":[{"@type":"WebPage","@id":"http://www.muntdemots.org/2014/participants/laura-rodriguez/","url":"http://www.muntdemots.org/2014/participants/laura-rodriguez/","name":"Laura Rodríguez - Munt de Mots","isPartOf":{"@id":"https://www.muntdemots.org/2014/#website"},"datePublished":"2014-09-25T08:00:18+00:00","dateModified":"2014-10-02T13:33:10+00:00","breadcrumb":{"@id":"http://www.muntdemots.org/2014/participants/laura-rodriguez/#breadcrumb"},"inLanguage":"ca","potentialAction":[{"@type":"ReadAction","target":["http://www.muntdemots.org/2014/participants/laura-rodriguez/"]}]},{"@type":"BreadcrumbList","@id":"http://www.muntdemots.org/2014/participants/laura-rodriguez/#breadcrumb","itemListElement":[{"@type":"ListItem","position":1,"name":"Inici","item":"https://www.muntdemots.org/2014/"},{"@type":"ListItem","position":2,"name":"Participants","item":"http://www.muntdemots.org/2014/participants/"},{"@type":"ListItem","position":3,"name":"Laura Rodríguez"}]},{"@type":"WebSite","@id":"https://www.muntdemots.org/2014/#website","url":"https://www.muntdemots.org/2014/","name":"Munt de Mots","description":"","potentialAction":[{"@type":"SearchAction","target":{"@type":"EntryPoint","urlTemplate":"https://www.muntdemots.org/2014/?s={search_term_string}"},"query-input":"required name=search_term_string"}],"inLanguage":"ca"}]}</script>
<!-- / Yoast SEO plugin. -->

Laura Rodríguez - Munt de Mots

Va passar d&#8217;enfilar-se en una cadira per declamar poemes a l&#8217;hora de les postres a fer petits papers a les obres de teatre de la companyia en què actuava la seva mare. Després de formar-se físicament i intel·lectual a les escoles de teatre (&#8220;El Timbal, Col·legi de Teatre&#8230;), va començar a narrar contes. Ha narrat [&hellip;]
