{"id":7212,"date":"2014-09-19T11:36:40","date_gmt":"2014-09-19T11:36:40","guid":{"rendered":"http:\/\/www.muntdemots.org\/2014\/?page_id=7212"},"modified":"2014-09-23T11:28:05","modified_gmt":"2014-09-23T11:28:05","slug":"clara-sanabras","status":"publish","type":"page","link":"http:\/\/www.muntdemots.org\/2014\/participants\/clara-sanabras\/","title":{"rendered":"Clara Sanabras"},"content":{"rendered":"<p style=\"text-align: justify;\"><a href=\"http:\/\/www.muntdemots.org\/2014\/wp-content\/uploads\/2014\/09\/clara.jpg\"><img decoding=\"async\" loading=\"lazy\" class=\"alignleft  wp-image-7214\" src=\"http:\/\/www.muntdemots.org\/2014\/wp-content\/uploads\/2014\/09\/clara-669x1024.jpg\" alt=\"clara\" width=\"118\" height=\"181\" srcset=\"http:\/\/www.muntdemots.org\/2014\/wp-content\/uploads\/2014\/09\/clara-669x1024.jpg 669w, http:\/\/www.muntdemots.org\/2014\/wp-content\/uploads\/2014\/09\/clara-196x300.jpg 196w, http:\/\/www.muntdemots.org\/2014\/wp-content\/uploads\/2014\/09\/clara.jpg 700w\" sizes=\"(max-width: 118px) 100vw, 118px\" \/><\/a>Cantautora i multiinstrumentalista d\u2019or\u00edgen barcelon\u00ed, \u00e9s la veu de pel.l\u00edcules de gran ress\u00f2 internacional. Afincada a Londres, ha col\u00b7laborat amb artistes internacionals de gran renom com ara James Horner (<em>Titanic<\/em>) o Howard Shore (<em>El Senyor del Anells<\/em>), entre altres. Tamb\u00e9 ha actuat als grans escenaris mundials com Sydney Opera House, La Scala Milan&#8230; i recentment al Joes\u2019 Pub de Nova York.\u00a0Ha produit quatre discs de m\u00fasica original pr\u00f2pia i en el darrer treball, \u201cEl Vol Dispers &#8211; Songs of Spanish Exile\u201d, inclou poesia catalana musicada, aix\u00ed com can\u00e7ons tradicionals, medievals, sefardites i noves composicions sobre el tema de l\u2019exili.<\/p>\n<p style=\"text-align: justify;\"><a title=\"Clara Sanabras\" href=\"http:\/\/clarasanabras.co.uk\/\" target=\"_blank\">M\u00e9s informaci\u00f3 de l&#8217;artista<\/a><\/p>\n<p style=\"text-align: justify;\">Espectacles: <a href=\"\/2014\/events\/inauguracio\/\">Inauguraci\u00f3<\/a><\/p>\n","protected":false},"excerpt":{"rendered":"<p>Cantautora i multiinstrumentalista d\u2019or\u00edgen barcelon\u00ed, \u00e9s la veu de pel.l\u00edcules de gran ress\u00f2 internacional. Afincada a Londres, ha col\u00b7laborat amb artistes internacionals de gran renom com ara James Horner (Titanic) o Howard Shore (El Senyor del Anells), entre altres. Tamb\u00e9 ha actuat als grans escenaris mundials com Sydney Opera House, La Scala Milan&#8230; i recentment [&hellip;]<\/p>\n","protected":false},"author":1,"featured_media":0,"parent":4,"menu_order":0,"comment_status":"open","ping_status":"open","template":"","meta":{"_mi_skip_tracking":false},"yoast_head":"<!-- This site is optimized with the Yoast SEO plugin v20.5 - https:\/\/yoast.com\/wordpress\/plugins\/seo\/ -->\n<title>Clara Sanabras - Munt de Mots<\/title>\n<meta name=\"robots\" content=\"index, follow, max-snippet:-1, max-image-preview:large, max-video-preview:-1\" \/>\n<link rel=\"canonical\" href=\"http:\/\/www.muntdemots.org\/2014\/participants\/clara-sanabras\/\" \/>\n<meta property=\"og:locale\" content=\"ca_ES\" \/>\n<meta property=\"og:type\" content=\"article\" \/>\n<meta property=\"og:title\" content=\"Clara Sanabras - Munt de Mots\" \/>\n<meta property=\"og:description\" content=\"Cantautora i multiinstrumentalista d\u2019or\u00edgen barcelon\u00ed, \u00e9s la veu de pel.l\u00edcules de gran ress\u00f2 internacional. Afincada a Londres, ha col\u00b7laborat amb artistes internacionals de gran renom com ara James Horner (Titanic) o Howard Shore (El Senyor del Anells), entre altres. Tamb\u00e9 ha actuat als grans escenaris mundials com Sydney Opera House, La Scala Milan&#8230; i recentment [&hellip;]\" \/>\n<meta property=\"og:url\" content=\"http:\/\/www.muntdemots.org\/2014\/participants\/clara-sanabras\/\" \/>\n<meta property=\"og:site_name\" content=\"Munt de Mots\" \/>\n<meta property=\"article:publisher\" content=\"https:\/\/www.facebook.com\/FestivalMuntdeMots\" \/>\n<meta property=\"article:modified_time\" content=\"2014-09-23T11:28:05+00:00\" \/>\n<meta property=\"og:image\" content=\"http:\/\/www.muntdemots.org\/2014\/wp-content\/uploads\/2014\/09\/clara-669x1024.jpg\" \/>\n<meta name=\"twitter:card\" content=\"summary_large_image\" \/>\n<meta name=\"twitter:site\" content=\"@muntdemots\" \/>\n<meta name=\"twitter:label1\" content=\"Temps estimat de lectura\" \/>\n\t<meta name=\"twitter:data1\" content=\"1 minut\" \/>\n<script type=\"application\/ld+json\" class=\"yoast-schema-graph\">{\"@context\":\"https:\/\/schema.org\",\"@graph\":[{\"@type\":\"WebPage\",\"@id\":\"http:\/\/www.muntdemots.org\/2014\/participants\/clara-sanabras\/\",\"url\":\"http:\/\/www.muntdemots.org\/2014\/participants\/clara-sanabras\/\",\"name\":\"Clara Sanabras - Munt de Mots\",\"isPartOf\":{\"@id\":\"http:\/\/www.muntdemots.org\/2014\/#website\"},\"datePublished\":\"2014-09-19T11:36:40+00:00\",\"dateModified\":\"2014-09-23T11:28:05+00:00\",\"breadcrumb\":{\"@id\":\"http:\/\/www.muntdemots.org\/2014\/participants\/clara-sanabras\/#breadcrumb\"},\"inLanguage\":\"ca\",\"potentialAction\":[{\"@type\":\"ReadAction\",\"target\":[\"http:\/\/www.muntdemots.org\/2014\/participants\/clara-sanabras\/\"]}]},{\"@type\":\"BreadcrumbList\",\"@id\":\"http:\/\/www.muntdemots.org\/2014\/participants\/clara-sanabras\/#breadcrumb\",\"itemListElement\":[{\"@type\":\"ListItem\",\"position\":1,\"name\":\"Inici\",\"item\":\"http:\/\/www.muntdemots.org\/2014\/\"},{\"@type\":\"ListItem\",\"position\":2,\"name\":\"Participants\",\"item\":\"https:\/\/www.muntdemots.org\/2014\/participants\/\"},{\"@type\":\"ListItem\",\"position\":3,\"name\":\"Clara Sanabras\"}]},{\"@type\":\"WebSite\",\"@id\":\"http:\/\/www.muntdemots.org\/2014\/#website\",\"url\":\"http:\/\/www.muntdemots.org\/2014\/\",\"name\":\"Munt de Mots\",\"description\":\"\",\"potentialAction\":[{\"@type\":\"SearchAction\",\"target\":{\"@type\":\"EntryPoint\",\"urlTemplate\":\"http:\/\/www.muntdemots.org\/2014\/?s={search_term_string}\"},\"query-input\":\"required name=search_term_string\"}],\"inLanguage\":\"ca\"}]}<\/script>\n<!-- \/ Yoast SEO plugin. -->","yoast_head_json":{"title":"Clara Sanabras - Munt de Mots","robots":{"index":"index","follow":"follow","max-snippet":"max-snippet:-1","max-image-preview":"max-image-preview:large","max-video-preview":"max-video-preview:-1"},"canonical":"http:\/\/www.muntdemots.org\/2014\/participants\/clara-sanabras\/","og_locale":"ca_ES","og_type":"article","og_title":"Clara Sanabras - Munt de Mots","og_description":"Cantautora i multiinstrumentalista d\u2019or\u00edgen barcelon\u00ed, \u00e9s la veu de pel.l\u00edcules de gran ress\u00f2 internacional. Afincada a Londres, ha col\u00b7laborat amb artistes internacionals de gran renom com ara James Horner (Titanic) o Howard Shore (El Senyor del Anells), entre altres. Tamb\u00e9 ha actuat als grans escenaris mundials com Sydney Opera House, La Scala Milan&#8230; i recentment [&hellip;]","og_url":"http:\/\/www.muntdemots.org\/2014\/participants\/clara-sanabras\/","og_site_name":"Munt de Mots","article_publisher":"https:\/\/www.facebook.com\/FestivalMuntdeMots","article_modified_time":"2014-09-23T11:28:05+00:00","og_image":[{"url":"http:\/\/www.muntdemots.org\/2014\/wp-content\/uploads\/2014\/09\/clara-669x1024.jpg"}],"twitter_card":"summary_large_image","twitter_site":"@muntdemots","twitter_misc":{"Temps estimat de lectura":"1 minut"},"schema":{"@context":"https:\/\/schema.org","@graph":[{"@type":"WebPage","@id":"http:\/\/www.muntdemots.org\/2014\/participants\/clara-sanabras\/","url":"http:\/\/www.muntdemots.org\/2014\/participants\/clara-sanabras\/","name":"Clara Sanabras - Munt de Mots","isPartOf":{"@id":"http:\/\/www.muntdemots.org\/2014\/#website"},"datePublished":"2014-09-19T11:36:40+00:00","dateModified":"2014-09-23T11:28:05+00:00","breadcrumb":{"@id":"http:\/\/www.muntdemots.org\/2014\/participants\/clara-sanabras\/#breadcrumb"},"inLanguage":"ca","potentialAction":[{"@type":"ReadAction","target":["http:\/\/www.muntdemots.org\/2014\/participants\/clara-sanabras\/"]}]},{"@type":"BreadcrumbList","@id":"http:\/\/www.muntdemots.org\/2014\/participants\/clara-sanabras\/#breadcrumb","itemListElement":[{"@type":"ListItem","position":1,"name":"Inici","item":"http:\/\/www.muntdemots.org\/2014\/"},{"@type":"ListItem","position":2,"name":"Participants","item":"https:\/\/www.muntdemots.org\/2014\/participants\/"},{"@type":"ListItem","position":3,"name":"Clara Sanabras"}]},{"@type":"WebSite","@id":"http:\/\/www.muntdemots.org\/2014\/#website","url":"http:\/\/www.muntdemots.org\/2014\/","name":"Munt de Mots","description":"","potentialAction":[{"@type":"SearchAction","target":{"@type":"EntryPoint","urlTemplate":"http:\/\/www.muntdemots.org\/2014\/?s={search_term_string}"},"query-input":"required name=search_term_string"}],"inLanguage":"ca"}]}},"_links":{"self":[{"href":"http:\/\/www.muntdemots.org\/2014\/wp-json\/wp\/v2\/pages\/7212"}],"collection":[{"href":"http:\/\/www.muntdemots.org\/2014\/wp-json\/wp\/v2\/pages"}],"about":[{"href":"http:\/\/www.muntdemots.org\/2014\/wp-json\/wp\/v2\/types\/page"}],"author":[{"embeddable":true,"href":"http:\/\/www.muntdemots.org\/2014\/wp-json\/wp\/v2\/users\/1"}],"replies":[{"embeddable":true,"href":"http:\/\/www.muntdemots.org\/2014\/wp-json\/wp\/v2\/comments?post=7212"}],"version-history":[{"count":3,"href":"http:\/\/www.muntdemots.org\/2014\/wp-json\/wp\/v2\/pages\/7212\/revisions"}],"predecessor-version":[{"id":7243,"href":"http:\/\/www.muntdemots.org\/2014\/wp-json\/wp\/v2\/pages\/7212\/revisions\/7243"}],"up":[{"embeddable":true,"href":"http:\/\/www.muntdemots.org\/2014\/wp-json\/wp\/v2\/pages\/4"}],"wp:attachment":[{"href":"http:\/\/www.muntdemots.org\/2014\/wp-json\/wp\/v2\/media?parent=7212"}],"curies":[{"name":"wp","href":"https:\/\/api.w.org\/{rel}","templated":true}]}}

<p style="text-align: justify;"><a href="http://www.muntdemots.org/2014/wp-content/uploads/2014/09/clara.jpg"><img decoding="async" loading="lazy" class="alignleft  wp-image-7214" src="http://www.muntdemots.org/2014/wp-content/uploads/2014/09/clara-669x1024.jpg" alt="clara" width="118" height="181" srcset="http://www.muntdemots.org/2014/wp-content/uploads/2014/09/clara-669x1024.jpg 669w, http://www.muntdemots.org/2014/wp-content/uploads/2014/09/clara-196x300.jpg 196w, http://www.muntdemots.org/2014/wp-content/uploads/2014/09/clara.jpg 700w" sizes="(max-width: 118px) 100vw, 118px" /></a>Cantautora i multiinstrumentalista d’orígen barceloní, és la veu de pel.lícules de gran ressò internacional. Afincada a Londres, ha col·laborat amb artistes internacionals de gran renom com ara James Horner (<em>Titanic</em>) o Howard Shore (<em>El Senyor del Anells</em>), entre altres. També ha actuat als grans escenaris mundials com Sydney Opera House, La Scala Milan&#8230; i recentment al Joes’ Pub de Nova York. Ha produit quatre discs de música original pròpia i en el darrer treball, “El Vol Dispers &#8211; Songs of Spanish Exile”, inclou poesia catalana musicada, així com cançons tradicionals, medievals, sefardites i noves composicions sobre el tema de l’exili.</p>
<p style="text-align: justify;"><a title="Clara Sanabras" href="http://clarasanabras.co.uk/" target="_blank">Més informació de l&#8217;artista</a></p>
<p style="text-align: justify;">Espectacles: <a href="/2014/events/inauguracio/">Inauguració</a></p>

<p>Cantautora i multiinstrumentalista d’orígen barceloní, és la veu de pel.lícules de gran ressò internacional. Afincada a Londres, ha col·laborat amb artistes internacionals de gran renom com ara James Horner (Titanic) o Howard Shore (El Senyor del Anells), entre altres. També ha actuat als grans escenaris mundials com Sydney Opera House, La Scala Milan&#8230; i recentment [&hellip;]</p>

<!-- This site is optimized with the Yoast SEO plugin v20.5 - https://yoast.com/wordpress/plugins/seo/ -->
<title>Clara Sanabras - Munt de Mots</title>
<meta name="robots" content="index, follow, max-snippet:-1, max-image-preview:large, max-video-preview:-1" />
<link rel="canonical" href="http://www.muntdemots.org/2014/participants/clara-sanabras/" />
<meta property="og:locale" content="ca_ES" />
<meta property="og:type" content="article" />
<meta property="og:title" content="Clara Sanabras - Munt de Mots" />
<meta property="og:description" content="Cantautora i multiinstrumentalista d’orígen barceloní, és la veu de pel.lícules de gran ressò internacional. Afincada a Londres, ha col·laborat amb artistes internacionals de gran renom com ara James Horner (Titanic) o Howard Shore (El Senyor del Anells), entre altres. També ha actuat als grans escenaris mundials com Sydney Opera House, La Scala Milan&#8230; i recentment [&hellip;]" />
<meta property="og:url" content="http://www.muntdemots.org/2014/participants/clara-sanabras/" />
<meta property="og:site_name" content="Munt de Mots" />
<meta property="article:publisher" content="https://www.facebook.com/FestivalMuntdeMots" />
<meta property="article:modified_time" content="2014-09-23T11:28:05+00:00" />
<meta property="og:image" content="http://www.muntdemots.org/2014/wp-content/uploads/2014/09/clara-669x1024.jpg" />
<meta name="twitter:card" content="summary_large_image" />
<meta name="twitter:site" content="@muntdemots" />
<meta name="twitter:label1" content="Temps estimat de lectura" />
	<meta name="twitter:data1" content="1 minut" />
<script type="application/ld+json" class="yoast-schema-graph">{"@context":"https://schema.org","@graph":[{"@type":"WebPage","@id":"http://www.muntdemots.org/2014/participants/clara-sanabras/","url":"http://www.muntdemots.org/2014/participants/clara-sanabras/","name":"Clara Sanabras - Munt de Mots","isPartOf":{"@id":"http://www.muntdemots.org/2014/#website"},"datePublished":"2014-09-19T11:36:40+00:00","dateModified":"2014-09-23T11:28:05+00:00","breadcrumb":{"@id":"http://www.muntdemots.org/2014/participants/clara-sanabras/#breadcrumb"},"inLanguage":"ca","potentialAction":[{"@type":"ReadAction","target":["http://www.muntdemots.org/2014/participants/clara-sanabras/"]}]},{"@type":"BreadcrumbList","@id":"http://www.muntdemots.org/2014/participants/clara-sanabras/#breadcrumb","itemListElement":[{"@type":"ListItem","position":1,"name":"Inici","item":"http://www.muntdemots.org/2014/"},{"@type":"ListItem","position":2,"name":"Participants","item":"https://www.muntdemots.org/2014/participants/"},{"@type":"ListItem","position":3,"name":"Clara Sanabras"}]},{"@type":"WebSite","@id":"http://www.muntdemots.org/2014/#website","url":"http://www.muntdemots.org/2014/","name":"Munt de Mots","description":"","potentialAction":[{"@type":"SearchAction","target":{"@type":"EntryPoint","urlTemplate":"http://www.muntdemots.org/2014/?s={search_term_string}"},"query-input":"required name=search_term_string"}],"inLanguage":"ca"}]}</script>
<!-- / Yoast SEO plugin. -->

Cantautora i multiinstrumentalista d’orígen barceloní, és la veu de pel.lícules de gran ressò internacional. Afincada a Londres, ha col·laborat amb artistes internacionals de gran renom com ara James Horner (Titanic) o Howard Shore (El Senyor del Anells), entre altres. També ha actuat als grans escenaris mundials com Sydney Opera House, La Scala Milan&#8230; i recentment [&hellip;]
