{"id":7199,"date":"2014-09-19T08:09:48","date_gmt":"2014-09-19T08:09:48","guid":{"rendered":"http:\/\/www.muntdemots.org\/2014\/?page_id=7199"},"modified":"2014-09-23T11:22:13","modified_gmt":"2014-09-23T11:22:13","slug":"assumpta-mercader","status":"publish","type":"page","link":"http:\/\/www.muntdemots.org\/2014\/participants\/assumpta-mercader\/","title":{"rendered":"Assumpta Mercader"},"content":{"rendered":"<p style=\"text-align: justify;\"><a href=\"http:\/\/www.muntdemots.org\/2014\/wp-content\/uploads\/2014\/09\/Assumpta-Mercader.jpg\"><img decoding=\"async\" loading=\"lazy\" class=\"alignright wp-image-7201\" src=\"http:\/\/www.muntdemots.org\/2014\/wp-content\/uploads\/2014\/09\/Assumpta-Mercader.jpg\" alt=\"Assumpta-Mercader\" width=\"244\" height=\"163\" srcset=\"http:\/\/www.muntdemots.org\/2014\/wp-content\/uploads\/2014\/09\/Assumpta-Mercader.jpg 490w, http:\/\/www.muntdemots.org\/2014\/wp-content\/uploads\/2014\/09\/Assumpta-Mercader-300x200.jpg 300w, http:\/\/www.muntdemots.org\/2014\/wp-content\/uploads\/2014\/09\/Assumpta-Mercader-420x280.jpg 420w\" sizes=\"(max-width: 244px) 100vw, 244px\" \/><\/a><strong>M<\/strong>\u2019agrada explicar hist\u00f2ries i me n\u2019invento. M\u2019agrada embolicar la troca i desfer-la, moure\u2019m entre contes i llegendes. Portar bons arguments a grans i petits per gaudir de les paraules. Des de fa anys volto explicant a tot arreu on tinc ocasi\u00f3.<\/p>\n<p style=\"text-align: justify;\">Treballo per a beb\u00e8s, p\u00fablic infantil i adults. Amb contes trobats i contes inventats. Nom\u00e9s amb la paraula o tamb\u00e9 acompanyada d\u2019objectes, i sempre comptant amb la complicitat del p\u00fablic. <a title=\"Assumpta Mercader\" href=\"http:\/\/www.assumptamercader.cat\" target=\"_blank\">I si voleu saber m\u00e9s de mi, visita&#8217;m<\/a><\/p>\n<p style=\"text-align: justify;\">Espectacles: <a href=\"\/2014\/events\/el-petit-princep\/\">El Petit Pr\u00edncep<\/a><\/p>\n","protected":false},"excerpt":{"rendered":"<p>M\u2019agrada explicar hist\u00f2ries i me n\u2019invento. M\u2019agrada embolicar la troca i desfer-la, moure\u2019m entre contes i llegendes. Portar bons arguments a grans i petits per gaudir de les paraules. Des de fa anys volto explicant a tot arreu on tinc ocasi\u00f3. Treballo per a beb\u00e8s, p\u00fablic infantil i adults. Amb contes trobats i contes inventats. [&hellip;]<\/p>\n","protected":false},"author":1,"featured_media":0,"parent":4,"menu_order":0,"comment_status":"open","ping_status":"open","template":"","meta":{"_mi_skip_tracking":false},"yoast_head":"<!-- This site is optimized with the Yoast SEO plugin v20.5 - https:\/\/yoast.com\/wordpress\/plugins\/seo\/ -->\n<title>Assumpta Mercader - Munt de Mots<\/title>\n<meta name=\"description\" content=\"M\u2019agrada explicar hist\u00f2ries i me n\u2019invento. M\u2019agrada embolicar la troca i desfer-la, moure\u2019m entre contes i llegendes\" \/>\n<meta name=\"robots\" content=\"index, follow, max-snippet:-1, max-image-preview:large, max-video-preview:-1\" \/>\n<link rel=\"canonical\" href=\"http:\/\/www.muntdemots.org\/2014\/participants\/assumpta-mercader\/\" \/>\n<meta property=\"og:locale\" content=\"ca_ES\" \/>\n<meta property=\"og:type\" content=\"article\" \/>\n<meta property=\"og:title\" content=\"Assumpta Mercader - Munt de Mots\" \/>\n<meta property=\"og:description\" content=\"M\u2019agrada explicar hist\u00f2ries i me n\u2019invento. M\u2019agrada embolicar la troca i desfer-la, moure\u2019m entre contes i llegendes\" \/>\n<meta property=\"og:url\" content=\"http:\/\/www.muntdemots.org\/2014\/participants\/assumpta-mercader\/\" \/>\n<meta property=\"og:site_name\" content=\"Munt de Mots\" \/>\n<meta property=\"article:publisher\" content=\"https:\/\/www.facebook.com\/FestivalMuntdeMots\" \/>\n<meta property=\"article:modified_time\" content=\"2014-09-23T11:22:13+00:00\" \/>\n<meta property=\"og:image\" content=\"http:\/\/www.muntdemots.org\/2014\/wp-content\/uploads\/2014\/09\/Assumpta-Mercader.jpg\" \/>\n<meta name=\"twitter:card\" content=\"summary_large_image\" \/>\n<meta name=\"twitter:site\" content=\"@muntdemots\" \/>\n<script type=\"application\/ld+json\" class=\"yoast-schema-graph\">{\"@context\":\"https:\/\/schema.org\",\"@graph\":[{\"@type\":\"WebPage\",\"@id\":\"http:\/\/www.muntdemots.org\/2014\/participants\/assumpta-mercader\/\",\"url\":\"http:\/\/www.muntdemots.org\/2014\/participants\/assumpta-mercader\/\",\"name\":\"Assumpta Mercader - Munt de Mots\",\"isPartOf\":{\"@id\":\"https:\/\/www.muntdemots.org\/2014\/#website\"},\"datePublished\":\"2014-09-19T08:09:48+00:00\",\"dateModified\":\"2014-09-23T11:22:13+00:00\",\"description\":\"M\u2019agrada explicar hist\u00f2ries i me n\u2019invento. M\u2019agrada embolicar la troca i desfer-la, moure\u2019m entre contes i llegendes\",\"breadcrumb\":{\"@id\":\"http:\/\/www.muntdemots.org\/2014\/participants\/assumpta-mercader\/#breadcrumb\"},\"inLanguage\":\"ca\",\"potentialAction\":[{\"@type\":\"ReadAction\",\"target\":[\"http:\/\/www.muntdemots.org\/2014\/participants\/assumpta-mercader\/\"]}]},{\"@type\":\"BreadcrumbList\",\"@id\":\"http:\/\/www.muntdemots.org\/2014\/participants\/assumpta-mercader\/#breadcrumb\",\"itemListElement\":[{\"@type\":\"ListItem\",\"position\":1,\"name\":\"Inici\",\"item\":\"https:\/\/www.muntdemots.org\/2014\/\"},{\"@type\":\"ListItem\",\"position\":2,\"name\":\"Participants\",\"item\":\"https:\/\/www.muntdemots.org\/2014\/participants\/\"},{\"@type\":\"ListItem\",\"position\":3,\"name\":\"Assumpta Mercader\"}]},{\"@type\":\"WebSite\",\"@id\":\"https:\/\/www.muntdemots.org\/2014\/#website\",\"url\":\"https:\/\/www.muntdemots.org\/2014\/\",\"name\":\"Munt de Mots\",\"description\":\"\",\"potentialAction\":[{\"@type\":\"SearchAction\",\"target\":{\"@type\":\"EntryPoint\",\"urlTemplate\":\"https:\/\/www.muntdemots.org\/2014\/?s={search_term_string}\"},\"query-input\":\"required name=search_term_string\"}],\"inLanguage\":\"ca\"}]}<\/script>\n<!-- \/ Yoast SEO plugin. -->","yoast_head_json":{"title":"Assumpta Mercader - Munt de Mots","description":"M\u2019agrada explicar hist\u00f2ries i me n\u2019invento. M\u2019agrada embolicar la troca i desfer-la, moure\u2019m entre contes i llegendes","robots":{"index":"index","follow":"follow","max-snippet":"max-snippet:-1","max-image-preview":"max-image-preview:large","max-video-preview":"max-video-preview:-1"},"canonical":"http:\/\/www.muntdemots.org\/2014\/participants\/assumpta-mercader\/","og_locale":"ca_ES","og_type":"article","og_title":"Assumpta Mercader - Munt de Mots","og_description":"M\u2019agrada explicar hist\u00f2ries i me n\u2019invento. M\u2019agrada embolicar la troca i desfer-la, moure\u2019m entre contes i llegendes","og_url":"http:\/\/www.muntdemots.org\/2014\/participants\/assumpta-mercader\/","og_site_name":"Munt de Mots","article_publisher":"https:\/\/www.facebook.com\/FestivalMuntdeMots","article_modified_time":"2014-09-23T11:22:13+00:00","og_image":[{"url":"http:\/\/www.muntdemots.org\/2014\/wp-content\/uploads\/2014\/09\/Assumpta-Mercader.jpg"}],"twitter_card":"summary_large_image","twitter_site":"@muntdemots","schema":{"@context":"https:\/\/schema.org","@graph":[{"@type":"WebPage","@id":"http:\/\/www.muntdemots.org\/2014\/participants\/assumpta-mercader\/","url":"http:\/\/www.muntdemots.org\/2014\/participants\/assumpta-mercader\/","name":"Assumpta Mercader - Munt de Mots","isPartOf":{"@id":"https:\/\/www.muntdemots.org\/2014\/#website"},"datePublished":"2014-09-19T08:09:48+00:00","dateModified":"2014-09-23T11:22:13+00:00","description":"M\u2019agrada explicar hist\u00f2ries i me n\u2019invento. M\u2019agrada embolicar la troca i desfer-la, moure\u2019m entre contes i llegendes","breadcrumb":{"@id":"http:\/\/www.muntdemots.org\/2014\/participants\/assumpta-mercader\/#breadcrumb"},"inLanguage":"ca","potentialAction":[{"@type":"ReadAction","target":["http:\/\/www.muntdemots.org\/2014\/participants\/assumpta-mercader\/"]}]},{"@type":"BreadcrumbList","@id":"http:\/\/www.muntdemots.org\/2014\/participants\/assumpta-mercader\/#breadcrumb","itemListElement":[{"@type":"ListItem","position":1,"name":"Inici","item":"https:\/\/www.muntdemots.org\/2014\/"},{"@type":"ListItem","position":2,"name":"Participants","item":"https:\/\/www.muntdemots.org\/2014\/participants\/"},{"@type":"ListItem","position":3,"name":"Assumpta Mercader"}]},{"@type":"WebSite","@id":"https:\/\/www.muntdemots.org\/2014\/#website","url":"https:\/\/www.muntdemots.org\/2014\/","name":"Munt de Mots","description":"","potentialAction":[{"@type":"SearchAction","target":{"@type":"EntryPoint","urlTemplate":"https:\/\/www.muntdemots.org\/2014\/?s={search_term_string}"},"query-input":"required name=search_term_string"}],"inLanguage":"ca"}]}},"_links":{"self":[{"href":"http:\/\/www.muntdemots.org\/2014\/wp-json\/wp\/v2\/pages\/7199"}],"collection":[{"href":"http:\/\/www.muntdemots.org\/2014\/wp-json\/wp\/v2\/pages"}],"about":[{"href":"http:\/\/www.muntdemots.org\/2014\/wp-json\/wp\/v2\/types\/page"}],"author":[{"embeddable":true,"href":"http:\/\/www.muntdemots.org\/2014\/wp-json\/wp\/v2\/users\/1"}],"replies":[{"embeddable":true,"href":"http:\/\/www.muntdemots.org\/2014\/wp-json\/wp\/v2\/comments?post=7199"}],"version-history":[{"count":5,"href":"http:\/\/www.muntdemots.org\/2014\/wp-json\/wp\/v2\/pages\/7199\/revisions"}],"predecessor-version":[{"id":7240,"href":"http:\/\/www.muntdemots.org\/2014\/wp-json\/wp\/v2\/pages\/7199\/revisions\/7240"}],"up":[{"embeddable":true,"href":"http:\/\/www.muntdemots.org\/2014\/wp-json\/wp\/v2\/pages\/4"}],"wp:attachment":[{"href":"http:\/\/www.muntdemots.org\/2014\/wp-json\/wp\/v2\/media?parent=7199"}],"curies":[{"name":"wp","href":"https:\/\/api.w.org\/{rel}","templated":true}]}}