{"id":7196,"date":"2014-09-18T17:47:13","date_gmt":"2014-09-18T17:47:13","guid":{"rendered":"http:\/\/www.muntdemots.org\/2014\/?page_id=7196"},"modified":"2014-09-23T11:12:35","modified_gmt":"2014-09-23T11:12:35","slug":"anxo-baranga","status":"publish","type":"page","link":"http:\/\/www.muntdemots.org\/2014\/participants\/anxo-baranga\/","title":{"rendered":"Anxo Baranga"},"content":{"rendered":"<p style=\"text-align: justify;\"><img decoding=\"async\" loading=\"lazy\" class=\"alignright wp-image-7197\" src=\"http:\/\/www.muntdemots.org\/2014\/wp-content\/uploads\/2014\/09\/10466768_10152275984184633_1008703124_n.jpg\" alt=\"10466768_10152275984184633_1008703124_n\" width=\"96\" height=\"151\" srcset=\"http:\/\/www.muntdemots.org\/2014\/wp-content\/uploads\/2014\/09\/10466768_10152275984184633_1008703124_n.jpg 611w, http:\/\/www.muntdemots.org\/2014\/wp-content\/uploads\/2014\/09\/10466768_10152275984184633_1008703124_n-190x300.jpg 190w\" sizes=\"(max-width: 96px) 100vw, 96px\" \/>Neix a C\u00f3rgomo, Ourense, Galiza. Resideix a Barcelona des de 1979. Pintor, dibuixant, actor, activista cultural. Des dels anys 80 compagina exposicions de pintura, amb il\u00b7lustracions en llibres, revistes i tamb\u00e9 amb la creaci\u00f3 de grups de teatre. Des de 2012 col\u00b7labora amb l&#8217;ACGB (<a title=\"Asamblea cultural galega de Barcelona\" href=\"http:\/\/acgb.cat\/\" target=\"_blank\">Asemblea Cultural Galega de Barcelona<\/a>) i l\u2019Ateneu Roig en diversos projectes culturals. Amb en Rub\u00e9n Mart\u00ednez crea el projecte de narraci\u00f3 oral \u201cHist\u00f2ries del Cercle Roig\u201d.<\/p>\n<p style=\"text-align: justify;\">Espectacles: <a href=\"\/2014\/events\/galiza\/\">Galiza<\/a><\/p>\n","protected":false},"excerpt":{"rendered":"<p>Neix a C\u00f3rgomo, Ourense, Galiza. Resideix a Barcelona des de 1979. Pintor, dibuixant, actor, activista cultural. Des dels anys 80 compagina exposicions de pintura, amb il\u00b7lustracions en llibres, revistes i tamb\u00e9 amb la creaci\u00f3 de grups de teatre. Des de 2012 col\u00b7labora amb l&#8217;ACGB (Asemblea Cultural Galega de Barcelona) i l\u2019Ateneu Roig en diversos projectes [&hellip;]<\/p>\n","protected":false},"author":1,"featured_media":0,"parent":4,"menu_order":0,"comment_status":"open","ping_status":"closed","template":"","meta":{"_mi_skip_tracking":false},"yoast_head":"<!-- This site is optimized with the Yoast SEO plugin v20.5 - https:\/\/yoast.com\/wordpress\/plugins\/seo\/ -->\n<title>Anxo Baranga - Munt de Mots<\/title>\n<meta name=\"robots\" content=\"index, follow, max-snippet:-1, max-image-preview:large, max-video-preview:-1\" \/>\n<link rel=\"canonical\" href=\"http:\/\/www.muntdemots.org\/2014\/participants\/anxo-baranga\/\" \/>\n<meta property=\"og:locale\" content=\"ca_ES\" \/>\n<meta property=\"og:type\" content=\"article\" \/>\n<meta property=\"og:title\" content=\"Anxo Baranga - Munt de Mots\" \/>\n<meta property=\"og:description\" content=\"Neix a C\u00f3rgomo, Ourense, Galiza. Resideix a Barcelona des de 1979. Pintor, dibuixant, actor, activista cultural. Des dels anys 80 compagina exposicions de pintura, amb il\u00b7lustracions en llibres, revistes i tamb\u00e9 amb la creaci\u00f3 de grups de teatre. Des de 2012 col\u00b7labora amb l&#8217;ACGB (Asemblea Cultural Galega de Barcelona) i l\u2019Ateneu Roig en diversos projectes [&hellip;]\" \/>\n<meta property=\"og:url\" content=\"http:\/\/www.muntdemots.org\/2014\/participants\/anxo-baranga\/\" \/>\n<meta property=\"og:site_name\" content=\"Munt de Mots\" \/>\n<meta property=\"article:publisher\" content=\"https:\/\/www.facebook.com\/FestivalMuntdeMots\" \/>\n<meta property=\"article:modified_time\" content=\"2014-09-23T11:12:35+00:00\" \/>\n<meta property=\"og:image\" content=\"http:\/\/www.muntdemots.org\/2014\/wp-content\/uploads\/2014\/09\/10466768_10152275984184633_1008703124_n.jpg\" \/>\n<meta name=\"twitter:card\" content=\"summary_large_image\" \/>\n<meta name=\"twitter:site\" content=\"@muntdemots\" \/>\n<script type=\"application\/ld+json\" class=\"yoast-schema-graph\">{\"@context\":\"https:\/\/schema.org\",\"@graph\":[{\"@type\":\"WebPage\",\"@id\":\"http:\/\/www.muntdemots.org\/2014\/participants\/anxo-baranga\/\",\"url\":\"http:\/\/www.muntdemots.org\/2014\/participants\/anxo-baranga\/\",\"name\":\"Anxo Baranga - Munt de Mots\",\"isPartOf\":{\"@id\":\"http:\/\/www.muntdemots.org\/2014\/#website\"},\"datePublished\":\"2014-09-18T17:47:13+00:00\",\"dateModified\":\"2014-09-23T11:12:35+00:00\",\"breadcrumb\":{\"@id\":\"http:\/\/www.muntdemots.org\/2014\/participants\/anxo-baranga\/#breadcrumb\"},\"inLanguage\":\"ca\",\"potentialAction\":[{\"@type\":\"ReadAction\",\"target\":[\"http:\/\/www.muntdemots.org\/2014\/participants\/anxo-baranga\/\"]}]},{\"@type\":\"BreadcrumbList\",\"@id\":\"http:\/\/www.muntdemots.org\/2014\/participants\/anxo-baranga\/#breadcrumb\",\"itemListElement\":[{\"@type\":\"ListItem\",\"position\":1,\"name\":\"Inici\",\"item\":\"http:\/\/www.muntdemots.org\/2014\/\"},{\"@type\":\"ListItem\",\"position\":2,\"name\":\"Participants\",\"item\":\"http:\/\/www.muntdemots.org\/2014\/participants\/\"},{\"@type\":\"ListItem\",\"position\":3,\"name\":\"Anxo Baranga\"}]},{\"@type\":\"WebSite\",\"@id\":\"http:\/\/www.muntdemots.org\/2014\/#website\",\"url\":\"http:\/\/www.muntdemots.org\/2014\/\",\"name\":\"Munt de Mots\",\"description\":\"\",\"potentialAction\":[{\"@type\":\"SearchAction\",\"target\":{\"@type\":\"EntryPoint\",\"urlTemplate\":\"http:\/\/www.muntdemots.org\/2014\/?s={search_term_string}\"},\"query-input\":\"required name=search_term_string\"}],\"inLanguage\":\"ca\"}]}<\/script>\n<!-- \/ Yoast SEO plugin. -->","yoast_head_json":{"title":"Anxo Baranga - Munt de Mots","robots":{"index":"index","follow":"follow","max-snippet":"max-snippet:-1","max-image-preview":"max-image-preview:large","max-video-preview":"max-video-preview:-1"},"canonical":"http:\/\/www.muntdemots.org\/2014\/participants\/anxo-baranga\/","og_locale":"ca_ES","og_type":"article","og_title":"Anxo Baranga - Munt de Mots","og_description":"Neix a C\u00f3rgomo, Ourense, Galiza. Resideix a Barcelona des de 1979. Pintor, dibuixant, actor, activista cultural. Des dels anys 80 compagina exposicions de pintura, amb il\u00b7lustracions en llibres, revistes i tamb\u00e9 amb la creaci\u00f3 de grups de teatre. Des de 2012 col\u00b7labora amb l&#8217;ACGB (Asemblea Cultural Galega de Barcelona) i l\u2019Ateneu Roig en diversos projectes [&hellip;]","og_url":"http:\/\/www.muntdemots.org\/2014\/participants\/anxo-baranga\/","og_site_name":"Munt de Mots","article_publisher":"https:\/\/www.facebook.com\/FestivalMuntdeMots","article_modified_time":"2014-09-23T11:12:35+00:00","og_image":[{"url":"http:\/\/www.muntdemots.org\/2014\/wp-content\/uploads\/2014\/09\/10466768_10152275984184633_1008703124_n.jpg"}],"twitter_card":"summary_large_image","twitter_site":"@muntdemots","schema":{"@context":"https:\/\/schema.org","@graph":[{"@type":"WebPage","@id":"http:\/\/www.muntdemots.org\/2014\/participants\/anxo-baranga\/","url":"http:\/\/www.muntdemots.org\/2014\/participants\/anxo-baranga\/","name":"Anxo Baranga - Munt de Mots","isPartOf":{"@id":"http:\/\/www.muntdemots.org\/2014\/#website"},"datePublished":"2014-09-18T17:47:13+00:00","dateModified":"2014-09-23T11:12:35+00:00","breadcrumb":{"@id":"http:\/\/www.muntdemots.org\/2014\/participants\/anxo-baranga\/#breadcrumb"},"inLanguage":"ca","potentialAction":[{"@type":"ReadAction","target":["http:\/\/www.muntdemots.org\/2014\/participants\/anxo-baranga\/"]}]},{"@type":"BreadcrumbList","@id":"http:\/\/www.muntdemots.org\/2014\/participants\/anxo-baranga\/#breadcrumb","itemListElement":[{"@type":"ListItem","position":1,"name":"Inici","item":"http:\/\/www.muntdemots.org\/2014\/"},{"@type":"ListItem","position":2,"name":"Participants","item":"http:\/\/www.muntdemots.org\/2014\/participants\/"},{"@type":"ListItem","position":3,"name":"Anxo Baranga"}]},{"@type":"WebSite","@id":"http:\/\/www.muntdemots.org\/2014\/#website","url":"http:\/\/www.muntdemots.org\/2014\/","name":"Munt de Mots","description":"","potentialAction":[{"@type":"SearchAction","target":{"@type":"EntryPoint","urlTemplate":"http:\/\/www.muntdemots.org\/2014\/?s={search_term_string}"},"query-input":"required name=search_term_string"}],"inLanguage":"ca"}]}},"_links":{"self":[{"href":"http:\/\/www.muntdemots.org\/2014\/wp-json\/wp\/v2\/pages\/7196"}],"collection":[{"href":"http:\/\/www.muntdemots.org\/2014\/wp-json\/wp\/v2\/pages"}],"about":[{"href":"http:\/\/www.muntdemots.org\/2014\/wp-json\/wp\/v2\/types\/page"}],"author":[{"embeddable":true,"href":"http:\/\/www.muntdemots.org\/2014\/wp-json\/wp\/v2\/users\/1"}],"replies":[{"embeddable":true,"href":"http:\/\/www.muntdemots.org\/2014\/wp-json\/wp\/v2\/comments?post=7196"}],"version-history":[{"count":3,"href":"http:\/\/www.muntdemots.org\/2014\/wp-json\/wp\/v2\/pages\/7196\/revisions"}],"predecessor-version":[{"id":7238,"href":"http:\/\/www.muntdemots.org\/2014\/wp-json\/wp\/v2\/pages\/7196\/revisions\/7238"}],"up":[{"embeddable":true,"href":"http:\/\/www.muntdemots.org\/2014\/wp-json\/wp\/v2\/pages\/4"}],"wp:attachment":[{"href":"http:\/\/www.muntdemots.org\/2014\/wp-json\/wp\/v2\/media?parent=7196"}],"curies":[{"name":"wp","href":"https:\/\/api.w.org\/{rel}","templated":true}]}}

<p style="text-align: justify;"><img decoding="async" loading="lazy" class="alignright wp-image-7197" src="http://www.muntdemots.org/2014/wp-content/uploads/2014/09/10466768_10152275984184633_1008703124_n.jpg" alt="10466768_10152275984184633_1008703124_n" width="96" height="151" srcset="http://www.muntdemots.org/2014/wp-content/uploads/2014/09/10466768_10152275984184633_1008703124_n.jpg 611w, http://www.muntdemots.org/2014/wp-content/uploads/2014/09/10466768_10152275984184633_1008703124_n-190x300.jpg 190w" sizes="(max-width: 96px) 100vw, 96px" />Neix a Córgomo, Ourense, Galiza. Resideix a Barcelona des de 1979. Pintor, dibuixant, actor, activista cultural. Des dels anys 80 compagina exposicions de pintura, amb il·lustracions en llibres, revistes i també amb la creació de grups de teatre. Des de 2012 col·labora amb l&#8217;ACGB (<a title="Asamblea cultural galega de Barcelona" href="http://acgb.cat/" target="_blank">Asemblea Cultural Galega de Barcelona</a>) i l’Ateneu Roig en diversos projectes culturals. Amb en Rubén Martínez crea el projecte de narració oral “Històries del Cercle Roig”.</p>
<p style="text-align: justify;">Espectacles: <a href="/2014/events/galiza/">Galiza</a></p>

<p>Neix a Córgomo, Ourense, Galiza. Resideix a Barcelona des de 1979. Pintor, dibuixant, actor, activista cultural. Des dels anys 80 compagina exposicions de pintura, amb il·lustracions en llibres, revistes i també amb la creació de grups de teatre. Des de 2012 col·labora amb l&#8217;ACGB (Asemblea Cultural Galega de Barcelona) i l’Ateneu Roig en diversos projectes [&hellip;]</p>

<!-- This site is optimized with the Yoast SEO plugin v20.5 - https://yoast.com/wordpress/plugins/seo/ -->
<title>Anxo Baranga - Munt de Mots</title>
<meta name="robots" content="index, follow, max-snippet:-1, max-image-preview:large, max-video-preview:-1" />
<link rel="canonical" href="http://www.muntdemots.org/2014/participants/anxo-baranga/" />
<meta property="og:locale" content="ca_ES" />
<meta property="og:type" content="article" />
<meta property="og:title" content="Anxo Baranga - Munt de Mots" />
<meta property="og:description" content="Neix a Córgomo, Ourense, Galiza. Resideix a Barcelona des de 1979. Pintor, dibuixant, actor, activista cultural. Des dels anys 80 compagina exposicions de pintura, amb il·lustracions en llibres, revistes i també amb la creació de grups de teatre. Des de 2012 col·labora amb l&#8217;ACGB (Asemblea Cultural Galega de Barcelona) i l’Ateneu Roig en diversos projectes [&hellip;]" />
<meta property="og:url" content="http://www.muntdemots.org/2014/participants/anxo-baranga/" />
<meta property="og:site_name" content="Munt de Mots" />
<meta property="article:publisher" content="https://www.facebook.com/FestivalMuntdeMots" />
<meta property="article:modified_time" content="2014-09-23T11:12:35+00:00" />
<meta property="og:image" content="http://www.muntdemots.org/2014/wp-content/uploads/2014/09/10466768_10152275984184633_1008703124_n.jpg" />
<meta name="twitter:card" content="summary_large_image" />
<meta name="twitter:site" content="@muntdemots" />
<script type="application/ld+json" class="yoast-schema-graph">{"@context":"https://schema.org","@graph":[{"@type":"WebPage","@id":"http://www.muntdemots.org/2014/participants/anxo-baranga/","url":"http://www.muntdemots.org/2014/participants/anxo-baranga/","name":"Anxo Baranga - Munt de Mots","isPartOf":{"@id":"http://www.muntdemots.org/2014/#website"},"datePublished":"2014-09-18T17:47:13+00:00","dateModified":"2014-09-23T11:12:35+00:00","breadcrumb":{"@id":"http://www.muntdemots.org/2014/participants/anxo-baranga/#breadcrumb"},"inLanguage":"ca","potentialAction":[{"@type":"ReadAction","target":["http://www.muntdemots.org/2014/participants/anxo-baranga/"]}]},{"@type":"BreadcrumbList","@id":"http://www.muntdemots.org/2014/participants/anxo-baranga/#breadcrumb","itemListElement":[{"@type":"ListItem","position":1,"name":"Inici","item":"http://www.muntdemots.org/2014/"},{"@type":"ListItem","position":2,"name":"Participants","item":"http://www.muntdemots.org/2014/participants/"},{"@type":"ListItem","position":3,"name":"Anxo Baranga"}]},{"@type":"WebSite","@id":"http://www.muntdemots.org/2014/#website","url":"http://www.muntdemots.org/2014/","name":"Munt de Mots","description":"","potentialAction":[{"@type":"SearchAction","target":{"@type":"EntryPoint","urlTemplate":"http://www.muntdemots.org/2014/?s={search_term_string}"},"query-input":"required name=search_term_string"}],"inLanguage":"ca"}]}</script>
<!-- / Yoast SEO plugin. -->

Neix a Córgomo, Ourense, Galiza. Resideix a Barcelona des de 1979. Pintor, dibuixant, actor, activista cultural. Des dels anys 80 compagina exposicions de pintura, amb il·lustracions en llibres, revistes i també amb la creació de grups de teatre. Des de 2012 col·labora amb l&#8217;ACGB (Asemblea Cultural Galega de Barcelona) i l’Ateneu Roig en diversos projectes [&hellip;]
