{"id":6065,"date":"2012-10-18T13:03:31","date_gmt":"2012-10-18T13:03:31","guid":{"rendered":"http:\/\/www.muntdemots.org\/2012\/?page_id=6065"},"modified":"2014-10-27T20:02:59","modified_gmt":"2014-10-27T20:02:59","slug":"televisio-i-audiovisuals","status":"publish","type":"page","link":"http:\/\/www.muntdemots.org\/2014\/premsa\/televisio-i-audiovisuals\/","title":{"rendered":"Televisi\u00f3 i audiovisuals"},"content":{"rendered":"<p>En aquesta p\u00e0gina hi trobareu tot el contingut audiovisual que s&#8217;ha generat al llarg del Munt de Mots 2014<\/p>\n<p><a href=\"https:\/\/www.youtube.com\/watch?v=iO-UXHLdPEU&amp;feature=youtu.be\">El Festival Munt de Mots fa parada a Cardedeu. <strong>Televisi\u00f3 de Cardedeu.<\/strong><\/a><\/p>\n<p><a href=\"http:\/\/www.gavatv.cat\/gtv\/capitol\/muntdemots-torna-a-gava\">Granotes, gripaus i altres trifulgues, amb Cesc Serrat a Gav\u00e0.<strong> Gav\u00e0 Televisi\u00f3.<\/strong><\/a><\/p>\n<p><a href=\"http:\/\/www.gavatv.cat\/gtv\/capitol\/muntdemots-torna-a-gava\">Connexi\u00f3 en directa moments abans de la inauguraci\u00f3 a Luz de Gas. <strong>Connexi\u00f3 Barcelona. BTV.<\/strong><\/a><\/p>\n<p><a href=\"http:\/\/www.btv.cat\/btvnoticies\/2014\/10\/21\/una-setmana-de-contacontes-amb-el-festival-munt-de-mots\/\">Una setmana de contes amb el Festival Munt de Mots. <strong>BTV.<\/strong><\/a><\/p>\n<p><a href=\"https:\/\/www.youtube.com\/watch?v=VJCJR4RE5Is\">V\u00eddeo promocional Munt de Mots 2014. <strong>Aedo Social Films.<\/strong><\/a><\/p>\n<p><iframe loading=\"lazy\" src=\"\/\/www.youtube.com\/embed\/TKx09ECqlg0\" width=\"560\" height=\"315\" frameborder=\"0\" allowfullscreen=\"allowfullscreen\"><\/iframe><\/p>\n<p><iframe loading=\"lazy\" src=\"\/\/www.youtube.com\/embed\/YeUtZLNST5w\" width=\"420\" height=\"315\" frameborder=\"0\" allowfullscreen=\"allowfullscreen\"><\/iframe><\/p>\n<p><iframe loading=\"lazy\" src=\"\/\/www.youtube.com\/embed\/y3LlkDlxVdI\" width=\"560\" height=\"315\" frameborder=\"0\" allowfullscreen=\"allowfullscreen\"><\/iframe><\/p>\n<p><iframe loading=\"lazy\" src=\"\/\/www.youtube.com\/embed\/OK57Syh83So\" width=\"560\" height=\"315\" frameborder=\"0\" allowfullscreen=\"allowfullscreen\"><\/iframe><\/p>\n<p>M\u00e9s valoracions del p\u00fablic, reportatges i entrevistes al <a href=\"http:\/\/www.youtube.com\/user\/festivalmuntdemots\/videos?flow=grid&amp;view=0\">Canal de Youtube del Festival Munt de Mots<\/a><\/p>\n","protected":false},"excerpt":{"rendered":"<p>En aquesta p\u00e0gina hi trobareu tot el contingut audiovisual que s&#8217;ha generat al llarg del Munt de Mots 2014 El Festival Munt de Mots fa parada a Cardedeu. Televisi\u00f3 de Cardedeu. Granotes, gripaus i altres trifulgues, amb Cesc Serrat a Gav\u00e0. Gav\u00e0 Televisi\u00f3. Connexi\u00f3 en directa moments abans de la inauguraci\u00f3 a Luz de Gas. [&hellip;]<\/p>\n","protected":false},"author":1,"featured_media":0,"parent":2948,"menu_order":0,"comment_status":"open","ping_status":"open","template":"","meta":{"_mi_skip_tracking":false},"yoast_head":"<!-- This site is optimized with the Yoast SEO plugin v20.5 - https:\/\/yoast.com\/wordpress\/plugins\/seo\/ -->\n<title>Televisi\u00f3 i audiovisuals - Munt de Mots<\/title>\n<meta name=\"robots\" content=\"index, follow, max-snippet:-1, max-image-preview:large, max-video-preview:-1\" \/>\n<link rel=\"canonical\" href=\"http:\/\/www.muntdemots.org\/2014\/premsa\/televisio-i-audiovisuals\/\" \/>\n<meta property=\"og:locale\" content=\"ca_ES\" \/>\n<meta property=\"og:type\" content=\"article\" \/>\n<meta property=\"og:title\" content=\"Televisi\u00f3 i audiovisuals - Munt de Mots\" \/>\n<meta property=\"og:description\" content=\"En aquesta p\u00e0gina hi trobareu tot el contingut audiovisual que s&#8217;ha generat al llarg del Munt de Mots 2014 El Festival Munt de Mots fa parada a Cardedeu. Televisi\u00f3 de Cardedeu. Granotes, gripaus i altres trifulgues, amb Cesc Serrat a Gav\u00e0. Gav\u00e0 Televisi\u00f3. Connexi\u00f3 en directa moments abans de la inauguraci\u00f3 a Luz de Gas. [&hellip;]\" \/>\n<meta property=\"og:url\" content=\"http:\/\/www.muntdemots.org\/2014\/premsa\/televisio-i-audiovisuals\/\" \/>\n<meta property=\"og:site_name\" content=\"Munt de Mots\" \/>\n<meta property=\"article:publisher\" content=\"https:\/\/www.facebook.com\/FestivalMuntdeMots\" \/>\n<meta property=\"article:modified_time\" content=\"2014-10-27T20:02:59+00:00\" \/>\n<meta name=\"twitter:card\" content=\"summary_large_image\" \/>\n<meta name=\"twitter:site\" content=\"@muntdemots\" \/>\n<script type=\"application\/ld+json\" class=\"yoast-schema-graph\">{\"@context\":\"https:\/\/schema.org\",\"@graph\":[{\"@type\":\"WebPage\",\"@id\":\"http:\/\/www.muntdemots.org\/2014\/premsa\/televisio-i-audiovisuals\/\",\"url\":\"http:\/\/www.muntdemots.org\/2014\/premsa\/televisio-i-audiovisuals\/\",\"name\":\"Televisi\u00f3 i audiovisuals - Munt de Mots\",\"isPartOf\":{\"@id\":\"http:\/\/www.muntdemots.org\/2014\/#website\"},\"datePublished\":\"2012-10-18T13:03:31+00:00\",\"dateModified\":\"2014-10-27T20:02:59+00:00\",\"breadcrumb\":{\"@id\":\"http:\/\/www.muntdemots.org\/2014\/premsa\/televisio-i-audiovisuals\/#breadcrumb\"},\"inLanguage\":\"ca\",\"potentialAction\":[{\"@type\":\"ReadAction\",\"target\":[\"http:\/\/www.muntdemots.org\/2014\/premsa\/televisio-i-audiovisuals\/\"]}]},{\"@type\":\"BreadcrumbList\",\"@id\":\"http:\/\/www.muntdemots.org\/2014\/premsa\/televisio-i-audiovisuals\/#breadcrumb\",\"itemListElement\":[{\"@type\":\"ListItem\",\"position\":1,\"name\":\"Inici\",\"item\":\"http:\/\/www.muntdemots.org\/2014\/\"},{\"@type\":\"ListItem\",\"position\":2,\"name\":\"Premsa\",\"item\":\"http:\/\/www.muntdemots.org\/2014\/premsa\/\"},{\"@type\":\"ListItem\",\"position\":3,\"name\":\"Televisi\u00f3 i audiovisuals\"}]},{\"@type\":\"WebSite\",\"@id\":\"http:\/\/www.muntdemots.org\/2014\/#website\",\"url\":\"http:\/\/www.muntdemots.org\/2014\/\",\"name\":\"Munt de Mots\",\"description\":\"\",\"potentialAction\":[{\"@type\":\"SearchAction\",\"target\":{\"@type\":\"EntryPoint\",\"urlTemplate\":\"http:\/\/www.muntdemots.org\/2014\/?s={search_term_string}\"},\"query-input\":\"required name=search_term_string\"}],\"inLanguage\":\"ca\"}]}<\/script>\n<!-- \/ Yoast SEO plugin. -->","yoast_head_json":{"title":"Televisi\u00f3 i audiovisuals - Munt de Mots","robots":{"index":"index","follow":"follow","max-snippet":"max-snippet:-1","max-image-preview":"max-image-preview:large","max-video-preview":"max-video-preview:-1"},"canonical":"http:\/\/www.muntdemots.org\/2014\/premsa\/televisio-i-audiovisuals\/","og_locale":"ca_ES","og_type":"article","og_title":"Televisi\u00f3 i audiovisuals - Munt de Mots","og_description":"En aquesta p\u00e0gina hi trobareu tot el contingut audiovisual que s&#8217;ha generat al llarg del Munt de Mots 2014 El Festival Munt de Mots fa parada a Cardedeu. Televisi\u00f3 de Cardedeu. Granotes, gripaus i altres trifulgues, amb Cesc Serrat a Gav\u00e0. Gav\u00e0 Televisi\u00f3. Connexi\u00f3 en directa moments abans de la inauguraci\u00f3 a Luz de Gas. [&hellip;]","og_url":"http:\/\/www.muntdemots.org\/2014\/premsa\/televisio-i-audiovisuals\/","og_site_name":"Munt de Mots","article_publisher":"https:\/\/www.facebook.com\/FestivalMuntdeMots","article_modified_time":"2014-10-27T20:02:59+00:00","twitter_card":"summary_large_image","twitter_site":"@muntdemots","schema":{"@context":"https:\/\/schema.org","@graph":[{"@type":"WebPage","@id":"http:\/\/www.muntdemots.org\/2014\/premsa\/televisio-i-audiovisuals\/","url":"http:\/\/www.muntdemots.org\/2014\/premsa\/televisio-i-audiovisuals\/","name":"Televisi\u00f3 i audiovisuals - Munt de Mots","isPartOf":{"@id":"http:\/\/www.muntdemots.org\/2014\/#website"},"datePublished":"2012-10-18T13:03:31+00:00","dateModified":"2014-10-27T20:02:59+00:00","breadcrumb":{"@id":"http:\/\/www.muntdemots.org\/2014\/premsa\/televisio-i-audiovisuals\/#breadcrumb"},"inLanguage":"ca","potentialAction":[{"@type":"ReadAction","target":["http:\/\/www.muntdemots.org\/2014\/premsa\/televisio-i-audiovisuals\/"]}]},{"@type":"BreadcrumbList","@id":"http:\/\/www.muntdemots.org\/2014\/premsa\/televisio-i-audiovisuals\/#breadcrumb","itemListElement":[{"@type":"ListItem","position":1,"name":"Inici","item":"http:\/\/www.muntdemots.org\/2014\/"},{"@type":"ListItem","position":2,"name":"Premsa","item":"http:\/\/www.muntdemots.org\/2014\/premsa\/"},{"@type":"ListItem","position":3,"name":"Televisi\u00f3 i audiovisuals"}]},{"@type":"WebSite","@id":"http:\/\/www.muntdemots.org\/2014\/#website","url":"http:\/\/www.muntdemots.org\/2014\/","name":"Munt de Mots","description":"","potentialAction":[{"@type":"SearchAction","target":{"@type":"EntryPoint","urlTemplate":"http:\/\/www.muntdemots.org\/2014\/?s={search_term_string}"},"query-input":"required name=search_term_string"}],"inLanguage":"ca"}]}},"_links":{"self":[{"href":"http:\/\/www.muntdemots.org\/2014\/wp-json\/wp\/v2\/pages\/6065"}],"collection":[{"href":"http:\/\/www.muntdemots.org\/2014\/wp-json\/wp\/v2\/pages"}],"about":[{"href":"http:\/\/www.muntdemots.org\/2014\/wp-json\/wp\/v2\/types\/page"}],"author":[{"embeddable":true,"href":"http:\/\/www.muntdemots.org\/2014\/wp-json\/wp\/v2\/users\/1"}],"replies":[{"embeddable":true,"href":"http:\/\/www.muntdemots.org\/2014\/wp-json\/wp\/v2\/comments?post=6065"}],"version-history":[{"count":26,"href":"http:\/\/www.muntdemots.org\/2014\/wp-json\/wp\/v2\/pages\/6065\/revisions"}],"predecessor-version":[{"id":7636,"href":"http:\/\/www.muntdemots.org\/2014\/wp-json\/wp\/v2\/pages\/6065\/revisions\/7636"}],"up":[{"embeddable":true,"href":"http:\/\/www.muntdemots.org\/2014\/wp-json\/wp\/v2\/pages\/2948"}],"wp:attachment":[{"href":"http:\/\/www.muntdemots.org\/2014\/wp-json\/wp\/v2\/media?parent=6065"}],"curies":[{"name":"wp","href":"https:\/\/api.w.org\/{rel}","templated":true}]}}

Televisió i audiovisuals

<p>En aquesta pàgina hi trobareu tot el contingut audiovisual que s&#8217;ha generat al llarg del Munt de Mots 2014</p>
<p><a href="https://www.youtube.com/watch?v=iO-UXHLdPEU&amp;feature=youtu.be">El Festival Munt de Mots fa parada a Cardedeu. <strong>Televisió de Cardedeu.</strong></a></p>
<p><a href="http://www.gavatv.cat/gtv/capitol/muntdemots-torna-a-gava">Granotes, gripaus i altres trifulgues, amb Cesc Serrat a Gavà.<strong> Gavà Televisió.</strong></a></p>
<p><a href="http://www.gavatv.cat/gtv/capitol/muntdemots-torna-a-gava">Connexió en directa moments abans de la inauguració a Luz de Gas. <strong>Connexió Barcelona. BTV.</strong></a></p>
<p><a href="http://www.btv.cat/btvnoticies/2014/10/21/una-setmana-de-contacontes-amb-el-festival-munt-de-mots/">Una setmana de contes amb el Festival Munt de Mots. <strong>BTV.</strong></a></p>
<p><a href="https://www.youtube.com/watch?v=VJCJR4RE5Is">Vídeo promocional Munt de Mots 2014. <strong>Aedo Social Films.</strong></a></p>
<p><iframe loading="lazy" src="//www.youtube.com/embed/TKx09ECqlg0" width="560" height="315" frameborder="0" allowfullscreen="allowfullscreen"></iframe></p>
<p><iframe loading="lazy" src="//www.youtube.com/embed/YeUtZLNST5w" width="420" height="315" frameborder="0" allowfullscreen="allowfullscreen"></iframe></p>
<p><iframe loading="lazy" src="//www.youtube.com/embed/y3LlkDlxVdI" width="560" height="315" frameborder="0" allowfullscreen="allowfullscreen"></iframe></p>
<p><iframe loading="lazy" src="//www.youtube.com/embed/OK57Syh83So" width="560" height="315" frameborder="0" allowfullscreen="allowfullscreen"></iframe></p>
<p>Més valoracions del públic, reportatges i entrevistes al <a href="http://www.youtube.com/user/festivalmuntdemots/videos?flow=grid&amp;view=0">Canal de Youtube del Festival Munt de Mots</a></p>

<p>En aquesta pàgina hi trobareu tot el contingut audiovisual que s&#8217;ha generat al llarg del Munt de Mots 2014 El Festival Munt de Mots fa parada a Cardedeu. Televisió de Cardedeu. Granotes, gripaus i altres trifulgues, amb Cesc Serrat a Gavà. Gavà Televisió. Connexió en directa moments abans de la inauguració a Luz de Gas. [&hellip;]</p>

<!-- This site is optimized with the Yoast SEO plugin v20.5 - https://yoast.com/wordpress/plugins/seo/ -->
<title>Televisió i audiovisuals - Munt de Mots</title>
<meta name="robots" content="index, follow, max-snippet:-1, max-image-preview:large, max-video-preview:-1" />
<link rel="canonical" href="http://www.muntdemots.org/2014/premsa/televisio-i-audiovisuals/" />
<meta property="og:locale" content="ca_ES" />
<meta property="og:type" content="article" />
<meta property="og:title" content="Televisió i audiovisuals - Munt de Mots" />
<meta property="og:description" content="En aquesta pàgina hi trobareu tot el contingut audiovisual que s&#8217;ha generat al llarg del Munt de Mots 2014 El Festival Munt de Mots fa parada a Cardedeu. Televisió de Cardedeu. Granotes, gripaus i altres trifulgues, amb Cesc Serrat a Gavà. Gavà Televisió. Connexió en directa moments abans de la inauguració a Luz de Gas. [&hellip;]" />
<meta property="og:url" content="http://www.muntdemots.org/2014/premsa/televisio-i-audiovisuals/" />
<meta property="og:site_name" content="Munt de Mots" />
<meta property="article:publisher" content="https://www.facebook.com/FestivalMuntdeMots" />
<meta property="article:modified_time" content="2014-10-27T20:02:59+00:00" />
<meta name="twitter:card" content="summary_large_image" />
<meta name="twitter:site" content="@muntdemots" />
<script type="application/ld+json" class="yoast-schema-graph">{"@context":"https://schema.org","@graph":[{"@type":"WebPage","@id":"http://www.muntdemots.org/2014/premsa/televisio-i-audiovisuals/","url":"http://www.muntdemots.org/2014/premsa/televisio-i-audiovisuals/","name":"Televisió i audiovisuals - Munt de Mots","isPartOf":{"@id":"http://www.muntdemots.org/2014/#website"},"datePublished":"2012-10-18T13:03:31+00:00","dateModified":"2014-10-27T20:02:59+00:00","breadcrumb":{"@id":"http://www.muntdemots.org/2014/premsa/televisio-i-audiovisuals/#breadcrumb"},"inLanguage":"ca","potentialAction":[{"@type":"ReadAction","target":["http://www.muntdemots.org/2014/premsa/televisio-i-audiovisuals/"]}]},{"@type":"BreadcrumbList","@id":"http://www.muntdemots.org/2014/premsa/televisio-i-audiovisuals/#breadcrumb","itemListElement":[{"@type":"ListItem","position":1,"name":"Inici","item":"http://www.muntdemots.org/2014/"},{"@type":"ListItem","position":2,"name":"Premsa","item":"http://www.muntdemots.org/2014/premsa/"},{"@type":"ListItem","position":3,"name":"Televisió i audiovisuals"}]},{"@type":"WebSite","@id":"http://www.muntdemots.org/2014/#website","url":"http://www.muntdemots.org/2014/","name":"Munt de Mots","description":"","potentialAction":[{"@type":"SearchAction","target":{"@type":"EntryPoint","urlTemplate":"http://www.muntdemots.org/2014/?s={search_term_string}"},"query-input":"required name=search_term_string"}],"inLanguage":"ca"}]}</script>
<!-- / Yoast SEO plugin. -->

Televisió i audiovisuals - Munt de Mots

En aquesta pàgina hi trobareu tot el contingut audiovisual que s&#8217;ha generat al llarg del Munt de Mots 2014 El Festival Munt de Mots fa parada a Cardedeu. Televisió de Cardedeu. Granotes, gripaus i altres trifulgues, amb Cesc Serrat a Gavà. Gavà Televisió. Connexió en directa moments abans de la inauguració a Luz de Gas. [&hellip;]
