{"id":3404,"date":"2012-07-01T16:15:07","date_gmt":"2012-07-01T16:15:07","guid":{"rendered":"http:\/\/www.muntdemots.org\/?page_id=3404"},"modified":"2014-10-05T23:18:05","modified_gmt":"2014-10-05T23:18:05","slug":"27oct","status":"publish","type":"page","link":"http:\/\/www.muntdemots.org\/2014\/calendari\/27oct\/","title":{"rendered":"Dissabte 25 d&#8217;octubre"},"content":{"rendered":"<p><strong>LA PARAULA TROBADA<\/strong><\/p>\n<p><strong>Diversos Narradors\/es<\/strong><\/p>\n<p>Un cop cada dos anys es fa aquesta marat\u00f3 de contes per a nens i nenes, amb la participaci\u00f3 de contacontes que s\u2019han format en els tallers \u201cAtrapa la Paraula\u201d de Biblioteques de Barcelona: Betty Alemany, Elisabeth Puentes, Judith Navarro, Julia P\u00e9rez, Miquel Bes, Montse Guix, Rosa Pinyol i Virginia Coquillat.<\/p>\n<p>Infantil \/ Catal\u00e0 i castell\u00e0<br \/>\nHora: 11.00h a 13.00h<\/p>\n<p>BIBLIOTECA FRANCESCA BONNEMAISON<br \/>\nActivitat gratu\u00efta<\/p>\n<p><strong>Xerrada- Taller<\/strong><\/p>\n<p><strong> EINES <\/strong><strong>INFORM\u00c0TIQUES PER A LA GESTI\u00d3 DEL TREBALL DEL CONTACONTES<br \/>\nAlbert Marqu\u00e9s (Catalunya)<\/strong><\/p>\n<p>Un dels principals maldecaps de qualsevol contacontes que comenci (i que continu\u00ef) amb l&#8217;ofici \u00e9s el \u201cfosc i complicad\u00edssim\u201d tema dels comptes. Hisenda, aut\u00f2noms, ep\u00edgrafs, promoci\u00f3 a internet, etc. Albert Marqu\u00e9s compartir\u00e0 generosament els seus coneixements al respecte. Per fi! Llum al final del t\u00fanel!<\/p>\n<p><strong>Dirigit a narradors\/es<\/strong> \/ Catal\u00e0<br \/>\nHora: 11.00h<\/p>\n<p><a title=\"Biblioteca Sant Antoni\" href=\"http:\/\/www.bcn.cat\/bibjoanoliver\" target=\"_blank\">BIBLIOTECA DE SANT ANTONI<\/a><br \/>\nActivitat gratu\u00efta<\/p>\n<p>Cal trucar abans a la Biblioteca per inscriure&#8217;s.<\/p>\n<p><strong>\u00a0<\/strong><\/p>\n<p><strong>CONTEM CONTANT CONTES<br \/>\nGrup Vadecontes<\/strong><\/p>\n<p>VadeContes \u00e9s un col\u00b7lectiu de rondallaires de l\u2019ull viu. Ens presentaran contes populars catalans adaptats per ells mateixos, com el drac de Banyoles, la flor romanial, el gall de les botes grogues i el peix Nicolau.<\/p>\n<p>Infantil \/ Catal\u00e0<br \/>\nHora: 12.00h<\/p>\n<p><a title=\"Centre C\u00edvic El Surtidor\" href=\"http:\/\/ccivics.bcn.cat\/elsortidor\" target=\"_blank\">CENTRE C\u00cdVIC EL SORTIDOR<\/a><br \/>\nActivitat gratu\u00efta<\/p>\n<p><strong>TROBADA DE NARRADORS I NARRADORES ORALS:<\/strong><\/p>\n<p><em>PERSPECTIVA DE LA NARRACI\u00d3 ORAL A BARCELONA I CATALUNYA<\/em><\/p>\n<p>Estan convidats a compartir idees i reflexions sobre aquest tema, tots i totes, els i les contacontes del nostre pa\u00eds. Ser\u00e0 una bona oportunitat per con\u00e8ixer de prop el que fan i pensen els companys i companyes de professi\u00f3 en aquest temps que vivim. I fer una ullada cap al futur.<\/p>\n<p>Adults \/ Catal\u00e0 i castell\u00e0<br \/>\nHora: 16.00h<\/p>\n<p><a href=\"http:\/\/www.bcn.cat\/centrecivicpatillimona\">CENTRE C\u00cdVIC PATI LLIMONA<\/a><br \/>\nActivitat gratu\u00efta<\/p>\n<p>&nbsp;<\/p>\n<p><strong>CONTES DE WOODY ALLEN<br \/>\nDavid Planas, de Vadecontes (Catalunya)<\/strong><\/p>\n<p>Absurds, c\u00e0ustics, delirantment l\u00f2gics. Una tria feta per garantir una hora de bon humor de la m\u00e0 de David Planas i la ploma d\u2019un mestre: Woody Allen. Si t\u2019agraden les seves pel\u00b7l\u00edcules, t\u2019agradaran els seus contes.<\/p>\n<p>Adults \/ Catal\u00e0<br \/>\nHora: 18.30h<\/p>\n<p><a href=\"http:\/\/w3.bcn.es\/V51\/Home\/V51HomeLinkPl\/0,3989,526653874,00.html\">BIBLIOTECA SAGRADA FAM\u00cdLIA<\/a><br \/>\nActivitat gratu\u00efta<\/p>\n<p><strong>CUENTAE LINGUAE<\/strong><\/p>\n<p>Aquest any farem una excepci\u00f3. Sempre dediquem aquest espai a escoltar contes en diferents lleng\u00fces (japon\u00e8s, alemany, euskera, itali\u00e0, franc\u00e8s, portugu\u00e8s, sabir&#8230;) Ara, els toca el torn a les diferents\u00a0varietats geogr\u00e0fiques del territori ling\u00fc\u00edstic de la llengua catalana aix\u00ed com als diferents\u00a0accents en veus d&#8217;altres pa\u00efsos o comunitats.<\/p>\n<p>Adults \/ Varietats geogr\u00e0fiques i accents del catal\u00e0!<\/p>\n<p>Hora: 19.00h<\/p>\n<p><a href=\"http:\/\/www.bcn.cat\/centrecivicpatillimona\">CENTRE C\u00cdVIC PATI LLIMONA<\/a><br \/>\nActivitat gratu\u00efta<\/p>\n<p>&nbsp;<\/p>\n<p><strong>EL DIT A LA LLAGA<br \/>\nJordina Biosca (Catalunya)<\/strong><\/p>\n<p>Hist\u00f2ries d\u2019aquelles que parlen del govern, de la sogra i de l\u2019amant del pare&#8230; De vaques sagrades i d\u2019arist\u00f2crates comunistes, de generals molt monos i de vells amb escopetes a l\u2019espatlla&#8230; \u00a0Successos tan inesperats que al capdavall resulten tan o m\u00e9s l\u00f2gics que all\u00f2 que suposadament haurien d\u2019haver estat&#8230;<\/p>\n<p>Adults \/ Catal\u00e0<br \/>\nHora: 20.30h<\/p>\n<p><a href=\"http:\/\/www.harlemjazzclub.es\/\">HARLEM JAZZ CLUB\u2028<\/a><br \/>\nEntrada: 6 \u20ac<\/p>\n<p>&nbsp;<\/p>\n<p><strong>SOPEM?<br \/>\nLaura Rodr\u00edguez (Catalunya)<\/strong><\/p>\n<p>La Pili Sabroso no \u00e9s cuinera, per\u00f2 sap fer uns entrants fant\u00e0stics; no \u00e9s historiadora, per\u00f2 se sap de mem\u00f2ria la hist\u00f2ria de la vichyssoise; \u00e9s soltera, per\u00f2 coneix plats afrodis\u00edacs. En fi! Un pou de sorpreses de la m\u00e0 de Laura Rodr\u00edguez i Pili Sabroso.<\/p>\n<p>Adults \/ Catal\u00e0 i castell\u00e0<br \/>\nHora: 18.00h<\/p>\n<p><a title=\"Almazen\" href=\"http:\/\/www.almazen.net\/\" target=\"_blank\">ALMAZEN<\/a><br \/>\nTaquilla: 10\u20ac \/ Socis i Atr\u00e1palo: 8\u20ac<\/p>\n<p>Entrades anticipades: 6\u20ac<\/p>\n<p><strong>VARIACIONES<\/strong><\/p>\n<p><strong>Rub\u00e9n Mart\u00ednez Santana, narrador (Vene\u00e7uela &#8211; Catalunya)<\/strong><\/p>\n<p><strong>Borja Riquelme, piano (Andalusia &#8211; Catalunya)<\/strong><\/p>\n<p><b>C<\/b>ontes, hist\u00f2ries i can\u00e7ons a partir d\u2019alguns temes del repertori pian\u00edstic universal, del per\u00edode Barroc a l\u2019Impressionisme. Clara Schumann, Bach, Brahms, Fanny Mendelssohn s\u00f3n intervinguts per generar noves peces&#8230; Espectacle en qu\u00e8 Rub\u00e9n Mart\u00ednez Santana celebra 30 anys contant contes (1984-2014)<\/p>\n<p>Adults \/ Castell\u00e0<br \/>\nHora: 18.00h<\/p>\n<p><a href=\"http:\/\/www.museumusica.bcn.es\/\">MUSEU DE LA M\u00daSICA\u2028<\/a>\u00a0L\u2019Auditori<br \/>\nEntrada al Museu: gratu\u00efta<\/p>\n<p>Entrada a l&#8217;espectacle: 2\u20ac<br \/>\nAforament limitat<\/p>\n<p>&nbsp;<\/p>\n<p><strong>Exposici\u00f3 &#8211; MUNT D\u2019ILUSTRACIONS<br \/>\nDiversos\/es autors\/es<\/strong><\/p>\n<p>Un grup d\u2019il\u00b7lustradors\/es estar\u00e0 ca\u00e7ant imatges a les diferents activitats programades. Captaran els detalls de cada sessi\u00f3, de cada conte contat&#8230; Les seves il\u00b7lustracions s\u2019aniran afegint a l\u2019exposici\u00f3 dia a dia i segons com vagin arribant. Cada dia, Munt d\u2019Il\u00b7lustracions presentar\u00e0 obres noves. La nit de la Cloenda del Festival, l&#8217;exposici\u00f3 estar\u00e0 acabada i la podrem inaugurar!<\/p>\n<p>Activitat gratu\u00efta<\/p>\n<p>&nbsp;<\/p>\n<p><strong>CLOENDA DEL FESTIVAL<\/strong><\/p>\n<p><strong>Diversos Narradors<\/strong><\/p>\n<p>Per acomiadar aquesta edici\u00f3 del Festival, uns quants dels contacontes que l\u2019han fet possible es reuneixen i tornen a contar, amb l\u2019alegria de la trobada i la certesa que es tornaran a veure molt aviat. \u00c9s una ocasi\u00f3 perfecta per gaudir d\u2019una sessi\u00f3 \u00fanica i irrepetible, amb alguns dels millors narradors del pa\u00eds.<\/p>\n<p>Adults \/ Catal\u00e0 i castell\u00e0<br \/>\nHora: 22.30h<\/p>\n<p><a href=\"http:\/\/www.bcn.cat\/centrecivicpatillimona\">CENTRE C\u00cdVIC PATI LLIMONA<\/a><br \/>\nTaquilla Inversa (a la sortida col\u00b7labora amb l\u2019import que creguis convenient)<\/p>\n<p>Aforament limitat<\/p>\n","protected":false},"excerpt":{"rendered":"<p>LA PARAULA TROBADA Diversos Narradors\/es Un cop cada dos anys es fa aquesta marat\u00f3 de contes per a nens i nenes, amb la participaci\u00f3 de contacontes que s\u2019han format en els tallers \u201cAtrapa la Paraula\u201d de Biblioteques de Barcelona: Betty Alemany, Elisabeth Puentes, Judith Navarro, Julia P\u00e9rez, Miquel Bes, Montse Guix, Rosa Pinyol i Virginia [&hellip;]<\/p>\n","protected":false},"author":1,"featured_media":0,"parent":4928,"menu_order":0,"comment_status":"open","ping_status":"closed","template":"","meta":{"_mi_skip_tracking":false},"yoast_head":"<!-- This site is optimized with the Yoast SEO plugin v20.5 - https:\/\/yoast.com\/wordpress\/plugins\/seo\/ -->\n<title>Dissabte 25 d&#039;octubre - Munt de Mots<\/title>\n<meta name=\"robots\" content=\"index, follow, max-snippet:-1, max-image-preview:large, max-video-preview:-1\" \/>\n<link rel=\"canonical\" href=\"http:\/\/www.muntdemots.org\/2014\/calendari\/27oct\/\" \/>\n<meta property=\"og:locale\" content=\"ca_ES\" \/>\n<meta property=\"og:type\" content=\"article\" \/>\n<meta property=\"og:title\" content=\"Dissabte 25 d&#039;octubre - Munt de Mots\" \/>\n<meta property=\"og:description\" content=\"LA PARAULA TROBADA Diversos Narradors\/es Un cop cada dos anys es fa aquesta marat\u00f3 de contes per a nens i nenes, amb la participaci\u00f3 de contacontes que s\u2019han format en els tallers \u201cAtrapa la Paraula\u201d de Biblioteques de Barcelona: Betty Alemany, Elisabeth Puentes, Judith Navarro, Julia P\u00e9rez, Miquel Bes, Montse Guix, Rosa Pinyol i Virginia [&hellip;]\" \/>\n<meta property=\"og:url\" content=\"http:\/\/www.muntdemots.org\/2014\/calendari\/27oct\/\" \/>\n<meta property=\"og:site_name\" content=\"Munt de Mots\" \/>\n<meta property=\"article:publisher\" content=\"https:\/\/www.facebook.com\/FestivalMuntdeMots\" \/>\n<meta property=\"article:modified_time\" content=\"2014-10-05T23:18:05+00:00\" \/>\n<meta name=\"twitter:card\" content=\"summary_large_image\" \/>\n<meta name=\"twitter:site\" content=\"@muntdemots\" \/>\n<meta name=\"twitter:label1\" content=\"Temps estimat de lectura\" \/>\n\t<meta name=\"twitter:data1\" content=\"4 minuts\" \/>\n<script type=\"application\/ld+json\" class=\"yoast-schema-graph\">{\"@context\":\"https:\/\/schema.org\",\"@graph\":[{\"@type\":\"WebPage\",\"@id\":\"http:\/\/www.muntdemots.org\/2014\/calendari\/27oct\/\",\"url\":\"http:\/\/www.muntdemots.org\/2014\/calendari\/27oct\/\",\"name\":\"Dissabte 25 d'octubre - Munt de Mots\",\"isPartOf\":{\"@id\":\"http:\/\/www.muntdemots.org\/2014\/#website\"},\"datePublished\":\"2012-07-01T16:15:07+00:00\",\"dateModified\":\"2014-10-05T23:18:05+00:00\",\"breadcrumb\":{\"@id\":\"http:\/\/www.muntdemots.org\/2014\/calendari\/27oct\/#breadcrumb\"},\"inLanguage\":\"ca\",\"potentialAction\":[{\"@type\":\"ReadAction\",\"target\":[\"http:\/\/www.muntdemots.org\/2014\/calendari\/27oct\/\"]}]},{\"@type\":\"BreadcrumbList\",\"@id\":\"http:\/\/www.muntdemots.org\/2014\/calendari\/27oct\/#breadcrumb\",\"itemListElement\":[{\"@type\":\"ListItem\",\"position\":1,\"name\":\"Inici\",\"item\":\"http:\/\/www.muntdemots.org\/2014\/\"},{\"@type\":\"ListItem\",\"position\":2,\"name\":\"Calendari\",\"item\":\"http:\/\/www.muntdemots.org\/2014\/calendari\/\"},{\"@type\":\"ListItem\",\"position\":3,\"name\":\"Dissabte 25 d&#8217;octubre\"}]},{\"@type\":\"WebSite\",\"@id\":\"http:\/\/www.muntdemots.org\/2014\/#website\",\"url\":\"http:\/\/www.muntdemots.org\/2014\/\",\"name\":\"Munt de Mots\",\"description\":\"\",\"potentialAction\":[{\"@type\":\"SearchAction\",\"target\":{\"@type\":\"EntryPoint\",\"urlTemplate\":\"http:\/\/www.muntdemots.org\/2014\/?s={search_term_string}\"},\"query-input\":\"required name=search_term_string\"}],\"inLanguage\":\"ca\"}]}<\/script>\n<!-- \/ Yoast SEO plugin. -->","yoast_head_json":{"title":"Dissabte 25 d'octubre - Munt de Mots","robots":{"index":"index","follow":"follow","max-snippet":"max-snippet:-1","max-image-preview":"max-image-preview:large","max-video-preview":"max-video-preview:-1"},"canonical":"http:\/\/www.muntdemots.org\/2014\/calendari\/27oct\/","og_locale":"ca_ES","og_type":"article","og_title":"Dissabte 25 d'octubre - Munt de Mots","og_description":"LA PARAULA TROBADA Diversos Narradors\/es Un cop cada dos anys es fa aquesta marat\u00f3 de contes per a nens i nenes, amb la participaci\u00f3 de contacontes que s\u2019han format en els tallers \u201cAtrapa la Paraula\u201d de Biblioteques de Barcelona: Betty Alemany, Elisabeth Puentes, Judith Navarro, Julia P\u00e9rez, Miquel Bes, Montse Guix, Rosa Pinyol i Virginia [&hellip;]","og_url":"http:\/\/www.muntdemots.org\/2014\/calendari\/27oct\/","og_site_name":"Munt de Mots","article_publisher":"https:\/\/www.facebook.com\/FestivalMuntdeMots","article_modified_time":"2014-10-05T23:18:05+00:00","twitter_card":"summary_large_image","twitter_site":"@muntdemots","twitter_misc":{"Temps estimat de lectura":"4 minuts"},"schema":{"@context":"https:\/\/schema.org","@graph":[{"@type":"WebPage","@id":"http:\/\/www.muntdemots.org\/2014\/calendari\/27oct\/","url":"http:\/\/www.muntdemots.org\/2014\/calendari\/27oct\/","name":"Dissabte 25 d'octubre - Munt de Mots","isPartOf":{"@id":"http:\/\/www.muntdemots.org\/2014\/#website"},"datePublished":"2012-07-01T16:15:07+00:00","dateModified":"2014-10-05T23:18:05+00:00","breadcrumb":{"@id":"http:\/\/www.muntdemots.org\/2014\/calendari\/27oct\/#breadcrumb"},"inLanguage":"ca","potentialAction":[{"@type":"ReadAction","target":["http:\/\/www.muntdemots.org\/2014\/calendari\/27oct\/"]}]},{"@type":"BreadcrumbList","@id":"http:\/\/www.muntdemots.org\/2014\/calendari\/27oct\/#breadcrumb","itemListElement":[{"@type":"ListItem","position":1,"name":"Inici","item":"http:\/\/www.muntdemots.org\/2014\/"},{"@type":"ListItem","position":2,"name":"Calendari","item":"http:\/\/www.muntdemots.org\/2014\/calendari\/"},{"@type":"ListItem","position":3,"name":"Dissabte 25 d&#8217;octubre"}]},{"@type":"WebSite","@id":"http:\/\/www.muntdemots.org\/2014\/#website","url":"http:\/\/www.muntdemots.org\/2014\/","name":"Munt de Mots","description":"","potentialAction":[{"@type":"SearchAction","target":{"@type":"EntryPoint","urlTemplate":"http:\/\/www.muntdemots.org\/2014\/?s={search_term_string}"},"query-input":"required name=search_term_string"}],"inLanguage":"ca"}]}},"_links":{"self":[{"href":"http:\/\/www.muntdemots.org\/2014\/wp-json\/wp\/v2\/pages\/3404"}],"collection":[{"href":"http:\/\/www.muntdemots.org\/2014\/wp-json\/wp\/v2\/pages"}],"about":[{"href":"http:\/\/www.muntdemots.org\/2014\/wp-json\/wp\/v2\/types\/page"}],"author":[{"embeddable":true,"href":"http:\/\/www.muntdemots.org\/2014\/wp-json\/wp\/v2\/users\/1"}],"replies":[{"embeddable":true,"href":"http:\/\/www.muntdemots.org\/2014\/wp-json\/wp\/v2\/comments?post=3404"}],"version-history":[{"count":81,"href":"http:\/\/www.muntdemots.org\/2014\/wp-json\/wp\/v2\/pages\/3404\/revisions"}],"predecessor-version":[{"id":7494,"href":"http:\/\/www.muntdemots.org\/2014\/wp-json\/wp\/v2\/pages\/3404\/revisions\/7494"}],"up":[{"embeddable":true,"href":"http:\/\/www.muntdemots.org\/2014\/wp-json\/wp\/v2\/pages\/4928"}],"wp:attachment":[{"href":"http:\/\/www.muntdemots.org\/2014\/wp-json\/wp\/v2\/media?parent=3404"}],"curies":[{"name":"wp","href":"https:\/\/api.w.org\/{rel}","templated":true}]}}