{"id":27,"date":"2012-07-01T16:15:56","date_gmt":"2012-07-01T16:15:56","guid":{"rendered":"http:\/\/www.muntdemots.org\/"},"modified":"2014-10-05T23:15:59","modified_gmt":"2014-10-05T23:15:59","slug":"22oct","status":"publish","type":"page","link":"http:\/\/www.muntdemots.org\/2014\/calendari\/22oct\/","title":{"rendered":"Dimecres 22 d&#8217;octubre"},"content":{"rendered":"<p style=\"text-align: justify;\"><strong>CONTES DE PERQU\u00c8, PER QU\u00c8?<br \/>\n<\/strong><strong>William \u201cWillo\u201d Arunategui <\/strong><strong>(Col\u00f2mbia- Catalunya)<\/strong><\/p>\n<p style=\"text-align: justify;\">Una sessi\u00f3 de contes on la paraula ens porta a descobrir el perqu\u00e8 dels perqu\u00e8s de les coses. Del perqu\u00e8 del dia i la nit? Del perqu\u00e8 de les corbes dels rius? Del perqu\u00e8 la tortuga t\u00e9 la seva closca a trossos? Contes cantats, mimats i parlats. Aix\u00ed que preparem-nos per confabular bombolles de somnis i somriures<\/p>\n<p style=\"text-align: justify;\">\u00a0Infantil \/ Castell\u00e0<br \/>\nHora: 17:30h<br \/>\nBIBLIOTECA JOSEP SOLER VIDAL (GAV\u00c0)<br \/>\nActivitat gratu\u00efta<\/p>\n<p style=\"text-align: justify;\"><strong>PARA\u00cdSO\u00a0PARA UNO<br \/>\n<\/strong>Joseluis Mellado (Catalunya \u2013 Xile)<\/p>\n<p style=\"text-align: justify;\">Qu\u00e8 \u00e9s el m\u00e9s important en aquesta vida? Ser sempre el guanyador de tot i sortir-nos-en sempre amb la nostra? Tenim alguna garantia d\u2019on anirem a parar quan abandonem aquesta vall, alguna cosa que ens garanteixi que serem ben rebuts&#8230;? Si vost\u00e8 encara no ha vist la llum&#8230; miri aquest espectacle!<\/p>\n<p style=\"text-align: justify;\">Adults \/ Castell\u00e0<br \/>\nHora: 19.30h<\/p>\n<p style=\"text-align: justify;\"><a title=\"Centre C\u00edvic Urgell\" href=\"http:\/\/www.ccurgell.cat\" target=\"_blank\">CENTRE C\u00cdVIC URGELL<\/a><br \/>\nActivitat gratu\u00efta<\/p>\n<p style=\"text-align: justify;\">\u00a0<strong>EL GUARDI\u00c0 DEL FAR<br \/>\n<\/strong><strong>Paco Asensio (Catalunya)<\/strong><\/p>\n<p style=\"text-align: justify;\"><strong>\u00a0<\/strong>\u201c<em>A la meva esquena la terra, al meu davant el mar. I aix\u00ed sigui.<\/em>\u201d<\/p>\n<p style=\"text-align: justify;\">Diu la llegenda que a la porta d\u2019una torre alta i ferma, l\u2019home vigilant d\u2019horitzons ha vist passar tantes hist\u00f2ries per davant&#8230; Les onades li porten all\u00f2 que pertany al mar, petxines, sirenes, pirates, princeses i monstres marins.<\/p>\n<p style=\"text-align: justify;\">Infantil \/ Catal\u00e0 i castell\u00e0<\/p>\n<p style=\"text-align: justify;\">Hora: 18.00h<\/p>\n<p style=\"text-align: justify;\"><a title=\"Biblioteca Francesc Candel\" href=\"http:\/\/www.bcn.cat\/bibfrancesccandel\" target=\"_blank\">BIBLIOTECA FRANCESC CANDEL<\/a><br \/>\nActivitat gratu\u00efta<\/p>\n<p style=\"text-align: justify;\"><strong>ENCAIXACONTES<\/strong>: <strong>SOMNIS DE CARTR\u00d3<br \/>\n<\/strong><strong>Grupo Encantacontes<\/strong> (Catalunya)<\/p>\n<p style=\"text-align: justify;\">Heus aqu\u00ed una vegada la caixa m\u00e9s meravellosa que mai no us hagueu pogut imaginar. Feta de llum d\u2019estrelles, pols de lluna i plena de formes i colors. Una caixa per jugar,\u00a0 amagar-s\u2019hi, viatjar, arraulir-s\u2019hi o fins i tot on entrar-hi per convertir-se en tot all\u00f2 que ens vulguem imaginar. Un, dos, tres, i&#8230; ENCAIXA\u2019T!<\/p>\n<p style=\"text-align: justify;\">Infantil \/ Catal\u00e0 i castell\u00e0<br \/>\nHora: 18.00h<\/p>\n<p style=\"text-align: justify;\"><a title=\"Biblioteca Nou Barris\" href=\"http:\/\/www.bcn.cat\/bibnoubarris\" target=\"_blank\">BIBLIOTECA NOU BARRIS<\/a><br \/>\nActivitat gratu\u00efta<\/p>\n<p style=\"text-align: justify;\">\u00a0<strong>CUENTOS DE ANIMALEJOS<br \/>\n<\/strong><strong>Isabela M\u00e9ndez (Vene\u00e7uela &#8211; Catalunya)<\/strong><\/p>\n<p style=\"text-align: justify;\">\u00a0Hi ha potes que s\u00f3n llanudes, \u00a0potes molt cridaneres i potes que quan avancen, ho fan sense fer soroll. Per\u00f2 el m\u00e9s important i que encara no he dit: \u00e9s que les potes sempre van enganxades a algun bitxo. De b\u00e8sties i de bitxets et parlar\u00e9 en aquesta sessi\u00f3, nom\u00e9s necessito les teves ganes i la teva atenci\u00f3.<\/p>\n<p style=\"text-align: justify;\">Infantil \/ Catal\u00e0 i castell\u00e0<br \/>\nHora: 18.00h<\/p>\n<p style=\"text-align: justify;\"><a title=\"Biblioteca camp de l'Arpa\" href=\"http:\/\/www.bcn.cat\/bibcampdelarpa\" target=\"_blank\">BIBLIOTECA CAMP DE L\u2019ARPA<\/a><br \/>\nActivitat gratu\u00efta<\/p>\n<p style=\"text-align: justify;\"><strong>NARR\u00cdN NARRAN<br \/>\n<\/strong><strong>Condu\u00eft pel grup Narr\u00edn Narran (Catalunya)<\/strong><\/p>\n<p style=\"text-align: justify;\">El grup de narradores Narr\u00edn Narran ofereix una vegada m\u00e9s una <em>jam<\/em> de contes contats. Es tracta d\u2019un espai obert i ja consolidat on a m\u00e9s de narrar elles mateixes, conviden a contar un conte a les persones del p\u00fablic que aix\u00ed ho desitgin igual que fan el tercer dimecres de cada mes al Casal de Barri Antoni Mir\u00f3.<\/p>\n<p style=\"text-align: justify;\">Adults \/ Catal\u00e0 i castell\u00e0<br \/>\nHora: 19.00h<\/p>\n<p style=\"text-align: justify;\">ESPAI ANTONI MIR\u00d3 PIRES<br \/>\nActivitat gratu\u00efta<\/p>\n<p style=\"text-align: justify;\"><strong>Confer\u00e8ncia<\/strong><\/p>\n<p style=\"text-align: justify;\"><strong>LA IRRESISTIBLE PRES\u00c8NCIA DE LA VIDA EN LA NARRACI\u00d3<br \/>\n<\/strong><strong>Jos\u00e9 manuel Garz\u00f3n (Val\u00e8ncia \u2013 Catalunya)<\/strong><\/p>\n<p style=\"text-align: justify;\">Com a narradors, qu\u00e8 volem dir, des d\u2019on, com i per qu\u00e8? No ens hem de conformar amb una bona hist\u00f2ria i la necessitat d\u2019explicar-la. Tamb\u00e9 necessitem trobar el nostre eco interior. Ser sensible significa que el narrador est\u00e0 en contacte amb tot el seu cos en tot moment; pensament, emoci\u00f3 i cos han d\u2019estar en perfecta harmonia per tal que en all\u00f2 que contem hi hagi la irresistible pres\u00e8ncia de la vida.<\/p>\n<p style=\"text-align: justify;\">Adults \/ Castell\u00e0<br \/>\nHora: 19.30h<\/p>\n<p style=\"text-align: justify;\"><strong>CENTRE D\u2019INTER\u00c8S EN LA NARRACI\u00d3 ORAL<br \/>\n<\/strong><a href=\"http:\/\/www.bcn.cat\/bibviladegracia\">BIBLIOTECA VILA DE GR\u00c0CIA\u2028<\/a><\/p>\n<p style=\"text-align: justify;\">Activitat gratu\u00efta<\/p>\n<p style=\"text-align: justify;\"><strong>HIST\u00d2RIES D\u2019AMOR INSOMNE<br \/>\n<\/strong><strong>Josep Llu\u00eds Gallardo (Catalunya)<br \/>\n<\/strong><strong>Paco Pe\u00f1aranda, m\u00fasica i acompanyament<\/strong><\/p>\n<p style=\"text-align: justify;\">L\u2019amor, igual que la mort, \u00e9s un seguit de circumst\u00e0ncies controvertides, incontrolables, l\u00facides i insospitades&#8230; un veritable misteri que ens aboca a la in\u00f2pia m\u00e9s tremenda, al desgavell m\u00e9s ultrat o a la passi\u00f3 m\u00e9s serena, segons bufi el vent, \u00e9s clar.<\/p>\n<p style=\"text-align: justify;\">Adults \/ Catal\u00e0<\/p>\n<p style=\"text-align: justify;\">Hora: 19.00h<\/p>\n<p style=\"text-align: justify;\"><a href=\"http:\/\/www.bcn.cat\/bibgotic\">BIBLIOTECA G\u00d2TIC-ANDREU NIN<\/a><br \/>\nActivitat gratu\u00efta<\/p>\n<p style=\"text-align: justify;\"><strong>MUJERES Y RESPUESTAS<br \/>\n<\/strong><strong>Rub\u00e9n Mart\u00ednez Santana \u00a0(Vene\u00e7uela &#8211; Catalunya)<\/strong><\/p>\n<p style=\"text-align: justify;\">Tres llegendes antigues en qu\u00e8 tres dones han d&#8217;enfrontar-se a les preguntes que moltes dones es fan cada dia en l&#8217;actualitat. L&#8217;amor, la mort, la fidelitat, el deure&#8230; sovint ens plantegen dif\u00edcils enigmes.<\/p>\n<p style=\"text-align: justify;\">Adults \/ Catal\u00e0 i castell\u00e0<br \/>\nHora: 20.30h<\/p>\n<p style=\"text-align: justify;\"><a title=\"Bar Pla de la Calma\" href=\"https:\/\/ca-es.facebook.com\/barpladelacalma\" target=\"_blank\">BAR PLA DE LA CALMA <\/a>(Cardedeu)<br \/>\nEntrada: 5\u20ac (consumici\u00f3 inclosa)<\/p>\n","protected":false},"excerpt":{"rendered":"<p>CONTES DE PERQU\u00c8, PER QU\u00c8? William \u201cWillo\u201d Arunategui (Col\u00f2mbia- Catalunya) Una sessi\u00f3 de contes on la paraula ens porta a descobrir el perqu\u00e8 dels perqu\u00e8s de les coses. Del perqu\u00e8 del dia i la nit? Del perqu\u00e8 de les corbes dels rius? Del perqu\u00e8 la tortuga t\u00e9 la seva closca a trossos? Contes cantats, mimats [&hellip;]<\/p>\n","protected":false},"author":1,"featured_media":0,"parent":4928,"menu_order":0,"comment_status":"open","ping_status":"closed","template":"","meta":{"_mi_skip_tracking":false},"yoast_head":"<!-- This site is optimized with the Yoast SEO plugin v20.5 - https:\/\/yoast.com\/wordpress\/plugins\/seo\/ -->\n<title>Dimecres 22 d&#039;octubre - Munt de Mots<\/title>\n<meta name=\"robots\" content=\"index, follow, max-snippet:-1, max-image-preview:large, max-video-preview:-1\" \/>\n<link rel=\"canonical\" href=\"http:\/\/www.muntdemots.org\/2014\/calendari\/22oct\/\" \/>\n<meta property=\"og:locale\" content=\"ca_ES\" \/>\n<meta property=\"og:type\" content=\"article\" \/>\n<meta property=\"og:title\" content=\"Dimecres 22 d&#039;octubre - Munt de Mots\" \/>\n<meta property=\"og:description\" content=\"CONTES DE PERQU\u00c8, PER QU\u00c8? William \u201cWillo\u201d Arunategui (Col\u00f2mbia- Catalunya) Una sessi\u00f3 de contes on la paraula ens porta a descobrir el perqu\u00e8 dels perqu\u00e8s de les coses. Del perqu\u00e8 del dia i la nit? Del perqu\u00e8 de les corbes dels rius? Del perqu\u00e8 la tortuga t\u00e9 la seva closca a trossos? Contes cantats, mimats [&hellip;]\" \/>\n<meta property=\"og:url\" content=\"http:\/\/www.muntdemots.org\/2014\/calendari\/22oct\/\" \/>\n<meta property=\"og:site_name\" content=\"Munt de Mots\" \/>\n<meta property=\"article:publisher\" content=\"https:\/\/www.facebook.com\/FestivalMuntdeMots\" \/>\n<meta property=\"article:modified_time\" content=\"2014-10-05T23:15:59+00:00\" \/>\n<meta name=\"twitter:card\" content=\"summary_large_image\" \/>\n<meta name=\"twitter:site\" content=\"@muntdemots\" \/>\n<meta name=\"twitter:label1\" content=\"Temps estimat de lectura\" \/>\n\t<meta name=\"twitter:data1\" content=\"4 minuts\" \/>\n<script type=\"application\/ld+json\" class=\"yoast-schema-graph\">{\"@context\":\"https:\/\/schema.org\",\"@graph\":[{\"@type\":\"WebPage\",\"@id\":\"http:\/\/www.muntdemots.org\/2014\/calendari\/22oct\/\",\"url\":\"http:\/\/www.muntdemots.org\/2014\/calendari\/22oct\/\",\"name\":\"Dimecres 22 d'octubre - Munt de Mots\",\"isPartOf\":{\"@id\":\"https:\/\/www.muntdemots.org\/2014\/#website\"},\"datePublished\":\"2012-07-01T16:15:56+00:00\",\"dateModified\":\"2014-10-05T23:15:59+00:00\",\"breadcrumb\":{\"@id\":\"http:\/\/www.muntdemots.org\/2014\/calendari\/22oct\/#breadcrumb\"},\"inLanguage\":\"ca\",\"potentialAction\":[{\"@type\":\"ReadAction\",\"target\":[\"http:\/\/www.muntdemots.org\/2014\/calendari\/22oct\/\"]}]},{\"@type\":\"BreadcrumbList\",\"@id\":\"http:\/\/www.muntdemots.org\/2014\/calendari\/22oct\/#breadcrumb\",\"itemListElement\":[{\"@type\":\"ListItem\",\"position\":1,\"name\":\"Inici\",\"item\":\"https:\/\/www.muntdemots.org\/2014\/\"},{\"@type\":\"ListItem\",\"position\":2,\"name\":\"Calendari\",\"item\":\"http:\/\/www.muntdemots.org\/2014\/calendari\/\"},{\"@type\":\"ListItem\",\"position\":3,\"name\":\"Dimecres 22 d&#8217;octubre\"}]},{\"@type\":\"WebSite\",\"@id\":\"https:\/\/www.muntdemots.org\/2014\/#website\",\"url\":\"https:\/\/www.muntdemots.org\/2014\/\",\"name\":\"Munt de Mots\",\"description\":\"\",\"potentialAction\":[{\"@type\":\"SearchAction\",\"target\":{\"@type\":\"EntryPoint\",\"urlTemplate\":\"https:\/\/www.muntdemots.org\/2014\/?s={search_term_string}\"},\"query-input\":\"required name=search_term_string\"}],\"inLanguage\":\"ca\"}]}<\/script>\n<!-- \/ Yoast SEO plugin. -->","yoast_head_json":{"title":"Dimecres 22 d'octubre - Munt de Mots","robots":{"index":"index","follow":"follow","max-snippet":"max-snippet:-1","max-image-preview":"max-image-preview:large","max-video-preview":"max-video-preview:-1"},"canonical":"http:\/\/www.muntdemots.org\/2014\/calendari\/22oct\/","og_locale":"ca_ES","og_type":"article","og_title":"Dimecres 22 d'octubre - Munt de Mots","og_description":"CONTES DE PERQU\u00c8, PER QU\u00c8? William \u201cWillo\u201d Arunategui (Col\u00f2mbia- Catalunya) Una sessi\u00f3 de contes on la paraula ens porta a descobrir el perqu\u00e8 dels perqu\u00e8s de les coses. Del perqu\u00e8 del dia i la nit? Del perqu\u00e8 de les corbes dels rius? Del perqu\u00e8 la tortuga t\u00e9 la seva closca a trossos? Contes cantats, mimats [&hellip;]","og_url":"http:\/\/www.muntdemots.org\/2014\/calendari\/22oct\/","og_site_name":"Munt de Mots","article_publisher":"https:\/\/www.facebook.com\/FestivalMuntdeMots","article_modified_time":"2014-10-05T23:15:59+00:00","twitter_card":"summary_large_image","twitter_site":"@muntdemots","twitter_misc":{"Temps estimat de lectura":"4 minuts"},"schema":{"@context":"https:\/\/schema.org","@graph":[{"@type":"WebPage","@id":"http:\/\/www.muntdemots.org\/2014\/calendari\/22oct\/","url":"http:\/\/www.muntdemots.org\/2014\/calendari\/22oct\/","name":"Dimecres 22 d'octubre - Munt de Mots","isPartOf":{"@id":"https:\/\/www.muntdemots.org\/2014\/#website"},"datePublished":"2012-07-01T16:15:56+00:00","dateModified":"2014-10-05T23:15:59+00:00","breadcrumb":{"@id":"http:\/\/www.muntdemots.org\/2014\/calendari\/22oct\/#breadcrumb"},"inLanguage":"ca","potentialAction":[{"@type":"ReadAction","target":["http:\/\/www.muntdemots.org\/2014\/calendari\/22oct\/"]}]},{"@type":"BreadcrumbList","@id":"http:\/\/www.muntdemots.org\/2014\/calendari\/22oct\/#breadcrumb","itemListElement":[{"@type":"ListItem","position":1,"name":"Inici","item":"https:\/\/www.muntdemots.org\/2014\/"},{"@type":"ListItem","position":2,"name":"Calendari","item":"http:\/\/www.muntdemots.org\/2014\/calendari\/"},{"@type":"ListItem","position":3,"name":"Dimecres 22 d&#8217;octubre"}]},{"@type":"WebSite","@id":"https:\/\/www.muntdemots.org\/2014\/#website","url":"https:\/\/www.muntdemots.org\/2014\/","name":"Munt de Mots","description":"","potentialAction":[{"@type":"SearchAction","target":{"@type":"EntryPoint","urlTemplate":"https:\/\/www.muntdemots.org\/2014\/?s={search_term_string}"},"query-input":"required name=search_term_string"}],"inLanguage":"ca"}]}},"_links":{"self":[{"href":"http:\/\/www.muntdemots.org\/2014\/wp-json\/wp\/v2\/pages\/27"}],"collection":[{"href":"http:\/\/www.muntdemots.org\/2014\/wp-json\/wp\/v2\/pages"}],"about":[{"href":"http:\/\/www.muntdemots.org\/2014\/wp-json\/wp\/v2\/types\/page"}],"author":[{"embeddable":true,"href":"http:\/\/www.muntdemots.org\/2014\/wp-json\/wp\/v2\/users\/1"}],"replies":[{"embeddable":true,"href":"http:\/\/www.muntdemots.org\/2014\/wp-json\/wp\/v2\/comments?post=27"}],"version-history":[{"count":85,"href":"http:\/\/www.muntdemots.org\/2014\/wp-json\/wp\/v2\/pages\/27\/revisions"}],"predecessor-version":[{"id":7493,"href":"http:\/\/www.muntdemots.org\/2014\/wp-json\/wp\/v2\/pages\/27\/revisions\/7493"}],"up":[{"embeddable":true,"href":"http:\/\/www.muntdemots.org\/2014\/wp-json\/wp\/v2\/pages\/4928"}],"wp:attachment":[{"href":"http:\/\/www.muntdemots.org\/2014\/wp-json\/wp\/v2\/media?parent=27"}],"curies":[{"name":"wp","href":"https:\/\/api.w.org\/{rel}","templated":true}]}}